deformed-offering

Weather station scripts - NOAA Climate Report display

They're free, but use at your own risk

The scripts referenced here are used in the operation of this weather station, and may be freely copied and used to support your station. Please note that you use these scripts at your own risk. No warranty is expressed or implied. I accept no liability for any damages that may ensue from their use.
You will need to configure them for your own particular weather station website.
RSS feed for Scripts Updates A RSS Feed is available to help keep you informed on updates to the scripts.

If you find one or more of the scripts useful to you, please consider making a donation to help offset the routine expenses of operation of this website.
Thanks for your kind support!

A Version History is available -- check back from time to time to see if there are updates to scripts you have downloaded earlier. Announcements of version updates and new scripts are made on WXForum.net and Weather-Watch forums and saratogaWXPHP Twitter account as they become available.

This page was updated Friday, 11-Aug-2017 10:11 AM

PHP Scripts (run on webserver)

These scripts have run on PHP 4.1.2, and PHP 4.4.1. I don't have access to PHP 3.x, so it is not known if they will work on versions below PHP 4.1.2. If you try them and they work (or not) on earlier versions of PHP, please send me a message at webmaster[at]saratoga-weather.org and let me know the results.

Display .TXT NOAA style forecasts PHP

I needed to safely display a series of .TXT files (NOAA style climate reports) using the overall style of the website. My WeatherLink software produces regular reports (NOAAMO.TXT, NOAAPRMO.TXT, NOAAYR.TXT, NOAAPRYR.TXT) as part of the 5-minute update. I've also produced reports and named them NOAAyyyy.TXT for yearly reports and NOAAyyyy-mm.TXT for monthly reports. These I've uploaded (monthly) to a sub-directory on the website /NOAA-reports.

Version 1.04 (01-Dec-2007) adds a new feature for WeatherLink users to create new NOAAyyyy-mm.TXT and NOAAyyyy.TXT files from the respective NOAAPRMO.TXT and NOAAPRYR.TXT files when the month/year rolls over. It will copy the appropriate file to the $NOAAdir and name it so you have no monthly maintenance to do (except to view the NOAA reports page on the first of each month).

The NOAA-reports.php will read the sub-directory, sort the filenames produce a menu of available names, and display the file requested. It automatically uses NOAAMO.TXT and NOAAYR.TXT (WeatherLink version) for the current monthly and current yearly files. The nice thing about the script is it strictly controls what can be displayed (existing files only, no directory browsing). The following is a live display of WeatherLink produced NOAA style reports for this station.

<?php $doInclude = true; require("NOAA-reports-test.php"); ?>
2018: Jan | Feb | Mar | Apr | May | Jun | Jul | Aug | Sep | Oct | Nov | Dec 
2017: Jan | Feb | Mar | Apr | May | Jun | Jul | Aug | Sep | Oct | Nov | Dec 
2016: Jan | Feb | Mar | Apr | May | Jun | Jul | Aug | Sep | Oct | Nov | Dec 
2015: Jan | Feb | Mar | Apr | May | Jun | Jul | Aug | Sep | Oct | Nov | Dec 
2014: Jan | Feb | Mar | Apr | May | Jun | Jul | Aug | Sep | Oct | Nov | Dec 
2013: Jan | Feb | Mar | Apr | May | Jun | Jul | Aug | Sep | Oct | Nov | Dec 
2012: Jan | Feb | Mar | Apr | May | Jun | Jul | Aug | Sep | Oct | Nov | Dec 
2011: Jan | Feb | Mar | Apr | May | Jun | Jul | Aug | Sep | Oct | Nov | Dec 
2010: Jan | Feb | Mar | Apr | May | Jun | Jul | Aug | Sep | Oct | Nov | Dec 
2009: Jan | Feb | Mar | Apr | May | Jun | Jul | Aug | Sep | Oct | Nov | Dec 
2008: Jan | Feb | Mar | Apr | May | Jun | Jul | Aug | Sep | Oct | Nov | Dec 
2007: Jan | Feb | Mar | Apr | May | Jun | Jul | Aug | Sep | Oct | Nov | Dec 
2006: Jan | Feb | Mar | Apr | May | Jun | Jul | Aug | Sep | Oct | Nov | Dec 
2005: Jan | Feb | Mar | Apr | May | Jun | Jul | Aug | Sep | Oct | Nov | Dec 
2004: Jan | Feb | Mar | Apr | May | Jun | Jul | Aug | Sep | Oct | Nov | Dec 

Report for 2013 11
MONTHLY CLIMATOLOGICAL SUMMARY for NOV. 2013 NAME: KCASARAT1 CITY: Saratoga STATE: CA ELEV: 375 ft LAT: 37 16' 28" N LONG: 122 01' 23" W TEMPERATURE (F), RAIN (in), WIND SPEED (mph) HEAT COOL AVG MEAN DEG DEG WIND DOM DAY TEMP HIGH TIME LOW TIME DAYS DAYS RAIN SPEED HIGH TIME DIR ------------------------------------------------------------------------------------ 1 58.8 78.5 4:10p 44.5 7:30a 9.3 3.1 0.00 0.1 6.0 1:30p N 2 56.8 73.2 1:40p 44.6 7:50a 9.6 1.5 0.00 0.4 11.0 4:45p N 3 52.3 65.6 1:00p 41.8 6:20a 12.7 0.0 0.00 0.8 14.0 11:10a NW 4 52.6 67.6 2:55p 39.3 6:05a 12.6 0.2 0.00 0.9 13.0 10:30a NW 5 57.7 74.0 3:00p 43.8 6:00a 9.0 1.7 0.00 0.6 11.0 12:25p NNW 6 58.3 75.8 2:40p 44.1 7:00a 8.9 2.2 0.00 0.2 6.0 1:25p NNW 7 58.3 77.6 2:10p 45.8 7:05a 8.8 2.2 0.00 0.2 8.0 3:40p NNE 8 55.9 74.6 2:00p 44.2 6:20a 10.6 1.6 0.00 0.2 7.0 12:15p NNW 9 56.1 79.8 1:50p 42.5 6:40a 11.3 2.4 0.00 0.2 11.0 2:05p NNE 10 52.5 67.9 1:55p 42.8 6:00a 12.7 0.2 0.00 0.2 7.0 2:25p N 11 57.2 68.3 2:15p 49.8 7:15a 8.1 0.3 0.00 0.1 6.0 12:25p SE 12 59.4 73.9 2:00p 49.1 12:00m 7.2 1.6 0.00 0.3 10.0 2:40p N 13 58.5 77.7 1:15p 46.1 7:15a 9.2 2.7 0.00 0.3 10.0 3:15p N 14 53.9 68.3 1:40p 45.8 12:00m 11.3 0.2 0.01 0.2 8.0 2:35p NNE 15 51.4 66.4 1:25p 40.9 7:05a 13.7 0.1 0.01 0.4 10.0 1:50p NW 16 50.6 66.4 1:20p 39.2 7:15a 14.5 0.0 0.00 0.3 10.0 2:30p NE 17 51.3 66.6 3:10p 41.5 6:10a 13.8 0.0 0.01 0.3 10.0 3:35p NE 18 49.9 61.2 1:20p 41.3 4:50a 15.1 0.0 0.00 0.3 10.0 11:10a NNW 19 54.9 66.1 1:50p 45.8 12:10a 10.1 0.0 0.31 0.3 10.0 11:45a ESE 20 56.2 63.1 12:50p 51.3 11:50p 8.8 0.0 0.40 0.1 11.0 2:10p ESE 21 51.9 59.9 3:20p 43.5 11:15p 13.1 0.0 0.01 0.9 13.0 11:45a NW 22 52.0 67.4 2:45p 41.2 1:55a 13.2 0.2 0.00 0.3 11.0 9:40a WNW 23 50.8 67.4 2:35p 38.9 7:20a 14.3 0.2 0.00 0.1 6.0 10:35a NNW 24 50.1 66.4 2:05p 38.0 7:15a 15.0 0.1 0.00 0.1 6.0 1:00p NNW 25 50.7 66.9 1:45p 39.3 7:00a 14.4 0.1 0.00 0.1 8.0 2:35p NNW 26 50.9 64.3 1:10p 40.9 6:10a 14.1 0.0 0.00 0.1 6.0 10:45a NW 27 52.1 66.3 1:55p 41.1 6:50a 12.9 0.1 0.00 0.3 8.0 2:30p NW 28 53.5 69.4 2:05p 44.2 3:15a 12.0 0.5 0.00 0.2 7.0 2:10p N 29 54.2 73.2 2:20p 43.2 7:20a 12.2 1.4 0.00 0.0 6.0 3:25p NNW 30 51.5 67.9 3:15p 40.5 7:05a 13.7 0.3 0.00 0.2 7.0 11:30a NNW ------------------------------------------------------------------------------------- 54.0 79.8 9 38.0 24 352.2 22.9 0.75 0.3 14.0 3 NNW Max >= 90.0: 0 Max <= 32.0: 0 Min <= 32.0: 0 Min <= 0.0: 0 Max Rain: 0.40 ON 11/20/13 Days of Rain: 2 (>.01 in) 2 (>.1 in) 0 (>1 in) Heat Base: 65.0 Cool Base: 65.0 Method: Integration

Downloads .. please customize for your directory and file naming convention ( WL or VWS).
Download WeatherLink/ VWS version (V1.07 - 11-Aug-2017) [ see version history ]

deformed-offering