deformed-offering

Weather station scripts - NOAA Climate Report display

They're free, but use at your own risk

The scripts referenced here are used in the operation of this weather station, and may be freely copied and used to support your station. Please note that you use these scripts at your own risk. No warranty is expressed or implied. I accept no liability for any damages that may ensue from their use.
You will need to configure them for your own particular weather station website.
RSS feed for Scripts Updates A RSS Feed is available to help keep you informed on updates to the scripts.

If you find one or more of the scripts useful to you, please consider making a donation to help offset the routine expenses of operation of this website.
Thanks for your kind support!

A Version History is available -- check back from time to time to see if there are updates to scripts you have downloaded earlier. Announcements of version updates and new scripts are made on WXForum.net and Weather-Watch forums and saratogaWXPHP Twitter account as they become available.

This page was updated Friday, 11-Aug-2017 10:11 AM

PHP Scripts (run on webserver)

These scripts have run on PHP 4.1.2, and PHP 4.4.1. I don't have access to PHP 3.x, so it is not known if they will work on versions below PHP 4.1.2. If you try them and they work (or not) on earlier versions of PHP, please send me a message at webmaster[at]saratoga-weather.org and let me know the results.

Display .TXT NOAA style forecasts PHP

I needed to safely display a series of .TXT files (NOAA style climate reports) using the overall style of the website. My WeatherLink software produces regular reports (NOAAMO.TXT, NOAAPRMO.TXT, NOAAYR.TXT, NOAAPRYR.TXT) as part of the 5-minute update. I've also produced reports and named them NOAAyyyy.TXT for yearly reports and NOAAyyyy-mm.TXT for monthly reports. These I've uploaded (monthly) to a sub-directory on the website /NOAA-reports.

Version 1.04 (01-Dec-2007) adds a new feature for WeatherLink users to create new NOAAyyyy-mm.TXT and NOAAyyyy.TXT files from the respective NOAAPRMO.TXT and NOAAPRYR.TXT files when the month/year rolls over. It will copy the appropriate file to the $NOAAdir and name it so you have no monthly maintenance to do (except to view the NOAA reports page on the first of each month).

The NOAA-reports.php will read the sub-directory, sort the filenames produce a menu of available names, and display the file requested. It automatically uses NOAAMO.TXT and NOAAYR.TXT (WeatherLink version) for the current monthly and current yearly files. The nice thing about the script is it strictly controls what can be displayed (existing files only, no directory browsing). The following is a live display of WeatherLink produced NOAA style reports for this station.

<?php $doInclude = true; require("NOAA-reports-test.php"); ?>
2018: Jan | Feb | Mar | Apr | May | Jun | Jul | Aug | Sep | Oct | Nov | Dec 
2017: Jan | Feb | Mar | Apr | May | Jun | Jul | Aug | Sep | Oct | Nov | Dec 
2016: Jan | Feb | Mar | Apr | May | Jun | Jul | Aug | Sep | Oct | Nov | Dec 
2015: Jan | Feb | Mar | Apr | May | Jun | Jul | Aug | Sep | Oct | Nov | Dec 
2014: Jan | Feb | Mar | Apr | May | Jun | Jul | Aug | Sep | Oct | Nov | Dec 
2013: Jan | Feb | Mar | Apr | May | Jun | Jul | Aug | Sep | Oct | Nov | Dec 
2012: Jan | Feb | Mar | Apr | May | Jun | Jul | Aug | Sep | Oct | Nov | Dec 
2011: Jan | Feb | Mar | Apr | May | Jun | Jul | Aug | Sep | Oct | Nov | Dec 
2010: Jan | Feb | Mar | Apr | May | Jun | Jul | Aug | Sep | Oct | Nov | Dec 
2009: Jan | Feb | Mar | Apr | May | Jun | Jul | Aug | Sep | Oct | Nov | Dec 
2008: Jan | Feb | Mar | Apr | May | Jun | Jul | Aug | Sep | Oct | Nov | Dec 
2007: Jan | Feb | Mar | Apr | May | Jun | Jul | Aug | Sep | Oct | Nov | Dec 
2006: Jan | Feb | Mar | Apr | May | Jun | Jul | Aug | Sep | Oct | Nov | Dec 
2005: Jan | Feb | Mar | Apr | May | Jun | Jul | Aug | Sep | Oct | Nov | Dec 
2004: Jan | Feb | Mar | Apr | May | Jun | Jul | Aug | Sep | Oct | Nov | Dec 

Report for 2013 10
MONTHLY CLIMATOLOGICAL SUMMARY for OCT. 2013 NAME: KCASARAT1 CITY: Saratoga STATE: CA ELEV: 375 ft LAT: 37 16' 28" N LONG: 122 01' 23" W TEMPERATURE (F), RAIN (in), WIND SPEED (mph) HEAT COOL AVG MEAN DEG DEG WIND DOM DAY TEMP HIGH TIME LOW TIME DAYS DAYS RAIN SPEED HIGH TIME DIR ------------------------------------------------------------------------------------ 1 61.3 77.2 1:30p 48.8 7:15a 6.1 2.4 0.00 0.5 12.0 3:40p NE 2 61.1 79.9 2:50p 49.1 7:30a 7.2 3.2 0.00 0.5 12.0 3:20p N 3 59.9 73.3 4:30p 46.4 7:20a 7.0 1.9 0.00 1.4 17.0 3:05p NNW 4 66.5 80.7 3:40p 50.8 6:15a 2.8 4.3 0.00 1.5 16.0 2:20p NNW 5 66.8 87.8 3:05p 49.1 7:30a 5.0 6.8 0.00 0.3 8.0 4:05p WNW 6 66.8 87.2 2:50p 48.9 7:15a 5.2 7.0 0.00 0.3 11.0 4:05p N 7 66.3 84.9 2:55p 51.3 7:25a 4.7 6.0 0.00 0.4 10.0 4:00p N 8 60.5 78.5 2:45p 45.5 7:25a 7.8 3.3 0.00 0.5 10.0 11:20a NNW 9 55.7 70.3 2:50p 44.5 4:55a 10.0 0.6 0.00 0.4 12.0 5:20p NW 10 58.7 76.5 3:25p 45.1 5:45a 8.7 2.4 0.00 0.6 13.0 12:45p ESE 11 55.1 70.9 2:55p 43.1 6:30a 10.7 0.8 0.00 0.4 8.0 1:10p N 12 56.9 75.3 3:35p 44.9 3:40a 9.9 1.8 0.00 0.3 8.0 4:00p N 13 58.1 74.4 4:45p 45.1 5:30a 9.2 2.2 0.00 0.6 10.0 2:00p NNW 14 60.6 79.2 3:10p 45.1 7:20a 8.0 3.7 0.00 0.7 12.0 11:10a NW 15 62.4 80.7 3:25p 46.8 5:35a 7.0 4.4 0.00 0.6 12.0 11:25a NNW 16 64.1 84.5 3:05p 48.0 7:20a 6.7 5.7 0.00 0.3 10.0 4:15p NNW 17 63.6 82.8 3:15p 48.9 5:35a 6.6 5.3 0.00 0.4 10.0 2:30p NNW 18 62.0 82.4 2:15p 45.2 7:05a 7.7 4.7 0.00 0.2 10.0 3:00p NNW 19 62.3 84.0 4:05p 45.7 7:35a 7.7 4.9 0.00 0.2 8.0 2:55p NNW 20 60.1 81.1 3:15p 47.0 5:00a 8.2 3.3 0.00 0.2 7.0 5:15p NNE 21 58.0 75.3 3:30p 46.8 1:30a 9.0 2.0 0.00 0.2 6.0 1:05p N 22 58.2 76.8 2:25p 46.7 2:45a 8.9 2.1 0.01 0.2 7.0 2:15p N 23 56.5 72.7 2:40p 49.5 8:05a 9.4 0.9 0.01 0.2 7.0 3:00p N 24 54.1 62.9 4:20p 47.7 10:55p 10.9 0.0 0.00 0.2 8.0 2:15p N 25 57.2 73.7 3:55p 47.4 4:45a 9.0 1.2 0.00 0.2 7.0 1:00p NNE 26 58.9 80.5 3:20p 44.2 6:40a 9.3 3.2 0.00 0.2 7.0 12:25p N 27 54.5 66.8 3:15p 45.7 4:40a 10.6 0.1 0.00 0.9 25.0 10:20p N 28 56.6 65.3 2:40p 51.9 7:55a 8.4 0.0 0.00 1.0 24.0 12:40a W 29 54.4 63.1 2:00p 45.8 12:00m 10.6 0.0 0.00 0.3 10.0 2:50p NNW 30 53.3 68.4 4:15p 41.3 7:40a 12.2 0.4 0.01 0.4 10.0 3:30p NW 31 56.4 74.2 3:50p 43.3 7:00a 10.5 1.9 0.00 0.2 10.0 2:15p N ------------------------------------------------------------------------------------- 59.6 87.8 5 41.3 30 255.0 86.5 0.03 0.5 25.0 27 NNW Max >= 90.0: 0 Max <= 32.0: 0 Min <= 32.0: 0 Min <= 0.0: 0 Max Rain: 0.01 ON 10/22/13 Days of Rain: 0 (>.01 in) 0 (>.1 in) 0 (>1 in) Heat Base: 65.0 Cool Base: 65.0 Method: Integration

Downloads .. please customize for your directory and file naming convention ( WL or VWS).
Download WeatherLink/ VWS version (V1.07 - 11-Aug-2017) [ see version history ]

deformed-offering