deformed-offering

Weather station scripts - NOAA Climate Report display

They're free, but use at your own risk

The scripts referenced here are used in the operation of this weather station, and may be freely copied and used to support your station. Please note that you use these scripts at your own risk. No warranty is expressed or implied. I accept no liability for any damages that may ensue from their use.
You will need to configure them for your own particular weather station website.
RSS feed for Scripts Updates A RSS Feed is available to help keep you informed on updates to the scripts.

If you find one or more of the scripts useful to you, please consider making a donation to help offset the routine expenses of operation of this website.
Thanks for your kind support!

A Version History is available -- check back from time to time to see if there are updates to scripts you have downloaded earlier. Announcements of version updates and new scripts are made on WXForum.net and Weather-Watch forums and saratogaWXPHP Twitter account as they become available.

This page was updated Friday, 11-Aug-2017 10:11 AM

PHP Scripts (run on webserver)

These scripts have run on PHP 4.1.2, and PHP 4.4.1. I don't have access to PHP 3.x, so it is not known if they will work on versions below PHP 4.1.2. If you try them and they work (or not) on earlier versions of PHP, please send me a message at webmaster[at]saratoga-weather.org and let me know the results.

Display .TXT NOAA style forecasts PHP

I needed to safely display a series of .TXT files (NOAA style climate reports) using the overall style of the website. My WeatherLink software produces regular reports (NOAAMO.TXT, NOAAPRMO.TXT, NOAAYR.TXT, NOAAPRYR.TXT) as part of the 5-minute update. I've also produced reports and named them NOAAyyyy.TXT for yearly reports and NOAAyyyy-mm.TXT for monthly reports. These I've uploaded (monthly) to a sub-directory on the website /NOAA-reports.

Version 1.04 (01-Dec-2007) adds a new feature for WeatherLink users to create new NOAAyyyy-mm.TXT and NOAAyyyy.TXT files from the respective NOAAPRMO.TXT and NOAAPRYR.TXT files when the month/year rolls over. It will copy the appropriate file to the $NOAAdir and name it so you have no monthly maintenance to do (except to view the NOAA reports page on the first of each month).

The NOAA-reports.php will read the sub-directory, sort the filenames produce a menu of available names, and display the file requested. It automatically uses NOAAMO.TXT and NOAAYR.TXT (WeatherLink version) for the current monthly and current yearly files. The nice thing about the script is it strictly controls what can be displayed (existing files only, no directory browsing). The following is a live display of WeatherLink produced NOAA style reports for this station.

<?php $doInclude = true; require("NOAA-reports-test.php"); ?>
2018: Jan | Feb | Mar | Apr | May | Jun | Jul | Aug | Sep | Oct | Nov | Dec 
2017: Jan | Feb | Mar | Apr | May | Jun | Jul | Aug | Sep | Oct | Nov | Dec 
2016: Jan | Feb | Mar | Apr | May | Jun | Jul | Aug | Sep | Oct | Nov | Dec 
2015: Jan | Feb | Mar | Apr | May | Jun | Jul | Aug | Sep | Oct | Nov | Dec 
2014: Jan | Feb | Mar | Apr | May | Jun | Jul | Aug | Sep | Oct | Nov | Dec 
2013: Jan | Feb | Mar | Apr | May | Jun | Jul | Aug | Sep | Oct | Nov | Dec 
2012: Jan | Feb | Mar | Apr | May | Jun | Jul | Aug | Sep | Oct | Nov | Dec 
2011: Jan | Feb | Mar | Apr | May | Jun | Jul | Aug | Sep | Oct | Nov | Dec 
2010: Jan | Feb | Mar | Apr | May | Jun | Jul | Aug | Sep | Oct | Nov | Dec 
2009: Jan | Feb | Mar | Apr | May | Jun | Jul | Aug | Sep | Oct | Nov | Dec 
2008: Jan | Feb | Mar | Apr | May | Jun | Jul | Aug | Sep | Oct | Nov | Dec 
2007: Jan | Feb | Mar | Apr | May | Jun | Jul | Aug | Sep | Oct | Nov | Dec 
2006: Jan | Feb | Mar | Apr | May | Jun | Jul | Aug | Sep | Oct | Nov | Dec 
2005: Jan | Feb | Mar | Apr | May | Jun | Jul | Aug | Sep | Oct | Nov | Dec 
2004: Jan | Feb | Mar | Apr | May | Jun | Jul | Aug | Sep | Oct | Nov | Dec 

Report for 2013 07
MONTHLY CLIMATOLOGICAL SUMMARY for JUL. 2013 NAME: KCASARAT1 CITY: Saratoga STATE: CA ELEV: 375 ft LAT: 37 16' 28" N LONG: 122 01' 23" W TEMPERATURE (F), RAIN (in), WIND SPEED (mph) HEAT COOL AVG MEAN DEG DEG WIND DOM DAY TEMP HIGH TIME LOW TIME DAYS DAYS RAIN SPEED HIGH TIME DIR ------------------------------------------------------------------------------------ 1 77.5 96.8 1:45p 59.3 6:05a 1.2 13.8 0.00 0.5 10.0 3:10p N 2 78.7 99.7 1:40p 65.3 11:55p 0.0 13.7 0.00 0.7 10.0 5:30p N 3 77.3 96.8 4:50p 62.6 3:15a 0.6 12.9 0.00 0.5 11.0 5:45p NNW 4 79.9 99.0 4:20p 66.6 6:20a 0.0 14.9 0.00 0.6 11.0 12:55p NNW 5 68.7 82.4 3:00p 57.3 6:30a 1.7 5.4 0.00 0.9 12.0 3:50p N 6 67.0 84.9 2:00p 52.8 6:10a 3.8 5.8 0.00 1.0 13.0 4:15p N 7 66.9 85.7 3:30p 51.9 5:25a 4.3 6.2 0.00 0.8 11.0 2:35p N 8 69.5 87.2 4:35p 55.6 5:40a 2.7 7.2 0.00 0.8 11.0 1:45p N 9 72.8 93.4 3:05p 54.1 4:20a 2.7 10.5 0.00 0.6 10.0 3:30p N 10 68.8 84.0 4:30p 57.2 4:10a 2.3 6.1 0.00 0.8 10.0 5:55p N 11 66.9 82.2 1:20p 57.6 11:55p 2.9 4.7 0.00 1.0 11.0 4:40p N 12 66.5 83.8 1:15p 53.6 3:10a 3.9 5.4 0.00 0.9 12.0 2:00p N 13 68.7 87.2 3:10p 49.6 5:40a 4.1 7.8 0.00 0.7 11.0 12:55p N 14 66.0 82.0 3:15p 52.6 6:15a 4.0 5.0 0.00 0.9 11.0 4:20p NNW 15 65.2 76.8 3:30p 56.9 7:25a 3.2 3.4 0.00 1.1 11.0 2:50p N 16 64.3 74.7 2:35p 53.5 5:10a 3.8 3.1 0.00 1.1 13.0 3:20p N 17 66.3 78.1 3:35p 59.0 6:20a 2.6 3.9 0.00 1.1 11.0 5:00p NNW 18 68.7 86.5 2:10p 56.6 5:55a 3.2 6.8 0.00 0.8 11.0 3:50p N 19 68.6 88.2 3:30p 55.9 1:55a 3.4 7.0 0.00 0.7 11.0 4:15p N 20 69.5 88.6 3:35p 57.2 2:10a 2.7 7.3 0.00 0.6 10.0 4:10p NNE 21 69.1 86.5 5:10p 55.0 6:00a 3.0 7.1 0.00 0.9 10.0 1:20p NNW 22 68.5 82.0 12:35p 58.9 6:45a 1.9 5.4 0.00 0.5 8.0 4:45p NNW 23 71.5 83.6 12:10p 62.3 6:30a 0.7 7.2 0.00 0.9 11.0 1:00p N 24 72.5 89.7 1:50p 57.8 6:05a 1.6 9.3 0.00 0.7 10.0 1:45p N 25 70.4 86.5 4:10p 56.7 6:30a 2.1 7.6 0.00 0.8 11.0 4:25p NNW 26 69.1 86.3 2:00p 57.2 4:35a 2.5 6.6 0.00 0.9 12.0 3:10p NNW 27 68.7 83.8 1:15p 59.2 1:00a 2.2 5.9 0.00 0.9 12.0 1:40p N 28 68.1 85.1 1:10p 57.3 7:05a 2.6 5.8 0.00 0.8 13.0 2:40p N 29 65.8 89.0 2:05p 52.3 6:40a 4.3 5.1 0.00 0.7 14.0 2:50p N 30 65.8 82.6 1:15p 53.9 3:00a 3.9 4.7 0.00 0.9 12.0 1:30p N 31 66.3 83.0 1:25p 56.7 6:40a 3.3 4.6 0.00 0.8 12.0 2:20p N ------------------------------------------------------------------------------------- 69.5 99.7 2 49.6 13 81.2 220.2 0.00 0.8 14.0 29 N Max >= 90.0: 5 Max <= 32.0: 0 Min <= 32.0: 0 Min <= 0.0: 0 Max Rain: 0.00 ON 07/01/13 Days of Rain: 0 (>.01 in) 0 (>.1 in) 0 (>1 in) Heat Base: 65.0 Cool Base: 65.0 Method: Integration

Downloads .. please customize for your directory and file naming convention ( WL or VWS).
Download WeatherLink/ VWS version (V1.07 - 11-Aug-2017) [ see version history ]

deformed-offering