deformed-offering

Weather station scripts - NOAA Climate Report display

They're free, but use at your own risk

The scripts referenced here are used in the operation of this weather station, and may be freely copied and used to support your station. Please note that you use these scripts at your own risk. No warranty is expressed or implied. I accept no liability for any damages that may ensue from their use.
You will need to configure them for your own particular weather station website.
RSS feed for Scripts Updates A RSS Feed is available to help keep you informed on updates to the scripts.

If you find one or more of the scripts useful to you, please consider making a donation to help offset the routine expenses of operation of this website.
Thanks for your kind support!

A Version History is available -- check back from time to time to see if there are updates to scripts you have downloaded earlier. Announcements of version updates and new scripts are made on WXForum.net and Weather-Watch forums and saratogaWXPHP Twitter account as they become available.

This page was updated Friday, 11-Aug-2017 10:11 AM

PHP Scripts (run on webserver)

These scripts have run on PHP 4.1.2, and PHP 4.4.1. I don't have access to PHP 3.x, so it is not known if they will work on versions below PHP 4.1.2. If you try them and they work (or not) on earlier versions of PHP, please send me a message at webmaster[at]saratoga-weather.org and let me know the results.

Display .TXT NOAA style forecasts PHP

I needed to safely display a series of .TXT files (NOAA style climate reports) using the overall style of the website. My WeatherLink software produces regular reports (NOAAMO.TXT, NOAAPRMO.TXT, NOAAYR.TXT, NOAAPRYR.TXT) as part of the 5-minute update. I've also produced reports and named them NOAAyyyy.TXT for yearly reports and NOAAyyyy-mm.TXT for monthly reports. These I've uploaded (monthly) to a sub-directory on the website /NOAA-reports.

Version 1.04 (01-Dec-2007) adds a new feature for WeatherLink users to create new NOAAyyyy-mm.TXT and NOAAyyyy.TXT files from the respective NOAAPRMO.TXT and NOAAPRYR.TXT files when the month/year rolls over. It will copy the appropriate file to the $NOAAdir and name it so you have no monthly maintenance to do (except to view the NOAA reports page on the first of each month).

The NOAA-reports.php will read the sub-directory, sort the filenames produce a menu of available names, and display the file requested. It automatically uses NOAAMO.TXT and NOAAYR.TXT (WeatherLink version) for the current monthly and current yearly files. The nice thing about the script is it strictly controls what can be displayed (existing files only, no directory browsing). The following is a live display of WeatherLink produced NOAA style reports for this station.

<?php $doInclude = true; require("NOAA-reports-test.php"); ?>
2018: Jan | Feb | Mar | Apr | May | Jun | Jul | Aug | Sep | Oct | Nov | Dec 
2017: Jan | Feb | Mar | Apr | May | Jun | Jul | Aug | Sep | Oct | Nov | Dec 
2016: Jan | Feb | Mar | Apr | May | Jun | Jul | Aug | Sep | Oct | Nov | Dec 
2015: Jan | Feb | Mar | Apr | May | Jun | Jul | Aug | Sep | Oct | Nov | Dec 
2014: Jan | Feb | Mar | Apr | May | Jun | Jul | Aug | Sep | Oct | Nov | Dec 
2013: Jan | Feb | Mar | Apr | May | Jun | Jul | Aug | Sep | Oct | Nov | Dec 
2012: Jan | Feb | Mar | Apr | May | Jun | Jul | Aug | Sep | Oct | Nov | Dec 
2011: Jan | Feb | Mar | Apr | May | Jun | Jul | Aug | Sep | Oct | Nov | Dec 
2010: Jan | Feb | Mar | Apr | May | Jun | Jul | Aug | Sep | Oct | Nov | Dec 
2009: Jan | Feb | Mar | Apr | May | Jun | Jul | Aug | Sep | Oct | Nov | Dec 
2008: Jan | Feb | Mar | Apr | May | Jun | Jul | Aug | Sep | Oct | Nov | Dec 
2007: Jan | Feb | Mar | Apr | May | Jun | Jul | Aug | Sep | Oct | Nov | Dec 
2006: Jan | Feb | Mar | Apr | May | Jun | Jul | Aug | Sep | Oct | Nov | Dec 
2005: Jan | Feb | Mar | Apr | May | Jun | Jul | Aug | Sep | Oct | Nov | Dec 
2004: Jan | Feb | Mar | Apr | May | Jun | Jul | Aug | Sep | Oct | Nov | Dec 

Report for 2013 03
MONTHLY CLIMATOLOGICAL SUMMARY for MAR. 2013 NAME: KCASARAT1 CITY: Saratoga STATE: CA ELEV: 375 ft LAT: 37 16' 28" N LONG: 122 01' 23" W TEMPERATURE (F), RAIN (in), WIND SPEED (mph) HEAT COOL AVG MEAN DEG DEG WIND DOM DAY TEMP HIGH TIME LOW TIME DAYS DAYS RAIN SPEED HIGH TIME DIR ------------------------------------------------------------------------------------ 1 56.7 74.6 4:05p 43.1 6:55a 9.8 1.5 0.01 0.6 12.0 1:10p N 2 59.1 74.6 2:40p 48.5 6:05a 7.6 1.7 0.00 0.2 6.0 7:20p NW 3 55.8 65.0 4:25p 48.8 11:55p 9.2 0.0 0.00 0.5 10.0 4:30p N 4 51.5 63.2 2:45p 43.3 11:15p 13.5 0.0 0.00 0.6 16.0 4:10p N 5 50.4 60.2 12:35p 44.1 7:10a 14.6 0.0 0.30 2.7 32.0 9:30p ESE 6 50.1 58.6 2:05p 40.1 12:00m 14.9 0.0 0.42 1.6 26.0 12:15a SSW 7 47.8 59.6 12:45p 37.5 6:05a 17.2 0.0 0.50 0.7 12.0 12:40p ESE 8 49.7 59.9 12:25p 43.8 7:25a 15.2 0.0 0.11 1.3 18.0 3:25p W 9 52.0 66.6 3:40p 41.1 4:20a 13.2 0.1 0.00 1.6 17.0 4:45p NW 10 54.6 72.1 3:35p 39.1 7:25a 11.2 1.3 0.00 0.8 12.0 3:05p NW 11 55.7 75.8 3:20p 39.3 7:35a 11.2 1.9 0.00 0.8 12.0 5:00p NW 12 57.3 76.3 4:05p 42.9 4:20a 10.0 2.3 0.00 0.5 12.0 3:25p NNW 13 61.1 79.6 5:10p 45.8 6:00a 7.9 4.0 0.00 0.4 11.0 2:55p NW 14 58.9 74.0 3:30p 47.0 7:25a 7.9 1.7 0.00 0.6 12.0 5:35p NNW 15 56.3 73.2 2:30p 42.5 7:10a 9.9 1.3 0.00 0.4 10.0 3:50p NNW 16 57.1 74.0 3:15p 47.1 7:55a 9.3 1.4 0.00 0.5 12.0 3:35p N 17 54.3 70.9 2:30p 40.6 7:25a 11.5 0.8 0.00 0.9 12.0 3:35p N 18 54.7 68.6 2:00p 40.6 7:15a 10.8 0.5 0.00 0.4 9.0 8:25p N 19 56.6 76.5 1:35p 44.8 7:25a 9.7 1.2 0.09 0.6 11.0 3:15p N 20 58.6 69.3 1:25p 52.2 8:05a 7.0 0.6 0.02 1.0 12.0 10:40a ESE 21 54.3 66.3 4:30p 41.8 7:10a 10.8 0.1 0.00 1.4 14.0 3:15p NW 22 53.6 69.6 4:20p 38.8 7:30a 12.0 0.7 0.00 1.3 16.0 3:00p NW 23 55.3 70.3 5:25p 41.9 6:30a 10.7 1.0 0.00 1.0 13.0 11:40a NW 24 55.4 72.5 1:55p 40.5 7:00a 10.9 1.4 0.00 0.6 13.0 2:30p N 25 51.6 62.1 12:20p 42.2 5:20a 13.4 0.0 0.00 0.7 11.0 2:15p N 26 55.0 70.8 3:00p 43.8 3:00a 10.8 0.7 0.00 0.7 11.0 1:55p NNW 27 57.1 70.3 3:25p 45.7 4:00a 8.7 0.8 0.00 0.9 14.0 5:20p ESE 28 61.9 77.6 3:25p 54.5 6:25a 5.1 2.0 0.00 0.8 12.0 5:15p ESE 29 64.5 81.8 2:55p 53.2 7:20a 4.5 4.0 0.00 0.5 12.0 2:35p N 30 61.4 75.3 3:15p 54.5 6:55a 5.0 1.3 0.07 1.1 17.0 1:10p S 31 59.1 67.8 12:40p 53.1 7:10a 6.2 0.2 0.08 1.3 16.0 2:05p ESE ------------------------------------------------------------------------------------- 55.7 81.8 29 37.5 7 319.7 32.5 1.60 0.9 32.0 5 NW Max >= 90.0: 0 Max <= 32.0: 0 Min <= 32.0: 0 Min <= 0.0: 0 Max Rain: 0.50 ON 03/07/13 Days of Rain: 8 (>.01 in) 4 (>.1 in) 0 (>1 in) Heat Base: 65.0 Cool Base: 65.0 Method: Integration

Downloads .. please customize for your directory and file naming convention ( WL or VWS).
Download WeatherLink/ VWS version (V1.07 - 11-Aug-2017) [ see version history ]

deformed-offering