deformed-offering

Weather station scripts - NOAA Climate Report display

They're free, but use at your own risk

The scripts referenced here are used in the operation of this weather station, and may be freely copied and used to support your station. Please note that you use these scripts at your own risk. No warranty is expressed or implied. I accept no liability for any damages that may ensue from their use.
You will need to configure them for your own particular weather station website.
RSS feed for Scripts Updates A RSS Feed is available to help keep you informed on updates to the scripts.

If you find one or more of the scripts useful to you, please consider making a donation to help offset the routine expenses of operation of this website.
Thanks for your kind support!

A Version History is available -- check back from time to time to see if there are updates to scripts you have downloaded earlier. Announcements of version updates and new scripts are made on WXForum.net and Weather-Watch forums and saratogaWXPHP Twitter account as they become available.

This page was updated Friday, 11-Aug-2017 10:11 AM

PHP Scripts (run on webserver)

These scripts have run on PHP 4.1.2, and PHP 4.4.1. I don't have access to PHP 3.x, so it is not known if they will work on versions below PHP 4.1.2. If you try them and they work (or not) on earlier versions of PHP, please send me a message at webmaster[at]saratoga-weather.org and let me know the results.

Display .TXT NOAA style forecasts PHP

I needed to safely display a series of .TXT files (NOAA style climate reports) using the overall style of the website. My WeatherLink software produces regular reports (NOAAMO.TXT, NOAAPRMO.TXT, NOAAYR.TXT, NOAAPRYR.TXT) as part of the 5-minute update. I've also produced reports and named them NOAAyyyy.TXT for yearly reports and NOAAyyyy-mm.TXT for monthly reports. These I've uploaded (monthly) to a sub-directory on the website /NOAA-reports.

Version 1.04 (01-Dec-2007) adds a new feature for WeatherLink users to create new NOAAyyyy-mm.TXT and NOAAyyyy.TXT files from the respective NOAAPRMO.TXT and NOAAPRYR.TXT files when the month/year rolls over. It will copy the appropriate file to the $NOAAdir and name it so you have no monthly maintenance to do (except to view the NOAA reports page on the first of each month).

The NOAA-reports.php will read the sub-directory, sort the filenames produce a menu of available names, and display the file requested. It automatically uses NOAAMO.TXT and NOAAYR.TXT (WeatherLink version) for the current monthly and current yearly files. The nice thing about the script is it strictly controls what can be displayed (existing files only, no directory browsing). The following is a live display of WeatherLink produced NOAA style reports for this station.

<?php $doInclude = true; require("NOAA-reports-test.php"); ?>
2018: Jan | Feb | Mar | Apr | May | Jun | Jul | Aug | Sep | Oct | Nov | Dec 
2017: Jan | Feb | Mar | Apr | May | Jun | Jul | Aug | Sep | Oct | Nov | Dec 
2016: Jan | Feb | Mar | Apr | May | Jun | Jul | Aug | Sep | Oct | Nov | Dec 
2015: Jan | Feb | Mar | Apr | May | Jun | Jul | Aug | Sep | Oct | Nov | Dec 
2014: Jan | Feb | Mar | Apr | May | Jun | Jul | Aug | Sep | Oct | Nov | Dec 
2013: Jan | Feb | Mar | Apr | May | Jun | Jul | Aug | Sep | Oct | Nov | Dec 
2012: Jan | Feb | Mar | Apr | May | Jun | Jul | Aug | Sep | Oct | Nov | Dec 
2011: Jan | Feb | Mar | Apr | May | Jun | Jul | Aug | Sep | Oct | Nov | Dec 
2010: Jan | Feb | Mar | Apr | May | Jun | Jul | Aug | Sep | Oct | Nov | Dec 
2009: Jan | Feb | Mar | Apr | May | Jun | Jul | Aug | Sep | Oct | Nov | Dec 
2008: Jan | Feb | Mar | Apr | May | Jun | Jul | Aug | Sep | Oct | Nov | Dec 
2007: Jan | Feb | Mar | Apr | May | Jun | Jul | Aug | Sep | Oct | Nov | Dec 
2006: Jan | Feb | Mar | Apr | May | Jun | Jul | Aug | Sep | Oct | Nov | Dec 
2005: Jan | Feb | Mar | Apr | May | Jun | Jul | Aug | Sep | Oct | Nov | Dec 
2004: Jan | Feb | Mar | Apr | May | Jun | Jul | Aug | Sep | Oct | Nov | Dec 

Report for 2013 02
MONTHLY CLIMATOLOGICAL SUMMARY for FEB. 2013 NAME: KCASARAT1 CITY: Saratoga STATE: CA ELEV: 375 ft LAT: 37 16' 28" N LONG: 122 01' 23" W TEMPERATURE (F), RAIN (in), WIND SPEED (mph) HEAT COOL AVG MEAN DEG DEG WIND DOM DAY TEMP HIGH TIME LOW TIME DAYS DAYS RAIN SPEED HIGH TIME DIR ------------------------------------------------------------------------------------ 1 52.0 70.4 2:00p 38.3 7:30a 13.7 0.6 0.01 0.2 7.0 3:05p NW 2 49.3 59.2 2:45p 42.9 4:45a 15.7 0.0 0.00 0.2 7.0 2:40p NNW 3 49.6 59.9 1:50p 40.9 12:00m 15.4 0.0 0.01 0.4 11.0 2:40p NW 4 46.9 60.7 3:20p 37.5 5:55a 18.1 0.0 0.01 0.2 7.0 2:45p N 5 48.7 57.0 3:05p 39.2 12:00m 16.3 0.0 0.00 1.1 16.0 2:50p NW 6 46.3 60.1 2:20p 35.9 6:55a 18.8 0.0 0.01 0.6 10.0 2:40p NNW 7 44.6 58.3 2:25p 36.3 7:20a 20.4 0.0 0.05 0.5 12.0 1:25p W 8 43.6 52.9 3:20p 36.5 11:55p 21.4 0.0 0.01 0.9 13.0 2:10p NW 9 44.6 58.7 12:45p 32.2 7:05a 20.4 0.0 0.00 0.5 11.0 1:25p WNW 10 45.4 60.7 3:00p 32.2 7:05a 19.6 0.0 0.00 0.7 13.0 12:45p NW 11 47.4 63.7 2:45p 34.7 6:05a 17.6 0.0 0.00 0.7 11.0 11:25a NNW 12 47.4 65.2 1:40p 33.8 7:15a 17.6 0.0 0.00 0.5 10.0 4:25p NW 13 49.3 65.8 3:15p 36.0 6:50a 15.7 0.0 0.00 0.7 11.0 2:20p NW 14 52.9 69.8 3:40p 37.8 6:50a 12.8 0.7 0.00 1.3 17.0 9:20a NW 15 56.2 74.0 2:30p 41.2 6:30a 10.8 1.9 0.00 0.4 8.0 4:20p NW 16 54.2 69.9 4:00p 41.5 7:15a 11.6 0.9 0.00 0.5 11.0 2:35p NW 17 50.5 65.8 3:30p 41.8 1:45a 14.5 0.0 0.00 0.5 11.0 1:35p NW 18 46.0 52.5 2:10p 38.8 3:30a 19.0 0.0 0.00 0.4 16.0 4:15p W 19 43.1 49.5 10:35a 39.1 8:15p 21.9 0.0 0.37 1.1 20.0 1:15p NW 20 45.9 58.9 4:10p 32.5 7:15a 19.1 0.0 0.00 1.4 14.0 11:30a NW 21 46.0 59.6 2:55p 35.5 6:20a 19.0 0.0 0.00 1.5 17.0 12:50p NW 22 48.7 64.5 1:55p 35.2 7:05a 16.3 0.0 0.00 0.7 14.0 1:50p NW 23 50.2 58.9 3:15p 43.6 1:20a 14.8 0.0 0.00 2.3 16.0 8:30a NW 24 50.2 62.4 3:45p 39.3 11:40p 14.8 0.0 0.00 1.4 13.0 11:55a NW 25 48.1 63.7 2:35p 34.9 6:25a 16.9 0.0 0.00 0.8 13.0 2:40p NW 26 50.5 67.4 2:35p 36.5 5:15a 14.7 0.2 0.00 1.2 16.0 9:55a NW 27 52.5 70.9 2:15p 36.9 5:15a 13.3 0.9 0.00 0.5 11.0 3:25p NW 28 54.0 68.8 2:10p 41.3 6:30a 11.5 0.5 0.00 0.8 13.0 1:20p NW ------------------------------------------------------------------------------------- 48.7 74.0 15 32.2 9 461.7 5.7 0.47 0.8 20.0 19 NW Max >= 90.0: 0 Max <= 32.0: 0 Min <= 32.0: 0 Min <= 0.0: 0 Max Rain: 0.37 ON 02/19/13 Days of Rain: 2 (>.01 in) 1 (>.1 in) 0 (>1 in) Heat Base: 65.0 Cool Base: 65.0 Method: Integration

Downloads .. please customize for your directory and file naming convention ( WL or VWS).
Download WeatherLink/ VWS version (V1.07 - 11-Aug-2017) [ see version history ]

deformed-offering