deformed-offering

Weather station scripts - NOAA Climate Report display

They're free, but use at your own risk

The scripts referenced here are used in the operation of this weather station, and may be freely copied and used to support your station. Please note that you use these scripts at your own risk. No warranty is expressed or implied. I accept no liability for any damages that may ensue from their use.
You will need to configure them for your own particular weather station website.
RSS feed for Scripts Updates A RSS Feed is available to help keep you informed on updates to the scripts.

If you find one or more of the scripts useful to you, please consider making a donation to help offset the routine expenses of operation of this website.
Thanks for your kind support!

A Version History is available -- check back from time to time to see if there are updates to scripts you have downloaded earlier. Announcements of version updates and new scripts are made on WXForum.net and Weather-Watch forums and saratogaWXPHP Twitter account as they become available.

This page was updated Friday, 11-Aug-2017 10:11 AM

PHP Scripts (run on webserver)

These scripts have run on PHP 4.1.2, and PHP 4.4.1. I don't have access to PHP 3.x, so it is not known if they will work on versions below PHP 4.1.2. If you try them and they work (or not) on earlier versions of PHP, please send me a message at webmaster[at]saratoga-weather.org and let me know the results.

Display .TXT NOAA style forecasts PHP

I needed to safely display a series of .TXT files (NOAA style climate reports) using the overall style of the website. My WeatherLink software produces regular reports (NOAAMO.TXT, NOAAPRMO.TXT, NOAAYR.TXT, NOAAPRYR.TXT) as part of the 5-minute update. I've also produced reports and named them NOAAyyyy.TXT for yearly reports and NOAAyyyy-mm.TXT for monthly reports. These I've uploaded (monthly) to a sub-directory on the website /NOAA-reports.

Version 1.04 (01-Dec-2007) adds a new feature for WeatherLink users to create new NOAAyyyy-mm.TXT and NOAAyyyy.TXT files from the respective NOAAPRMO.TXT and NOAAPRYR.TXT files when the month/year rolls over. It will copy the appropriate file to the $NOAAdir and name it so you have no monthly maintenance to do (except to view the NOAA reports page on the first of each month).

The NOAA-reports.php will read the sub-directory, sort the filenames produce a menu of available names, and display the file requested. It automatically uses NOAAMO.TXT and NOAAYR.TXT (WeatherLink version) for the current monthly and current yearly files. The nice thing about the script is it strictly controls what can be displayed (existing files only, no directory browsing). The following is a live display of WeatherLink produced NOAA style reports for this station.

<?php $doInclude = true; require("NOAA-reports-test.php"); ?>
2018: Jan | Feb | Mar | Apr | May | Jun | Jul | Aug | Sep | Oct | Nov | Dec 
2017: Jan | Feb | Mar | Apr | May | Jun | Jul | Aug | Sep | Oct | Nov | Dec 
2016: Jan | Feb | Mar | Apr | May | Jun | Jul | Aug | Sep | Oct | Nov | Dec 
2015: Jan | Feb | Mar | Apr | May | Jun | Jul | Aug | Sep | Oct | Nov | Dec 
2014: Jan | Feb | Mar | Apr | May | Jun | Jul | Aug | Sep | Oct | Nov | Dec 
2013: Jan | Feb | Mar | Apr | May | Jun | Jul | Aug | Sep | Oct | Nov | Dec 
2012: Jan | Feb | Mar | Apr | May | Jun | Jul | Aug | Sep | Oct | Nov | Dec 
2011: Jan | Feb | Mar | Apr | May | Jun | Jul | Aug | Sep | Oct | Nov | Dec 
2010: Jan | Feb | Mar | Apr | May | Jun | Jul | Aug | Sep | Oct | Nov | Dec 
2009: Jan | Feb | Mar | Apr | May | Jun | Jul | Aug | Sep | Oct | Nov | Dec 
2008: Jan | Feb | Mar | Apr | May | Jun | Jul | Aug | Sep | Oct | Nov | Dec 
2007: Jan | Feb | Mar | Apr | May | Jun | Jul | Aug | Sep | Oct | Nov | Dec 
2006: Jan | Feb | Mar | Apr | May | Jun | Jul | Aug | Sep | Oct | Nov | Dec 
2005: Jan | Feb | Mar | Apr | May | Jun | Jul | Aug | Sep | Oct | Nov | Dec 
2004: Jan | Feb | Mar | Apr | May | Jun | Jul | Aug | Sep | Oct | Nov | Dec 

Report for 2012 06
MONTHLY CLIMATOLOGICAL SUMMARY for JUN. 2012 NAME: KCASARAT1 CITY: Saratoga STATE: CA ELEV: 375 ft LAT: 37 16' 28" N LONG: 122 01' 23" W TEMPERATURE (F), RAIN (in), WIND SPEED (mph) HEAT COOL AVG MEAN DEG DEG WIND DOM DAY TEMP HIGH TIME LOW TIME DAYS DAYS RAIN SPEED HIGH TIME DIR ------------------------------------------------------------------------------------ 1 69.1 89.5 3:10p 53.6 6:20a 3.2 7.3 0.00 0.9 11.0 4:15p N 2 65.5 79.9 3:15p 55.0 3:00a 3.7 4.2 0.00 1.1 13.0 1:45p N 3 64.0 82.8 2:40p 50.8 6:10a 5.1 4.1 0.00 0.9 12.0 3:15p NE 4 57.3 64.8 9:55a 49.4 11:50p 7.7 0.0 0.20 0.6 13.0 7:00p NW 5 55.7 68.6 2:50p 45.2 5:35a 9.4 0.2 0.01 1.8 18.0 12:25p NW 6 60.2 75.8 5:30p 44.8 5:35a 7.6 2.8 0.00 1.0 16.0 4:10p N 7 62.3 77.4 3:05p 45.8 5:50a 6.3 3.6 0.00 1.0 12.0 1:35p NNE 8 62.4 79.2 4:05p 50.7 5:20a 5.7 3.1 0.00 1.3 14.0 4:10p W 9 63.8 81.1 4:30p 44.5 6:00a 6.3 5.1 0.00 2.0 18.0 4:20p NW 10 72.1 91.4 3:55p 52.6 4:35a 3.3 10.4 0.00 1.2 13.0 11:25a NNW 11 75.1 96.3 2:15p 56.5 6:25a 1.6 11.7 0.00 0.9 16.0 3:15p NNW 12 69.4 88.8 2:00p 52.8 6:10a 3.4 7.8 0.00 0.9 13.0 6:55p N 13 65.8 82.4 2:45p 53.6 4:15a 4.1 4.9 0.00 0.9 11.0 1:05p NNE 14 65.6 82.2 1:15p 51.9 6:25a 4.4 5.0 0.00 0.8 11.0 1:55p N 15 68.1 88.6 3:50p 49.1 6:15a 4.7 7.9 0.00 0.7 10.0 2:40p N 16 79.0 102.3 2:50p 57.5 5:55a 1.7 15.7 0.00 0.5 10.0 2:40p NNE 17 73.3 92.5 12:50p 59.8 12:00m 0.7 9.0 0.00 1.0 12.0 2:40p NNW 18 67.4 84.5 12:35p 57.0 5:45a 3.1 5.5 0.00 0.9 11.0 1:25p NNW 19 66.8 86.1 4:40p 48.9 5:55a 4.6 6.4 0.00 0.9 13.0 2:05p NNW 20 72.6 96.3 2:10p 54.1 6:20a 3.0 10.6 0.00 0.9 13.0 3:05p NNW 21 60.9 71.5 1:30p 52.2 11:55p 5.5 1.3 0.00 1.1 13.0 2:55p N 22 61.5 74.2 5:15p 49.6 2:10a 5.5 2.0 0.00 1.3 14.0 2:15p NNW 23 61.6 72.3 5:40p 52.0 6:35a 4.9 1.5 0.00 1.7 17.0 4:20p NW 24 60.0 71.3 2:30p 46.2 6:15a 6.8 1.8 0.00 1.3 16.0 3:10p NW 25 61.3 75.1 1:45p 46.7 6:00a 6.3 2.6 0.00 1.2 16.0 5:00p NW 26 63.9 78.8 4:25p 48.5 6:05a 5.3 4.2 0.00 1.4 14.0 5:25p NW 27 66.7 83.8 2:50p 49.4 6:10a 4.6 6.3 0.00 1.0 12.0 2:55p N 28 65.9 79.2 3:10p 51.9 5:20a 4.1 4.9 0.00 1.1 13.0 2:25p N 29 64.6 75.4 3:30p 54.5 5:05a 3.6 3.2 0.00 1.3 13.0 2:30p N 30 68.3 79.9 4:15p 57.5 6:20a 1.7 5.1 0.00 1.2 12.0 2:10p N ------------------------------------------------------------------------------------- 65.7 102.3 16 44.5 9 137.9 158.2 0.21 1.1 18.0 5 NNW Max >= 90.0: 5 Max <= 32.0: 0 Min <= 32.0: 0 Min <= 0.0: 0 Max Rain: 0.20 ON 06/04/12 Days of Rain: 1 (>.01 in) 1 (>.1 in) 0 (>1 in) Heat Base: 65.0 Cool Base: 65.0 Method: Integration

Downloads .. please customize for your directory and file naming convention ( WL or VWS).
Download WeatherLink/ VWS version (V1.07 - 11-Aug-2017) [ see version history ]

deformed-offering