deformed-offering

Weather station scripts - NOAA Climate Report display

They're free, but use at your own risk

The scripts referenced here are used in the operation of this weather station, and may be freely copied and used to support your station. Please note that you use these scripts at your own risk. No warranty is expressed or implied. I accept no liability for any damages that may ensue from their use.
You will need to configure them for your own particular weather station website.
RSS feed for Scripts Updates A RSS Feed is available to help keep you informed on updates to the scripts.

If you find one or more of the scripts useful to you, please consider making a donation to help offset the routine expenses of operation of this website.
Thanks for your kind support!

A Version History is available -- check back from time to time to see if there are updates to scripts you have downloaded earlier. Announcements of version updates and new scripts are made on WXForum.net and Weather-Watch forums and saratogaWXPHP Twitter account as they become available.

This page was updated Friday, 11-Aug-2017 10:11 AM

PHP Scripts (run on webserver)

These scripts have run on PHP 4.1.2, and PHP 4.4.1. I don't have access to PHP 3.x, so it is not known if they will work on versions below PHP 4.1.2. If you try them and they work (or not) on earlier versions of PHP, please send me a message at webmaster[at]saratoga-weather.org and let me know the results.

Display .TXT NOAA style forecasts PHP

I needed to safely display a series of .TXT files (NOAA style climate reports) using the overall style of the website. My WeatherLink software produces regular reports (NOAAMO.TXT, NOAAPRMO.TXT, NOAAYR.TXT, NOAAPRYR.TXT) as part of the 5-minute update. I've also produced reports and named them NOAAyyyy.TXT for yearly reports and NOAAyyyy-mm.TXT for monthly reports. These I've uploaded (monthly) to a sub-directory on the website /NOAA-reports.

Version 1.04 (01-Dec-2007) adds a new feature for WeatherLink users to create new NOAAyyyy-mm.TXT and NOAAyyyy.TXT files from the respective NOAAPRMO.TXT and NOAAPRYR.TXT files when the month/year rolls over. It will copy the appropriate file to the $NOAAdir and name it so you have no monthly maintenance to do (except to view the NOAA reports page on the first of each month).

The NOAA-reports.php will read the sub-directory, sort the filenames produce a menu of available names, and display the file requested. It automatically uses NOAAMO.TXT and NOAAYR.TXT (WeatherLink version) for the current monthly and current yearly files. The nice thing about the script is it strictly controls what can be displayed (existing files only, no directory browsing). The following is a live display of WeatherLink produced NOAA style reports for this station.

<?php $doInclude = true; require("NOAA-reports-test.php"); ?>
2018: Jan | Feb | Mar | Apr | May | Jun | Jul | Aug | Sep | Oct | Nov | Dec 
2017: Jan | Feb | Mar | Apr | May | Jun | Jul | Aug | Sep | Oct | Nov | Dec 
2016: Jan | Feb | Mar | Apr | May | Jun | Jul | Aug | Sep | Oct | Nov | Dec 
2015: Jan | Feb | Mar | Apr | May | Jun | Jul | Aug | Sep | Oct | Nov | Dec 
2014: Jan | Feb | Mar | Apr | May | Jun | Jul | Aug | Sep | Oct | Nov | Dec 
2013: Jan | Feb | Mar | Apr | May | Jun | Jul | Aug | Sep | Oct | Nov | Dec 
2012: Jan | Feb | Mar | Apr | May | Jun | Jul | Aug | Sep | Oct | Nov | Dec 
2011: Jan | Feb | Mar | Apr | May | Jun | Jul | Aug | Sep | Oct | Nov | Dec 
2010: Jan | Feb | Mar | Apr | May | Jun | Jul | Aug | Sep | Oct | Nov | Dec 
2009: Jan | Feb | Mar | Apr | May | Jun | Jul | Aug | Sep | Oct | Nov | Dec 
2008: Jan | Feb | Mar | Apr | May | Jun | Jul | Aug | Sep | Oct | Nov | Dec 
2007: Jan | Feb | Mar | Apr | May | Jun | Jul | Aug | Sep | Oct | Nov | Dec 
2006: Jan | Feb | Mar | Apr | May | Jun | Jul | Aug | Sep | Oct | Nov | Dec 
2005: Jan | Feb | Mar | Apr | May | Jun | Jul | Aug | Sep | Oct | Nov | Dec 
2004: Jan | Feb | Mar | Apr | May | Jun | Jul | Aug | Sep | Oct | Nov | Dec 

Report for 2012 04
MONTHLY CLIMATOLOGICAL SUMMARY for APR. 2012 NAME: KCASARAT1 CITY: Saratoga STATE: CA ELEV: 375 ft LAT: 37 16' 28" N LONG: 122 01' 23" W TEMPERATURE (F), RAIN (in), WIND SPEED (mph) HEAT COOL AVG MEAN DEG DEG WIND DOM DAY TEMP HIGH TIME LOW TIME DAYS DAYS RAIN SPEED HIGH TIME DIR ------------------------------------------------------------------------------------ 1 51.0 60.5 3:05p 43.5 11:55p 14.0 0.0 0.03 3.6 19.0 12:05p NW 2 52.6 67.4 3:45p 39.5 6:40a 12.7 0.2 0.00 1.3 14.0 5:50p NW 3 54.3 67.6 4:25p 43.1 6:50a 10.9 0.1 0.00 1.4 16.0 11:30p NNW 4 50.1 59.9 2:35p 42.1 4:55a 14.9 0.0 0.00 2.8 21.0 1:30p NW 5 47.3 58.6 4:05p 38.6 4:45a 17.7 0.0 0.00 2.7 20.0 10:05a NW 6 49.7 63.4 4:55p 35.3 6:30a 15.3 0.0 0.00 1.1 13.0 2:00p NW 7 53.9 71.8 4:05p 37.2 6:55a 12.4 1.3 0.00 0.9 13.0 5:05p NW 8 54.0 74.2 2:10p 38.6 6:50a 12.3 1.3 0.00 0.6 11.0 4:00p NE 9 54.2 72.1 4:05p 40.3 6:55a 11.8 1.0 0.00 1.4 25.0 4:45p ESE 10 52.6 56.2 3:05p 50.4 7:55a 12.4 0.0 0.23 1.3 14.0 12:15p ESE 11 53.3 60.5 5:35p 46.8 7:05a 11.7 0.0 0.23 1.6 20.0 5:50p S 12 53.7 62.1 11:55a 48.2 7:00a 11.3 0.0 1.91 2.8 24.0 3:25a S 13 50.0 58.1 3:45p 45.1 5:55a 15.0 0.0 0.67 2.7 20.0 1:40p WNW 14 53.8 66.1 4:45p 46.2 12:00m 11.3 0.0 0.00 2.6 24.0 4:45a NW 15 54.6 69.9 2:35p 40.2 6:55a 11.2 0.8 0.00 0.9 12.0 2:35p N 16 55.9 72.0 1:10p 41.8 6:30a 10.1 1.0 0.00 0.9 16.0 2:40p N 17 58.2 71.8 1:45p 46.7 6:40a 8.2 1.4 0.00 1.0 13.0 4:00p NE 18 58.7 72.5 4:05p 44.5 6:40a 7.8 1.5 0.00 1.5 17.0 2:55p N 19 63.8 77.4 5:15p 52.6 1:10a 4.7 3.6 0.00 1.4 16.0 4:25p NW 20 70.9 88.6 3:35p 54.8 5:40a 3.0 8.8 0.00 1.3 16.0 3:35p NW 21 73.9 93.6 4:30p 55.4 6:15a 2.5 11.4 0.00 0.6 11.0 4:30p N 22 68.8 84.7 12:30p 57.2 6:45a 2.3 6.0 0.00 0.9 11.0 1:00p N 23 59.5 67.4 3:55p 52.5 6:50a 5.6 0.2 0.00 2.8 22.0 2:05p S 24 64.6 77.0 1:35p 55.1 6:15a 3.3 3.0 0.00 1.2 13.0 3:35p ESE 25 64.4 77.7 2:00p 57.5 7:00a 3.2 2.7 0.10 0.8 12.0 6:05p ESE 26 57.7 65.8 4:40p 47.7 12:00m 7.4 0.0 0.01 1.9 19.0 1:40p W 27 56.4 70.3 3:35p 42.9 5:45a 9.5 0.9 0.00 1.6 16.0 1:35p NW 28 61.1 77.4 2:05p 46.2 6:30a 7.0 3.1 0.00 1.0 13.0 2:20p N 29 65.7 85.1 3:20p 49.2 6:10a 5.4 6.0 0.00 0.9 13.0 12:45p N 30 64.7 83.0 1:25p 50.4 5:45a 5.1 4.8 0.00 1.1 13.0 3:40p NNW ------------------------------------------------------------------------------------- 57.6 93.6 21 35.3 6 280.0 59.1 3.18 1.6 25.0 9 NW Max >= 90.0: 1 Max <= 32.0: 0 Min <= 32.0: 0 Min <= 0.0: 0 Max Rain: 1.91 ON 04/12/12 Days of Rain: 6 (>.01 in) 4 (>.1 in) 1 (>1 in) Heat Base: 65.0 Cool Base: 65.0 Method: Integration

Downloads .. please customize for your directory and file naming convention ( WL or VWS).
Download WeatherLink/ VWS version (V1.07 - 11-Aug-2017) [ see version history ]

deformed-offering