They're free, but use at your own risk
The scripts referenced here are used in the operation of this weather station, and may be freely copied and used to support your station. Please note that you use these scripts at your own risk. No warranty is expressed or implied. I accept no liability for any damages that may ensue from their use.
You will need to configure them for your own particular weather station website.
A RSS Feed is available to help keep you informed on updates to the scripts.
Many of these scripts are now available on GitHub at https://github.com/ktrue
A Version History is available -- check back from time to time to see if there are updates to scripts you have downloaded earlier.
Announcements of version updates and new scripts are made on
WXForum.net and
Weather-Watch forums
and saratogaWXPHP Twitter account as they become available.
Note: Twitter widget has been disabled 3-Jul-2023 since it no longer displays the recent update Tweets.
This page was updated
Friday, 11-Aug-2017 10:11 AM
PHP Scripts (run on webserver)
These scripts have run on PHP 4.1.2, and PHP 4.4.1. I don't have access to PHP 3.x, so it is not known if they will work on versions below PHP 4.1.2. If you try them and they work (or not) on earlier versions of PHP, please send me a message at webmaster[at]saratoga-weather.org and let me know the results.
Display .TXT NOAA style forecasts PHP
I needed to safely display a series of .TXT files (NOAA style climate reports) using the overall style of the website. My WeatherLink software produces regular reports (NOAAMO.TXT, NOAAPRMO.TXT, NOAAYR.TXT, NOAAPRYR.TXT) as part of the 5-minute update. I've also produced reports and named them NOAAyyyy.TXT for yearly reports and NOAAyyyy-mm.TXT for monthly reports. These I've uploaded (monthly) to a sub-directory on the website /NOAA-reports.
Version 1.04 (01-Dec-2007) adds a new feature for WeatherLink users to create new NOAAyyyy-mm.TXT and NOAAyyyy.TXT files from the respective NOAAPRMO.TXT and NOAAPRYR.TXT files when the month/year rolls over. It will copy the appropriate file to the $NOAAdir and name it so you have no monthly maintenance to do (except to view the NOAA reports page on the first of each month).
The NOAA-reports.php will read the sub-directory, sort the filenames produce a menu of available names, and display the file requested. It automatically uses NOAAMO.TXT and NOAAYR.TXT (WeatherLink version) for the current monthly and current yearly files. The nice thing about the script is it strictly controls what can be displayed (existing files only, no directory browsing). The following is a live display of WeatherLink produced NOAA style reports for this station.
<?php $doInclude = true; require("NOAA-reports-test.php"); ?>
2024: Jan | Feb | Mar | Apr | May | Jun | Jul | Aug | Sep | Oct | Nov | Dec
2023: Jan | Feb | Mar | Apr | May | Jun | Jul | Aug | Sep | Oct | Nov | Dec
2022: Jan | Feb | Mar | Apr | May | Jun | Jul | Aug | Sep | Oct | Nov | Dec
2021: Jan | Feb | Mar | Apr | May | Jun | Jul | Aug | Sep | Oct | Nov | Dec
2020: Jan | Feb | Mar | Apr | May | Jun | Jul | Aug | Sep | Oct | Nov | Dec
2019: Jan | Feb | Mar | Apr | May | Jun | Jul | Aug | Sep | Oct | Nov | Dec
2018: Jan | Feb | Mar | Apr | May | Jun | Jul | Aug | Sep | Oct | Nov | Dec
2017: Jan | Feb | Mar | Apr | May | Jun | Jul | Aug | Sep | Oct | Nov | Dec
2016: Jan | Feb | Mar | Apr | May | Jun | Jul | Aug | Sep | Oct | Nov | Dec
2015: Jan | Feb | Mar | Apr | May | Jun | Jul | Aug | Sep | Oct | Nov | Dec
2014: Jan | Feb | Mar | Apr | May | Jun | Jul | Aug | Sep | Oct | Nov | Dec
2013: Jan | Feb | Mar | Apr | May | Jun | Jul | Aug | Sep | Oct | Nov | Dec
2012: Jan | Feb | Mar | Apr | May | Jun | Jul | Aug | Sep | Oct | Nov | Dec
2011: Jan | Feb | Mar | Apr | May | Jun | Jul | Aug | Sep | Oct | Nov | Dec
2010: Jan | Feb | Mar | Apr | May | Jun | Jul | Aug | Sep | Oct | Nov | Dec
2009: Jan | Feb | Mar | Apr | May | Jun | Jul | Aug | Sep | Oct | Nov | Dec
2008: Jan | Feb | Mar | Apr | May | Jun | Jul | Aug | Sep | Oct | Nov | Dec
2007: Jan | Feb | Mar | Apr | May | Jun | Jul | Aug | Sep | Oct | Nov | Dec
2006: Jan | Feb | Mar | Apr | May | Jun | Jul | Aug | Sep | Oct | Nov | Dec
2005: Jan | Feb | Mar | Apr | May | Jun | Jul | Aug | Sep | Oct | Nov | Dec
2004: Jan | Feb | Mar | Apr | May | Jun | Jul | Aug | Sep | Oct | Nov | Dec
Report for 2012 02
MONTHLY CLIMATOLOGICAL SUMMARY for FEB. 2012
NAME: KCASARAT1 CITY: Saratoga STATE: CA
ELEV: 375 ft LAT: 37° 16' 28" N LONG: 122° 01' 23" W
TEMPERATURE (°F), RAIN (in), WIND SPEED (mph)
HEAT COOL AVG
MEAN DEG DEG WIND DOM
DAY TEMP HIGH TIME LOW TIME DAYS DAYS RAIN SPEED HIGH TIME DIR
------------------------------------------------------------------------------------
1 49.1 58.3 12:50p 40.3 4:00a 15.9 0.0 0.00 0.6 13.0 2:45p SE
2 51.7 66.9 3:50p 40.8 6:05a 13.5 0.2 0.00 0.8 11.0 11:25a NW
3 48.9 63.4 4:00p 36.9 6:50a 16.1 0.0 0.00 0.6 10.0 12:25p NW
4 49.5 67.6 2:15p 37.0 5:30a 15.6 0.2 0.00 0.4 11.0 4:10p NW
5 51.1 68.9 3:50p 38.3 6:20a 14.2 0.4 0.00 0.2 6.0 1:05p NW
6 54.2 69.4 2:50p 42.2 3:05a 11.2 0.4 0.09 1.1 14.0 5:55p S
7 54.4 60.4 1:25p 49.8 3:40a 10.6 0.0 0.10 1.3 21.0 7:35a ESE
8 54.1 66.1 3:20p 43.9 7:30a 11.0 0.1 0.00 0.5 11.0 1:25p NW
9 54.9 70.4 1:40p 42.1 7:15a 11.0 0.9 0.00 0.5 11.0 2:25p NW
10 53.2 70.6 1:30p 40.1 6:20a 12.2 0.4 0.00 0.6 11.0 3:00p NW
11 51.0 57.5 4:30p 44.6 12:00m 14.0 0.0 0.02 0.3 11.0 7:05p WNW
12 49.6 63.7 1:55p 39.1 5:50a 15.4 0.0 0.03 0.9 13.0 10:05p NNE
13 46.5 51.0 3:50p 44.2 6:35a 18.5 0.0 0.33 1.5 20.0 12:30p NW
14 47.3 61.6 3:35p 37.3 6:35a 17.7 0.0 0.01 0.7 11.0 3:40p WSW
15 47.7 56.3 3:05p 40.6 11:25p 17.3 0.0 0.02 3.4 22.0 10:15a NW
16 49.3 65.3 3:30p 37.5 6:05a 15.7 0.0 0.00 1.1 14.0 9:55a NW
17 50.7 66.0 2:15p 37.2 4:30a 14.4 0.0 0.00 0.6 11.0 3:15p NW
18 50.0 61.3 2:10p 38.9 12:00m 15.0 0.0 0.00 1.0 16.0 3:10p W
19 46.1 59.6 1:25p 36.2 3:30a 18.9 0.0 0.00 0.5 10.0 1:55p NE
20 49.7 59.9 4:15p 42.9 12:05a 15.3 0.0 0.05 0.5 8.0 1:25p NW
21 52.0 67.8 2:50p 41.8 3:30a 13.2 0.2 0.01 0.6 11.0 12:45p NW
22 58.7 76.8 2:50p 46.4 4:25a 9.0 2.7 0.00 1.6 17.0 2:55p NW
23 57.0 73.9 4:10p 43.9 6:30a 10.0 2.0 0.00 1.7 17.0 3:25p NW
24 61.3 76.5 2:25p 48.8 10:35p 6.5 2.8 0.00 0.9 13.0 7:35a WNW
25 50.1 60.7 2:40p 40.9 6:15a 14.9 0.0 0.00 2.4 18.0 9:00a NW
26 47.9 61.6 2:30p 38.8 7:00a 17.1 0.0 0.00 1.1 13.0 6:20p W
27 44.0 55.1 1:45p 35.5 7:05a 21.0 0.0 0.00 1.3 20.0 3:35p WSW
28 47.0 59.8 1:50p 37.6 3:15a 18.0 0.0 0.00 1.3 16.0 12:15p W
29 49.0 56.0 2:45p 42.8 11:05p 16.0 0.0 0.44 1.1 16.0 1:25a W
-------------------------------------------------------------------------------------
50.9 76.8 22 35.5 27 419.2 10.3 1.10 1.0 22.0 15 NW
Max >= 90.0: 0
Max <= 32.0: 0
Min <= 32.0: 0
Min <= 0.0: 0
Max Rain: 0.44 ON 02/29/12
Days of Rain: 8 (>.01 in) 2 (>.1 in) 0 (>1 in)
Heat Base: 65.0 Cool Base: 65.0 Method: Integration
Downloads .. please customize for your directory and file naming convention ( WL or VWS).
Download WeatherLink/ VWS version (V1.07 - 11-Aug-2017) [ see version history ]