deformed-offering

Weather station scripts - NOAA Climate Report display

They're free, but use at your own risk

The scripts referenced here are used in the operation of this weather station, and may be freely copied and used to support your station. Please note that you use these scripts at your own risk. No warranty is expressed or implied. I accept no liability for any damages that may ensue from their use.
You will need to configure them for your own particular weather station website.
RSS feed for Scripts Updates A RSS Feed is available to help keep you informed on updates to the scripts.

If you find one or more of the scripts useful to you, please consider making a donation to help offset the routine expenses of operation of this website.
Thanks for your kind support!

A Version History is available -- check back from time to time to see if there are updates to scripts you have downloaded earlier. Announcements of version updates and new scripts are made on WXForum.net and Weather-Watch forums and saratogaWXPHP Twitter account as they become available.

This page was updated Friday, 11-Aug-2017 10:11 AM

PHP Scripts (run on webserver)

These scripts have run on PHP 4.1.2, and PHP 4.4.1. I don't have access to PHP 3.x, so it is not known if they will work on versions below PHP 4.1.2. If you try them and they work (or not) on earlier versions of PHP, please send me a message at webmaster[at]saratoga-weather.org and let me know the results.

Display .TXT NOAA style forecasts PHP

I needed to safely display a series of .TXT files (NOAA style climate reports) using the overall style of the website. My WeatherLink software produces regular reports (NOAAMO.TXT, NOAAPRMO.TXT, NOAAYR.TXT, NOAAPRYR.TXT) as part of the 5-minute update. I've also produced reports and named them NOAAyyyy.TXT for yearly reports and NOAAyyyy-mm.TXT for monthly reports. These I've uploaded (monthly) to a sub-directory on the website /NOAA-reports.

Version 1.04 (01-Dec-2007) adds a new feature for WeatherLink users to create new NOAAyyyy-mm.TXT and NOAAyyyy.TXT files from the respective NOAAPRMO.TXT and NOAAPRYR.TXT files when the month/year rolls over. It will copy the appropriate file to the $NOAAdir and name it so you have no monthly maintenance to do (except to view the NOAA reports page on the first of each month).

The NOAA-reports.php will read the sub-directory, sort the filenames produce a menu of available names, and display the file requested. It automatically uses NOAAMO.TXT and NOAAYR.TXT (WeatherLink version) for the current monthly and current yearly files. The nice thing about the script is it strictly controls what can be displayed (existing files only, no directory browsing). The following is a live display of WeatherLink produced NOAA style reports for this station.

<?php $doInclude = true; require("NOAA-reports-test.php"); ?>
2018: Jan | Feb | Mar | Apr | May | Jun | Jul | Aug | Sep | Oct | Nov | Dec 
2017: Jan | Feb | Mar | Apr | May | Jun | Jul | Aug | Sep | Oct | Nov | Dec 
2016: Jan | Feb | Mar | Apr | May | Jun | Jul | Aug | Sep | Oct | Nov | Dec 
2015: Jan | Feb | Mar | Apr | May | Jun | Jul | Aug | Sep | Oct | Nov | Dec 
2014: Jan | Feb | Mar | Apr | May | Jun | Jul | Aug | Sep | Oct | Nov | Dec 
2013: Jan | Feb | Mar | Apr | May | Jun | Jul | Aug | Sep | Oct | Nov | Dec 
2012: Jan | Feb | Mar | Apr | May | Jun | Jul | Aug | Sep | Oct | Nov | Dec 
2011: Jan | Feb | Mar | Apr | May | Jun | Jul | Aug | Sep | Oct | Nov | Dec 
2010: Jan | Feb | Mar | Apr | May | Jun | Jul | Aug | Sep | Oct | Nov | Dec 
2009: Jan | Feb | Mar | Apr | May | Jun | Jul | Aug | Sep | Oct | Nov | Dec 
2008: Jan | Feb | Mar | Apr | May | Jun | Jul | Aug | Sep | Oct | Nov | Dec 
2007: Jan | Feb | Mar | Apr | May | Jun | Jul | Aug | Sep | Oct | Nov | Dec 
2006: Jan | Feb | Mar | Apr | May | Jun | Jul | Aug | Sep | Oct | Nov | Dec 
2005: Jan | Feb | Mar | Apr | May | Jun | Jul | Aug | Sep | Oct | Nov | Dec 
2004: Jan | Feb | Mar | Apr | May | Jun | Jul | Aug | Sep | Oct | Nov | Dec 

Report for 2012 01
MONTHLY CLIMATOLOGICAL SUMMARY for JAN. 2012 NAME: KCASARAT1 CITY: Saratoga STATE: CA ELEV: 375 ft LAT: 37 16' 28" N LONG: 122 01' 23" W TEMPERATURE (F), RAIN (in), WIND SPEED (mph) HEAT COOL AVG MEAN DEG DEG WIND DOM DAY TEMP HIGH TIME LOW TIME DAYS DAYS RAIN SPEED HIGH TIME DIR ------------------------------------------------------------------------------------ 1 49.1 68.4 3:15p 36.5 7:30a 16.3 0.4 0.00 0.1 6.0 12:20p N 2 47.6 57.3 3:50p 41.2 12:45a 17.4 0.0 0.00 0.2 7.0 1:10p N 3 47.7 59.8 3:40p 41.6 12:00m 17.3 0.0 0.01 0.1 6.0 2:10p NNW 4 50.4 67.3 2:10p 38.9 7:40a 14.7 0.1 0.00 0.4 11.0 1:35p NNW 5 50.2 67.4 2:10p 38.0 7:35a 15.0 0.2 0.00 0.4 11.0 4:55p NW 6 44.9 60.9 3:10p 33.5 6:20a 20.1 0.0 0.00 0.2 6.0 12:25p NW 7 48.6 65.8 3:10p 37.2 5:00a 16.4 0.0 0.00 1.3 16.0 2:05p NW 8 54.1 67.8 2:25p 40.8 12:00m 11.2 0.2 0.00 0.9 12.0 2:05a NW 9 48.0 66.8 2:55p 35.0 6:45a 17.1 0.1 0.00 0.2 7.0 3:35p NW 10 47.2 62.9 2:20p 34.9 7:20a 17.8 0.0 0.00 0.4 8.0 11:10a NNW 11 48.5 67.3 1:30p 35.3 7:35a 16.7 0.2 0.00 0.3 10.0 2:20p NNW 12 47.7 64.2 3:00p 35.5 7:30a 17.3 0.0 0.00 0.6 11.0 12:40p NW 13 49.0 68.1 3:00p 36.0 7:20a 16.3 0.3 0.00 0.2 6.0 1:35p NW 14 48.3 65.5 3:40p 34.9 7:20a 16.7 0.0 0.00 0.2 8.0 1:35p NNW 15 43.9 57.3 12:30p 34.1 6:00a 21.1 0.0 0.00 1.2 20.0 4:15p NW 16 39.4 51.1 3:05p 29.3 7:10a 25.6 0.0 0.00 0.7 10.0 12:05a NW 17 39.5 52.0 2:40p 29.0 6:55a 25.5 0.0 0.00 0.6 13.0 2:15p NW 18 41.7 55.6 1:55p 30.0 6:50a 23.3 0.0 0.00 0.3 9.0 12:25p NW 19 44.1 52.5 3:00p 34.6 5:55a 20.9 0.0 0.00 1.4 17.0 7:30p ESE 20 55.3 60.4 12:55p 50.2 12:05a 9.7 0.0 0.89 4.7 31.0 10:05p ESE 21 49.2 57.0 12:40a 38.0 11:35p 15.8 0.0 0.34 2.3 25.0 5:05a WNW 22 46.4 52.9 3:40p 38.2 12:05a 18.6 0.0 0.16 2.4 20.0 1:35p E 23 52.6 57.2 1:40p 47.9 8:05p 12.4 0.0 0.55 2.3 25.0 3:55a NW 24 51.0 60.1 2:10p 43.1 7:25a 14.0 0.0 0.00 0.3 7.0 1:20p NW 25 53.7 66.9 3:35p 43.2 3:10a 11.4 0.1 0.00 0.7 10.0 10:15a NW 26 57.0 65.2 12:55p 48.6 12:00m 8.0 0.0 0.00 0.6 11.0 4:25p NW 27 53.3 64.2 2:35p 44.5 7:40a 11.7 0.0 0.00 1.1 14.0 12:00p NW 28 51.1 65.8 3:35p 39.1 7:50a 13.9 0.0 0.00 0.7 11.0 12:10a NW 29 50.3 65.8 3:00p 37.8 7:30a 14.7 0.0 0.00 0.3 7.0 12:10p NW 30 50.9 64.5 12:00p 42.1 3:25a 14.1 0.0 0.00 0.3 8.0 12:40p NW 31 51.9 61.5 2:25p 47.3 7:10a 13.1 0.0 0.00 0.5 8.0 10:35a W ------------------------------------------------------------------------------------- 48.8 68.4 1 29.0 17 504.1 1.6 1.95 0.8 31.0 20 NW Max >= 90.0: 0 Max <= 32.0: 0 Min <= 32.0: 3 Min <= 0.0: 0 Max Rain: 0.89 ON 01/20/12 Days of Rain: 4 (>.01 in) 4 (>.1 in) 0 (>1 in) Heat Base: 65.0 Cool Base: 65.0 Method: Integration

Downloads .. please customize for your directory and file naming convention ( WL or VWS).
Download WeatherLink/ VWS version (V1.07 - 11-Aug-2017) [ see version history ]

deformed-offering