deformed-offering

Weather station scripts - NOAA Climate Report display

They're free, but use at your own risk

The scripts referenced here are used in the operation of this weather station, and may be freely copied and used to support your station. Please note that you use these scripts at your own risk. No warranty is expressed or implied. I accept no liability for any damages that may ensue from their use.
You will need to configure them for your own particular weather station website.
RSS feed for Scripts Updates A RSS Feed is available to help keep you informed on updates to the scripts.

If you find one or more of the scripts useful to you, please consider making a donation to help offset the routine expenses of operation of this website.
Thanks for your kind support!

A Version History is available -- check back from time to time to see if there are updates to scripts you have downloaded earlier. Announcements of version updates and new scripts are made on WXForum.net and Weather-Watch forums and saratogaWXPHP Twitter account as they become available.

This page was updated Friday, 11-Aug-2017 10:11 AM

PHP Scripts (run on webserver)

These scripts have run on PHP 4.1.2, and PHP 4.4.1. I don't have access to PHP 3.x, so it is not known if they will work on versions below PHP 4.1.2. If you try them and they work (or not) on earlier versions of PHP, please send me a message at webmaster[at]saratoga-weather.org and let me know the results.

Display .TXT NOAA style forecasts PHP

I needed to safely display a series of .TXT files (NOAA style climate reports) using the overall style of the website. My WeatherLink software produces regular reports (NOAAMO.TXT, NOAAPRMO.TXT, NOAAYR.TXT, NOAAPRYR.TXT) as part of the 5-minute update. I've also produced reports and named them NOAAyyyy.TXT for yearly reports and NOAAyyyy-mm.TXT for monthly reports. These I've uploaded (monthly) to a sub-directory on the website /NOAA-reports.

Version 1.04 (01-Dec-2007) adds a new feature for WeatherLink users to create new NOAAyyyy-mm.TXT and NOAAyyyy.TXT files from the respective NOAAPRMO.TXT and NOAAPRYR.TXT files when the month/year rolls over. It will copy the appropriate file to the $NOAAdir and name it so you have no monthly maintenance to do (except to view the NOAA reports page on the first of each month).

The NOAA-reports.php will read the sub-directory, sort the filenames produce a menu of available names, and display the file requested. It automatically uses NOAAMO.TXT and NOAAYR.TXT (WeatherLink version) for the current monthly and current yearly files. The nice thing about the script is it strictly controls what can be displayed (existing files only, no directory browsing). The following is a live display of WeatherLink produced NOAA style reports for this station.

<?php $doInclude = true; require("NOAA-reports-test.php"); ?>
2018: Jan | Feb | Mar | Apr | May | Jun | Jul | Aug | Sep | Oct | Nov | Dec 
2017: Jan | Feb | Mar | Apr | May | Jun | Jul | Aug | Sep | Oct | Nov | Dec 
2016: Jan | Feb | Mar | Apr | May | Jun | Jul | Aug | Sep | Oct | Nov | Dec 
2015: Jan | Feb | Mar | Apr | May | Jun | Jul | Aug | Sep | Oct | Nov | Dec 
2014: Jan | Feb | Mar | Apr | May | Jun | Jul | Aug | Sep | Oct | Nov | Dec 
2013: Jan | Feb | Mar | Apr | May | Jun | Jul | Aug | Sep | Oct | Nov | Dec 
2012: Jan | Feb | Mar | Apr | May | Jun | Jul | Aug | Sep | Oct | Nov | Dec 
2011: Jan | Feb | Mar | Apr | May | Jun | Jul | Aug | Sep | Oct | Nov | Dec 
2010: Jan | Feb | Mar | Apr | May | Jun | Jul | Aug | Sep | Oct | Nov | Dec 
2009: Jan | Feb | Mar | Apr | May | Jun | Jul | Aug | Sep | Oct | Nov | Dec 
2008: Jan | Feb | Mar | Apr | May | Jun | Jul | Aug | Sep | Oct | Nov | Dec 
2007: Jan | Feb | Mar | Apr | May | Jun | Jul | Aug | Sep | Oct | Nov | Dec 
2006: Jan | Feb | Mar | Apr | May | Jun | Jul | Aug | Sep | Oct | Nov | Dec 
2005: Jan | Feb | Mar | Apr | May | Jun | Jul | Aug | Sep | Oct | Nov | Dec 
2004: Jan | Feb | Mar | Apr | May | Jun | Jul | Aug | Sep | Oct | Nov | Dec 

Report for 2011 11
MONTHLY CLIMATOLOGICAL SUMMARY for NOV. 2011 NAME: KCASARAT1 CITY: Saratoga STATE: CA ELEV: 375 ft LAT: 37 16' 28" N LONG: 122 01' 23" W TEMPERATURE (F), RAIN (in), WIND SPEED (mph) HEAT COOL AVG MEAN DEG DEG WIND DOM DAY TEMP HIGH TIME LOW TIME DAYS DAYS RAIN SPEED HIGH TIME DIR ------------------------------------------------------------------------------------ 1 59.0 73.2 3:25p 47.7 8:00a 7.5 1.6 0.00 1.6 17.0 12:25p NW 2 60.6 78.8 2:30p 45.5 7:40a 7.5 3.1 0.00 0.2 8.0 3:35p WSW 3 52.0 71.3 2:05p 42.5 7:20a 13.3 0.3 0.06 0.7 19.0 2:50p WNW 4 47.8 56.9 3:55p 40.5 11:55p 17.2 0.0 0.06 0.9 13.0 2:05p NW 5 48.4 58.9 1:00p 40.1 3:35a 16.6 0.0 0.23 0.6 14.0 7:35p W 6 49.8 61.2 1:35p 43.9 7:05a 15.2 0.0 0.01 0.6 16.0 1:40p W 7 50.2 61.2 2:15p 41.2 12:00m 14.8 0.0 0.00 0.6 10.0 11:20a NW 8 49.4 63.9 1:00p 37.8 6:35a 15.6 0.0 0.01 0.3 10.0 2:10p NNW 9 50.3 69.9 3:05p 36.9 6:50a 15.2 0.4 0.00 0.2 7.0 3:40p S 10 52.4 72.7 12:45p 38.5 6:35a 13.7 1.1 0.00 0.6 14.0 1:50p S 11 54.3 59.3 8:15a 45.7 12:05a 10.7 0.0 0.08 1.2 16.0 9:00a S 12 52.2 58.3 2:50p 46.8 11:55p 12.8 0.0 0.00 0.4 11.0 7:15a NNW 13 53.3 65.8 3:25p 45.7 3:35a 11.7 0.0 0.01 0.3 9.0 1:10p NW 14 51.7 61.3 12:10p 43.1 6:55a 13.3 0.0 0.00 0.6 13.0 1:55p NW 15 52.1 67.6 2:55p 41.5 7:05a 13.1 0.2 0.01 0.6 11.0 12:35p NW 16 52.4 68.3 2:05p 41.1 5:40a 13.0 0.4 0.00 0.3 7.0 2:10p NW 17 52.0 59.9 12:05p 42.3 2:25a 13.0 0.0 0.01 0.3 6.0 10:55a N 18 51.2 59.5 12:40p 44.3 7:05a 13.8 0.0 0.06 0.4 11.0 11:05a W 19 47.6 58.0 2:25p 38.6 7:25a 17.4 0.0 0.38 1.1 19.0 11:35p ESE 20 49.2 54.8 2:20p 43.6 12:00m 15.8 0.0 0.26 0.7 17.0 12:10a ESE 21 48.1 59.3 2:20p 40.1 7:05a 16.9 0.0 0.00 0.1 7.0 9:30a S 22 49.5 64.0 1:40p 39.8 7:05a 15.5 0.0 0.00 0.5 10.0 1:55p SSW 23 52.7 59.8 12:30p 43.5 5:20a 12.3 0.0 0.00 2.0 18.0 6:40p ESE 24 52.0 59.2 11:00a 41.2 12:00m 13.0 0.0 0.00 1.8 18.0 1:00a ESE 25 51.6 64.5 2:35p 40.6 1:35a 13.4 0.0 0.00 0.3 8.0 3:55p N 26 51.5 65.2 2:35p 42.2 7:10a 13.5 0.0 0.00 0.3 8.0 12:35p NNW 27 49.4 62.7 1:55p 40.2 6:30a 15.6 0.0 0.01 0.2 7.0 10:00a NNW 28 47.5 55.9 2:40p 41.3 5:10a 17.5 0.0 0.00 0.1 6.0 11:35a NNW 29 45.9 59.2 3:30p 38.2 6:35a 19.1 0.0 0.01 0.1 5.0 10:40a NNW 30 52.4 63.9 3:25p 39.8 2:35a 12.6 0.0 0.01 3.6 25.0 2:45p NW ------------------------------------------------------------------------------------- 51.2 78.8 2 36.9 9 420.6 7.1 1.21 0.7 25.0 30 NW Max >= 90.0: 0 Max <= 32.0: 0 Min <= 32.0: 0 Min <= 0.0: 0 Max Rain: 0.38 ON 11/19/11 Days of Rain: 7 (>.01 in) 3 (>.1 in) 0 (>1 in) Heat Base: 65.0 Cool Base: 65.0 Method: Integration

Downloads .. please customize for your directory and file naming convention ( WL or VWS).
Download WeatherLink/ VWS version (V1.07 - 11-Aug-2017) [ see version history ]

deformed-offering