deformed-offering

Weather station scripts - NOAA Climate Report display

They're free, but use at your own risk

The scripts referenced here are used in the operation of this weather station, and may be freely copied and used to support your station. Please note that you use these scripts at your own risk. No warranty is expressed or implied. I accept no liability for any damages that may ensue from their use.
You will need to configure them for your own particular weather station website.
RSS feed for Scripts Updates A RSS Feed is available to help keep you informed on updates to the scripts.

If you find one or more of the scripts useful to you, please consider making a donation to help offset the routine expenses of operation of this website.
Thanks for your kind support!

A Version History is available -- check back from time to time to see if there are updates to scripts you have downloaded earlier. Announcements of version updates and new scripts are made on WXForum.net and Weather-Watch forums and saratogaWXPHP Twitter account as they become available.

This page was updated Friday, 11-Aug-2017 10:11 AM

PHP Scripts (run on webserver)

These scripts have run on PHP 4.1.2, and PHP 4.4.1. I don't have access to PHP 3.x, so it is not known if they will work on versions below PHP 4.1.2. If you try them and they work (or not) on earlier versions of PHP, please send me a message at webmaster[at]saratoga-weather.org and let me know the results.

Display .TXT NOAA style forecasts PHP

I needed to safely display a series of .TXT files (NOAA style climate reports) using the overall style of the website. My WeatherLink software produces regular reports (NOAAMO.TXT, NOAAPRMO.TXT, NOAAYR.TXT, NOAAPRYR.TXT) as part of the 5-minute update. I've also produced reports and named them NOAAyyyy.TXT for yearly reports and NOAAyyyy-mm.TXT for monthly reports. These I've uploaded (monthly) to a sub-directory on the website /NOAA-reports.

Version 1.04 (01-Dec-2007) adds a new feature for WeatherLink users to create new NOAAyyyy-mm.TXT and NOAAyyyy.TXT files from the respective NOAAPRMO.TXT and NOAAPRYR.TXT files when the month/year rolls over. It will copy the appropriate file to the $NOAAdir and name it so you have no monthly maintenance to do (except to view the NOAA reports page on the first of each month).

The NOAA-reports.php will read the sub-directory, sort the filenames produce a menu of available names, and display the file requested. It automatically uses NOAAMO.TXT and NOAAYR.TXT (WeatherLink version) for the current monthly and current yearly files. The nice thing about the script is it strictly controls what can be displayed (existing files only, no directory browsing). The following is a live display of WeatherLink produced NOAA style reports for this station.

<?php $doInclude = true; require("NOAA-reports-test.php"); ?>
2018: Jan | Feb | Mar | Apr | May | Jun | Jul | Aug | Sep | Oct | Nov | Dec 
2017: Jan | Feb | Mar | Apr | May | Jun | Jul | Aug | Sep | Oct | Nov | Dec 
2016: Jan | Feb | Mar | Apr | May | Jun | Jul | Aug | Sep | Oct | Nov | Dec 
2015: Jan | Feb | Mar | Apr | May | Jun | Jul | Aug | Sep | Oct | Nov | Dec 
2014: Jan | Feb | Mar | Apr | May | Jun | Jul | Aug | Sep | Oct | Nov | Dec 
2013: Jan | Feb | Mar | Apr | May | Jun | Jul | Aug | Sep | Oct | Nov | Dec 
2012: Jan | Feb | Mar | Apr | May | Jun | Jul | Aug | Sep | Oct | Nov | Dec 
2011: Jan | Feb | Mar | Apr | May | Jun | Jul | Aug | Sep | Oct | Nov | Dec 
2010: Jan | Feb | Mar | Apr | May | Jun | Jul | Aug | Sep | Oct | Nov | Dec 
2009: Jan | Feb | Mar | Apr | May | Jun | Jul | Aug | Sep | Oct | Nov | Dec 
2008: Jan | Feb | Mar | Apr | May | Jun | Jul | Aug | Sep | Oct | Nov | Dec 
2007: Jan | Feb | Mar | Apr | May | Jun | Jul | Aug | Sep | Oct | Nov | Dec 
2006: Jan | Feb | Mar | Apr | May | Jun | Jul | Aug | Sep | Oct | Nov | Dec 
2005: Jan | Feb | Mar | Apr | May | Jun | Jul | Aug | Sep | Oct | Nov | Dec 
2004: Jan | Feb | Mar | Apr | May | Jun | Jul | Aug | Sep | Oct | Nov | Dec 

Report for 2011 10
MONTHLY CLIMATOLOGICAL SUMMARY for OCT. 2011 NAME: KCASARAT1 CITY: Saratoga STATE: CA ELEV: 375 ft LAT: 37 16' 28" N LONG: 122 01' 23" W TEMPERATURE (F), RAIN (in), WIND SPEED (mph) HEAT COOL AVG MEAN DEG DEG WIND DOM DAY TEMP HIGH TIME LOW TIME DAYS DAYS RAIN SPEED HIGH TIME DIR ------------------------------------------------------------------------------------ 1 66.7 80.1 1:30p 58.0 12:00m 1.9 3.7 0.00 1.5 14.0 7:00a ESE 2 62.8 76.7 2:20p 52.9 7:20a 4.7 2.6 0.00 0.7 13.0 3:25p NW 3 58.0 68.8 10:20a 48.6 7:05a 7.3 0.4 0.08 1.1 14.0 4:45p ESE 4 61.0 73.0 2:45p 54.8 5:15a 4.9 0.9 0.06 1.0 14.0 9:30p ESE 5 56.2 63.9 12:05p 48.5 11:55p 8.8 0.0 0.56 0.8 17.0 12:40a WSW 6 52.6 61.8 2:00p 46.4 4:20a 12.4 0.0 0.19 0.3 16.0 2:00p NW 7 57.2 72.8 3:55p 45.2 6:25a 9.2 1.4 0.01 0.5 11.0 3:35p NNW 8 60.2 76.8 3:05p 47.4 7:15a 7.3 2.5 0.00 0.7 12.0 3:55p N 9 61.7 76.7 3:15p 52.8 7:30a 5.7 2.4 0.00 0.6 13.0 3:05p N 10 62.8 73.3 1:55p 53.5 2:10a 4.0 1.9 0.04 0.2 8.0 4:25p N 11 66.3 75.4 2:10p 58.4 11:55p 1.1 2.5 0.02 0.6 11.0 2:40p N 12 66.3 82.8 3:35p 54.1 6:55a 3.7 5.0 0.01 0.0 0.0 --- --- 13 68.7 87.0 4:45p 54.1 7:30a 3.2 7.0 0.00 0.5 12.0 12:20p NNW 14 69.8 86.5 2:35p 54.8 7:10a 2.7 7.5 0.00 0.2 8.0 4:25p NNW 15 65.8 79.4 3:20p 56.2 7:10a 2.8 3.6 0.00 0.6 13.0 4:20p N 16 64.6 77.7 1:55p 57.0 7:45a 3.1 2.7 0.00 0.7 12.0 3:55p NW 17 67.2 86.1 4:40p 52.3 7:00a 4.0 6.2 0.00 0.6 11.0 12:40p NNW 18 64.6 79.8 1:20p 55.1 7:40a 3.8 3.4 0.00 0.7 11.0 2:00p N 19 61.0 69.8 12:25p 53.2 11:55p 4.8 0.9 0.00 0.7 10.0 1:10p NW 20 58.8 72.7 2:25p 51.1 2:40a 7.2 0.9 0.00 0.5 10.0 3:05p NW 21 61.8 77.2 4:00p 52.9 8:10a 5.7 2.5 0.00 0.4 10.0 2:05p NNW 22 65.7 84.3 3:45p 50.4 7:35a 5.0 5.7 0.00 0.5 10.0 12:00p NW 23 67.4 85.9 2:00p 51.3 7:45a 4.3 6.7 0.00 0.2 7.0 4:05p NW 24 63.4 77.2 3:20p 52.8 7:45a 4.8 3.1 0.00 0.4 10.0 2:30p N 25 57.7 72.0 3:00p 46.2 7:35a 8.6 1.3 0.00 0.6 11.0 2:40p NW 26 56.3 72.8 3:20p 42.8 7:50a 10.3 1.6 0.01 0.6 12.0 2:55p NW 27 56.8 74.4 3:50p 42.3 7:40a 10.3 2.1 0.00 0.4 11.0 1:55p NW 28 58.7 75.6 3:40p 44.8 7:40a 8.8 2.5 0.00 0.4 10.0 2:45p NW 29 59.5 80.1 4:15p 44.5 7:35a 8.7 3.2 0.00 0.6 11.0 2:05p NW 30 62.6 80.7 3:05p 47.6 7:45a 6.8 4.3 0.00 0.6 9.0 2:10p NNW 31 62.1 81.4 4:00p 49.9 7:35a 6.5 3.7 0.00 0.3 8.0 2:00p NNW ------------------------------------------------------------------------------------- 62.1 87.0 13 42.3 27 182.4 92.2 0.98 0.6 17.0 5 NW Max >= 90.0: 0 Max <= 32.0: 0 Min <= 32.0: 0 Min <= 0.0: 0 Max Rain: 0.56 ON 10/05/11 Days of Rain: 6 (>.01 in) 2 (>.1 in) 0 (>1 in) Heat Base: 65.0 Cool Base: 65.0 Method: Integration

Downloads .. please customize for your directory and file naming convention ( WL or VWS).
Download WeatherLink/ VWS version (V1.07 - 11-Aug-2017) [ see version history ]

deformed-offering