deformed-offering

Weather station scripts - NOAA Climate Report display

They're free, but use at your own risk

The scripts referenced here are used in the operation of this weather station, and may be freely copied and used to support your station. Please note that you use these scripts at your own risk. No warranty is expressed or implied. I accept no liability for any damages that may ensue from their use.
You will need to configure them for your own particular weather station website.
RSS feed for Scripts Updates A RSS Feed is available to help keep you informed on updates to the scripts.

If you find one or more of the scripts useful to you, please consider making a donation to help offset the routine expenses of operation of this website.
Thanks for your kind support!

A Version History is available -- check back from time to time to see if there are updates to scripts you have downloaded earlier. Announcements of version updates and new scripts are made on WXForum.net and Weather-Watch forums and saratogaWXPHP Twitter account as they become available.

This page was updated Friday, 11-Aug-2017 10:11 AM

PHP Scripts (run on webserver)

These scripts have run on PHP 4.1.2, and PHP 4.4.1. I don't have access to PHP 3.x, so it is not known if they will work on versions below PHP 4.1.2. If you try them and they work (or not) on earlier versions of PHP, please send me a message at webmaster[at]saratoga-weather.org and let me know the results.

Display .TXT NOAA style forecasts PHP

I needed to safely display a series of .TXT files (NOAA style climate reports) using the overall style of the website. My WeatherLink software produces regular reports (NOAAMO.TXT, NOAAPRMO.TXT, NOAAYR.TXT, NOAAPRYR.TXT) as part of the 5-minute update. I've also produced reports and named them NOAAyyyy.TXT for yearly reports and NOAAyyyy-mm.TXT for monthly reports. These I've uploaded (monthly) to a sub-directory on the website /NOAA-reports.

Version 1.04 (01-Dec-2007) adds a new feature for WeatherLink users to create new NOAAyyyy-mm.TXT and NOAAyyyy.TXT files from the respective NOAAPRMO.TXT and NOAAPRYR.TXT files when the month/year rolls over. It will copy the appropriate file to the $NOAAdir and name it so you have no monthly maintenance to do (except to view the NOAA reports page on the first of each month).

The NOAA-reports.php will read the sub-directory, sort the filenames produce a menu of available names, and display the file requested. It automatically uses NOAAMO.TXT and NOAAYR.TXT (WeatherLink version) for the current monthly and current yearly files. The nice thing about the script is it strictly controls what can be displayed (existing files only, no directory browsing). The following is a live display of WeatherLink produced NOAA style reports for this station.

<?php $doInclude = true; require("NOAA-reports-test.php"); ?>
2018: Jan | Feb | Mar | Apr | May | Jun | Jul | Aug | Sep | Oct | Nov | Dec 
2017: Jan | Feb | Mar | Apr | May | Jun | Jul | Aug | Sep | Oct | Nov | Dec 
2016: Jan | Feb | Mar | Apr | May | Jun | Jul | Aug | Sep | Oct | Nov | Dec 
2015: Jan | Feb | Mar | Apr | May | Jun | Jul | Aug | Sep | Oct | Nov | Dec 
2014: Jan | Feb | Mar | Apr | May | Jun | Jul | Aug | Sep | Oct | Nov | Dec 
2013: Jan | Feb | Mar | Apr | May | Jun | Jul | Aug | Sep | Oct | Nov | Dec 
2012: Jan | Feb | Mar | Apr | May | Jun | Jul | Aug | Sep | Oct | Nov | Dec 
2011: Jan | Feb | Mar | Apr | May | Jun | Jul | Aug | Sep | Oct | Nov | Dec 
2010: Jan | Feb | Mar | Apr | May | Jun | Jul | Aug | Sep | Oct | Nov | Dec 
2009: Jan | Feb | Mar | Apr | May | Jun | Jul | Aug | Sep | Oct | Nov | Dec 
2008: Jan | Feb | Mar | Apr | May | Jun | Jul | Aug | Sep | Oct | Nov | Dec 
2007: Jan | Feb | Mar | Apr | May | Jun | Jul | Aug | Sep | Oct | Nov | Dec 
2006: Jan | Feb | Mar | Apr | May | Jun | Jul | Aug | Sep | Oct | Nov | Dec 
2005: Jan | Feb | Mar | Apr | May | Jun | Jul | Aug | Sep | Oct | Nov | Dec 
2004: Jan | Feb | Mar | Apr | May | Jun | Jul | Aug | Sep | Oct | Nov | Dec 

Report for 2011 05
MONTHLY CLIMATOLOGICAL SUMMARY for MAY. 2011 NAME: KCASARAT1 CITY: Saratoga STATE: CA ELEV: 375 ft LAT: 37 16' 28" N LONG: 122 01' 23" W TEMPERATURE (F), RAIN (in), WIND SPEED (mph) HEAT COOL AVG MEAN DEG DEG WIND DOM DAY TEMP HIGH TIME LOW TIME DAYS DAYS RAIN SPEED HIGH TIME DIR ------------------------------------------------------------------------------------ 1 62.5 81.1 3:50p 43.1 6:35a 7.3 4.8 0.00 1.1 13.0 12:30p NW 2 62.2 78.6 2:50p 45.8 6:40a 6.4 3.6 0.00 0.9 13.0 3:30p N 3 61.6 77.9 4:30p 46.7 4:35a 6.8 3.4 0.00 1.1 13.0 2:00p NW 4 70.2 89.5 4:30p 51.1 4:00a 3.9 9.2 0.00 1.2 14.0 9:50a NW 5 72.0 91.6 1:50p 55.0 5:30a 2.9 9.9 0.00 0.6 11.0 1:20p NW 6 60.1 71.8 11:10a 49.2 12:00m 6.3 1.4 0.00 1.1 13.0 4:20p NE 7 56.0 70.3 3:40p 44.5 6:15a 9.5 0.5 0.00 1.1 16.0 4:40p NW 8 54.6 62.7 4:00p 48.2 11:55p 10.4 0.0 0.00 1.6 17.0 6:30p NW 9 55.7 70.9 4:35p 43.1 6:40a 10.0 0.8 0.00 1.0 14.0 2:00p NW 10 58.4 76.0 2:10p 43.8 6:25a 8.8 2.2 0.00 1.3 14.0 1:50p N 11 56.7 67.1 12:30p 49.4 12:00m 8.4 0.1 0.00 0.9 14.0 1:20p NE 12 58.6 74.2 3:35p 45.2 5:10a 8.4 1.9 0.00 1.1 13.0 12:45p NNE 13 57.2 70.8 12:10p 43.2 6:25a 8.9 1.1 0.00 1.1 12.0 1:05p NNE 14 53.5 62.6 3:55p 46.7 2:50a 11.5 0.0 0.19 0.7 19.0 7:30p WSW 15 50.8 59.2 11:45a 42.8 3:55a 14.2 0.0 0.15 1.3 16.0 12:25p S 16 52.2 59.9 12:40p 48.0 6:30a 12.8 0.0 0.08 1.9 21.0 4:35p ESE 17 52.5 58.1 3:30p 48.5 12:20a 12.5 0.0 0.10 1.8 17.0 12:50p ESE 18 55.5 68.4 4:25p 48.8 11:55p 9.7 0.2 0.04 1.6 14.0 2:25p NW 19 59.3 77.7 3:15p 42.6 6:25a 8.7 3.0 0.00 1.1 18.0 2:15p N 20 59.2 74.4 2:05p 49.9 1:05a 7.2 1.4 0.00 1.0 13.0 3:45p NNE 21 59.5 76.0 2:40p 46.8 6:15a 7.9 2.4 0.00 1.1 17.0 2:40p WSW 22 56.0 71.1 1:45p 44.8 6:30a 9.4 0.5 0.00 1.2 13.0 11:55a W 23 57.0 72.8 3:20p 49.5 6:05a 8.8 0.7 0.00 1.6 16.0 5:15p W 24 57.0 69.8 2:55p 43.9 6:10a 8.8 0.8 0.00 1.1 13.0 4:05p NW 25 55.8 68.9 4:30p 44.5 6:35a 9.5 0.3 0.00 0.9 14.0 11:40a NW 26 55.9 67.3 4:05p 45.1 6:20a 9.2 0.1 0.00 1.7 16.0 12:00p NW 27 58.4 74.7 3:40p 46.2 4:10a 8.0 1.4 0.00 1.1 18.0 2:40p NW 28 56.0 68.6 12:45p 46.2 4:00a 9.2 0.2 0.01 1.5 19.0 8:50p NW 29 56.5 71.8 4:10p 44.1 6:30a 9.4 1.0 0.00 2.5 18.0 12:50p NW 30 56.3 67.6 1:45p 46.0 5:55a 8.9 0.2 0.00 1.1 14.0 3:00p WSW 31 55.9 63.4 1:05p 48.9 12:00m 9.1 0.0 0.00 1.5 17.0 5:00p S ------------------------------------------------------------------------------------- 57.8 91.6 5 42.6 19 272.8 51.1 0.57 1.3 21.0 16 NW Max >= 90.0: 1 Max <= 32.0: 0 Min <= 32.0: 0 Min <= 0.0: 0 Max Rain: 0.19 ON 05/14/11 Days of Rain: 5 (>.01 in) 2 (>.1 in) 0 (>1 in) Heat Base: 65.0 Cool Base: 65.0 Method: Integration

Downloads .. please customize for your directory and file naming convention ( WL or VWS).
Download WeatherLink/ VWS version (V1.07 - 11-Aug-2017) [ see version history ]

deformed-offering