deformed-offering

Weather station scripts - NOAA Climate Report display

They're free, but use at your own risk

The scripts referenced here are used in the operation of this weather station, and may be freely copied and used to support your station. Please note that you use these scripts at your own risk. No warranty is expressed or implied. I accept no liability for any damages that may ensue from their use.
You will need to configure them for your own particular weather station website.
RSS feed for Scripts Updates A RSS Feed is available to help keep you informed on updates to the scripts.

If you find one or more of the scripts useful to you, please consider making a donation to help offset the routine expenses of operation of this website.
Thanks for your kind support!

A Version History is available -- check back from time to time to see if there are updates to scripts you have downloaded earlier. Announcements of version updates and new scripts are made on WXForum.net and Weather-Watch forums and saratogaWXPHP Twitter account as they become available.

This page was updated Friday, 11-Aug-2017 10:11 AM

PHP Scripts (run on webserver)

These scripts have run on PHP 4.1.2, and PHP 4.4.1. I don't have access to PHP 3.x, so it is not known if they will work on versions below PHP 4.1.2. If you try them and they work (or not) on earlier versions of PHP, please send me a message at webmaster[at]saratoga-weather.org and let me know the results.

Display .TXT NOAA style forecasts PHP

I needed to safely display a series of .TXT files (NOAA style climate reports) using the overall style of the website. My WeatherLink software produces regular reports (NOAAMO.TXT, NOAAPRMO.TXT, NOAAYR.TXT, NOAAPRYR.TXT) as part of the 5-minute update. I've also produced reports and named them NOAAyyyy.TXT for yearly reports and NOAAyyyy-mm.TXT for monthly reports. These I've uploaded (monthly) to a sub-directory on the website /NOAA-reports.

Version 1.04 (01-Dec-2007) adds a new feature for WeatherLink users to create new NOAAyyyy-mm.TXT and NOAAyyyy.TXT files from the respective NOAAPRMO.TXT and NOAAPRYR.TXT files when the month/year rolls over. It will copy the appropriate file to the $NOAAdir and name it so you have no monthly maintenance to do (except to view the NOAA reports page on the first of each month).

The NOAA-reports.php will read the sub-directory, sort the filenames produce a menu of available names, and display the file requested. It automatically uses NOAAMO.TXT and NOAAYR.TXT (WeatherLink version) for the current monthly and current yearly files. The nice thing about the script is it strictly controls what can be displayed (existing files only, no directory browsing). The following is a live display of WeatherLink produced NOAA style reports for this station.

<?php $doInclude = true; require("NOAA-reports-test.php"); ?>
2018: Jan | Feb | Mar | Apr | May | Jun | Jul | Aug | Sep | Oct | Nov | Dec 
2017: Jan | Feb | Mar | Apr | May | Jun | Jul | Aug | Sep | Oct | Nov | Dec 
2016: Jan | Feb | Mar | Apr | May | Jun | Jul | Aug | Sep | Oct | Nov | Dec 
2015: Jan | Feb | Mar | Apr | May | Jun | Jul | Aug | Sep | Oct | Nov | Dec 
2014: Jan | Feb | Mar | Apr | May | Jun | Jul | Aug | Sep | Oct | Nov | Dec 
2013: Jan | Feb | Mar | Apr | May | Jun | Jul | Aug | Sep | Oct | Nov | Dec 
2012: Jan | Feb | Mar | Apr | May | Jun | Jul | Aug | Sep | Oct | Nov | Dec 
2011: Jan | Feb | Mar | Apr | May | Jun | Jul | Aug | Sep | Oct | Nov | Dec 
2010: Jan | Feb | Mar | Apr | May | Jun | Jul | Aug | Sep | Oct | Nov | Dec 
2009: Jan | Feb | Mar | Apr | May | Jun | Jul | Aug | Sep | Oct | Nov | Dec 
2008: Jan | Feb | Mar | Apr | May | Jun | Jul | Aug | Sep | Oct | Nov | Dec 
2007: Jan | Feb | Mar | Apr | May | Jun | Jul | Aug | Sep | Oct | Nov | Dec 
2006: Jan | Feb | Mar | Apr | May | Jun | Jul | Aug | Sep | Oct | Nov | Dec 
2005: Jan | Feb | Mar | Apr | May | Jun | Jul | Aug | Sep | Oct | Nov | Dec 
2004: Jan | Feb | Mar | Apr | May | Jun | Jul | Aug | Sep | Oct | Nov | Dec 

Report for 2011 04
MONTHLY CLIMATOLOGICAL SUMMARY for APR. 2011 NAME: KCASARAT1 CITY: Saratoga STATE: CA ELEV: 375 ft LAT: 37 16' 28" N LONG: 122 01' 23" W TEMPERATURE (F), RAIN (in), WIND SPEED (mph) HEAT COOL AVG MEAN DEG DEG WIND DOM DAY TEMP HIGH TIME LOW TIME DAYS DAYS RAIN SPEED HIGH TIME DIR ------------------------------------------------------------------------------------ 1 67.0 87.0 3:40p 49.8 7:05a 4.4 6.4 0.00 0.7 11.0 4:40p NW 2 57.1 67.4 1:05p 47.3 12:00m 8.0 0.1 0.00 0.5 10.0 2:10p NW 3 54.5 68.4 4:10p 41.2 7:10a 10.9 0.4 0.00 1.0 12.0 2:20p NW 4 61.3 80.9 3:05p 42.2 7:05a 7.9 4.2 0.00 0.9 12.0 11:05a NW 5 57.6 72.1 12:50p 46.5 7:00a 8.5 1.2 0.00 1.1 16.0 1:20p NW 6 53.5 68.9 2:25p 42.3 7:05a 11.8 0.3 0.00 1.3 14.0 3:00p W 7 48.4 55.4 1:15p 42.9 11:20p 16.6 0.0 0.13 2.6 19.0 2:55p NW 8 47.2 58.9 3:20p 39.2 7:10a 17.8 0.0 0.03 1.1 16.0 12:10p NW 9 49.7 65.6 1:55p 35.9 6:10a 15.3 0.0 0.00 1.2 16.0 5:45p W 10 50.8 63.5 4:15p 38.5 6:05a 14.2 0.0 0.00 1.0 13.0 2:00p NW 11 52.2 63.9 2:25p 42.3 6:30a 12.8 0.0 0.00 1.5 16.0 1:45p NW 12 50.6 64.3 4:00p 38.8 6:45a 14.4 0.0 0.00 1.4 14.0 2:45p NW 13 50.2 62.0 2:50p 41.9 12:00m 14.8 0.0 0.04 1.2 14.0 2:55p W 14 50.8 62.9 4:05p 39.1 3:00a 14.2 0.0 0.00 1.2 12.0 1:00p NW 15 57.5 71.3 2:50p 42.8 6:40a 8.8 1.4 0.00 1.5 14.0 3:15p NW 16 61.2 73.3 3:25p 51.9 6:55a 5.8 1.9 0.00 1.5 18.0 5:00p NNW 17 60.6 72.3 3:40p 54.7 3:20a 5.7 1.2 0.00 1.0 12.0 2:00p N 18 59.8 67.4 10:50a 54.8 2:00a 5.2 0.1 0.00 0.4 10.0 5:05p NNW 19 61.5 71.1 3:40p 54.7 3:50a 4.7 1.2 0.00 0.9 12.0 3:00p N 20 58.1 69.1 1:50p 52.8 6:00a 7.2 0.2 0.00 2.1 17.0 1:55p ESE 21 57.2 66.1 12:05p 47.9 11:55p 7.9 0.0 0.00 1.6 14.0 4:20p NW 22 52.6 66.1 1:35p 42.1 6:45a 12.4 0.0 0.00 0.7 12.0 2:30p NW 23 56.4 68.4 12:45p 46.5 12:55a 8.9 0.3 0.00 1.0 17.0 1:25p ESE 24 58.5 68.1 1:35p 51.4 10:45p 6.9 0.4 0.00 1.4 16.0 11:30a W 25 57.4 70.6 2:15p 47.4 12:00m 8.2 0.5 0.00 1.3 13.0 1:50p NW 26 54.4 68.4 3:35p 41.5 6:45a 10.9 0.3 0.00 1.8 17.0 4:45p NW 27 55.9 70.8 2:55p 41.8 6:05a 9.9 0.8 0.00 0.8 12.0 2:15p N 28 55.4 67.9 12:20p 46.1 3:55a 9.9 0.3 0.00 1.6 18.0 7:20p NW 29 54.4 67.6 4:45p 42.5 5:40a 10.9 0.3 0.00 2.5 20.0 12:15p NW 30 61.3 73.9 5:15p 50.5 11:45p 5.9 2.2 0.00 3.1 19.0 6:05p NW ------------------------------------------------------------------------------------- 55.8 87.0 1 35.9 9 300.8 23.7 0.20 1.3 20.0 29 NW Max >= 90.0: 0 Max <= 32.0: 0 Min <= 32.0: 0 Min <= 0.0: 0 Max Rain: 0.13 ON 04/07/11 Days of Rain: 3 (>.01 in) 1 (>.1 in) 0 (>1 in) Heat Base: 65.0 Cool Base: 65.0 Method: Integration

Downloads .. please customize for your directory and file naming convention ( WL or VWS).
Download WeatherLink/ VWS version (V1.07 - 11-Aug-2017) [ see version history ]

deformed-offering