deformed-offering

Weather station scripts - NOAA Climate Report display

They're free, but use at your own risk

The scripts referenced here are used in the operation of this weather station, and may be freely copied and used to support your station. Please note that you use these scripts at your own risk. No warranty is expressed or implied. I accept no liability for any damages that may ensue from their use.
You will need to configure them for your own particular weather station website.
RSS feed for Scripts Updates A RSS Feed is available to help keep you informed on updates to the scripts.

If you find one or more of the scripts useful to you, please consider making a donation to help offset the routine expenses of operation of this website.
Thanks for your kind support!

A Version History is available -- check back from time to time to see if there are updates to scripts you have downloaded earlier. Announcements of version updates and new scripts are made on WXForum.net and Weather-Watch forums and saratogaWXPHP Twitter account as they become available.

This page was updated Friday, 11-Aug-2017 10:11 AM

PHP Scripts (run on webserver)

These scripts have run on PHP 4.1.2, and PHP 4.4.1. I don't have access to PHP 3.x, so it is not known if they will work on versions below PHP 4.1.2. If you try them and they work (or not) on earlier versions of PHP, please send me a message at webmaster[at]saratoga-weather.org and let me know the results.

Display .TXT NOAA style forecasts PHP

I needed to safely display a series of .TXT files (NOAA style climate reports) using the overall style of the website. My WeatherLink software produces regular reports (NOAAMO.TXT, NOAAPRMO.TXT, NOAAYR.TXT, NOAAPRYR.TXT) as part of the 5-minute update. I've also produced reports and named them NOAAyyyy.TXT for yearly reports and NOAAyyyy-mm.TXT for monthly reports. These I've uploaded (monthly) to a sub-directory on the website /NOAA-reports.

Version 1.04 (01-Dec-2007) adds a new feature for WeatherLink users to create new NOAAyyyy-mm.TXT and NOAAyyyy.TXT files from the respective NOAAPRMO.TXT and NOAAPRYR.TXT files when the month/year rolls over. It will copy the appropriate file to the $NOAAdir and name it so you have no monthly maintenance to do (except to view the NOAA reports page on the first of each month).

The NOAA-reports.php will read the sub-directory, sort the filenames produce a menu of available names, and display the file requested. It automatically uses NOAAMO.TXT and NOAAYR.TXT (WeatherLink version) for the current monthly and current yearly files. The nice thing about the script is it strictly controls what can be displayed (existing files only, no directory browsing). The following is a live display of WeatherLink produced NOAA style reports for this station.

<?php $doInclude = true; require("NOAA-reports-test.php"); ?>
2018: Jan | Feb | Mar | Apr | May | Jun | Jul | Aug | Sep | Oct | Nov | Dec 
2017: Jan | Feb | Mar | Apr | May | Jun | Jul | Aug | Sep | Oct | Nov | Dec 
2016: Jan | Feb | Mar | Apr | May | Jun | Jul | Aug | Sep | Oct | Nov | Dec 
2015: Jan | Feb | Mar | Apr | May | Jun | Jul | Aug | Sep | Oct | Nov | Dec 
2014: Jan | Feb | Mar | Apr | May | Jun | Jul | Aug | Sep | Oct | Nov | Dec 
2013: Jan | Feb | Mar | Apr | May | Jun | Jul | Aug | Sep | Oct | Nov | Dec 
2012: Jan | Feb | Mar | Apr | May | Jun | Jul | Aug | Sep | Oct | Nov | Dec 
2011: Jan | Feb | Mar | Apr | May | Jun | Jul | Aug | Sep | Oct | Nov | Dec 
2010: Jan | Feb | Mar | Apr | May | Jun | Jul | Aug | Sep | Oct | Nov | Dec 
2009: Jan | Feb | Mar | Apr | May | Jun | Jul | Aug | Sep | Oct | Nov | Dec 
2008: Jan | Feb | Mar | Apr | May | Jun | Jul | Aug | Sep | Oct | Nov | Dec 
2007: Jan | Feb | Mar | Apr | May | Jun | Jul | Aug | Sep | Oct | Nov | Dec 
2006: Jan | Feb | Mar | Apr | May | Jun | Jul | Aug | Sep | Oct | Nov | Dec 
2005: Jan | Feb | Mar | Apr | May | Jun | Jul | Aug | Sep | Oct | Nov | Dec 
2004: Jan | Feb | Mar | Apr | May | Jun | Jul | Aug | Sep | Oct | Nov | Dec 

Report for 2011 02
MONTHLY CLIMATOLOGICAL SUMMARY for FEB. 2011 NAME: KCASARAT1 CITY: Saratoga STATE: CA ELEV: 375 ft LAT: 37 16' 28" N LONG: 122 01' 23" W TEMPERATURE (F), RAIN (in), WIND SPEED (mph) HEAT COOL AVG MEAN DEG DEG WIND DOM DAY TEMP HIGH TIME LOW TIME DAYS DAYS RAIN SPEED HIGH TIME DIR ------------------------------------------------------------------------------------ 1 50.4 63.9 3:15p 40.2 12:00m 14.6 0.0 0.00 0.6 12.0 3:50p NW 2 47.3 62.7 3:20p 36.8 7:50a 17.7 0.0 0.00 0.2 12.0 10:25a NW 3 48.1 63.5 3:30p 35.3 7:25a 16.9 0.0 0.00 0.1 11.0 2:05p NW 4 52.4 70.4 3:35p 37.9 7:00a 13.4 0.8 0.00 0.1 10.0 12:00p NW 5 60.6 75.1 3:10p 43.9 4:20a 7.3 3.0 0.00 1.3 17.0 10:55p NW 6 65.0 74.9 1:15p 52.8 12:00m 2.6 2.6 0.00 1.4 16.0 12:25a NW 7 56.5 73.0 1:10p 44.5 7:15a 9.9 1.4 0.00 0.4 12.0 1:55p NNW 8 51.8 60.4 2:20p 43.3 9:25p 13.2 0.0 0.00 2.9 21.0 9:50a NW 9 48.7 61.8 2:45p 37.6 4:05a 16.3 0.0 0.00 0.5 11.0 11:10a NW 10 49.0 64.3 3:50p 36.5 5:35a 16.0 0.0 0.00 0.2 8.0 1:55p NW 11 50.9 71.5 3:25p 35.9 7:10a 14.7 0.6 0.00 0.1 7.0 4:05p NW 12 51.8 71.6 3:55p 38.0 7:15a 14.1 0.8 0.00 0.3 8.0 4:30p N 13 50.0 66.6 2:40p 36.2 7:30a 15.1 0.1 0.00 0.8 17.0 11:35p ESE 14 52.6 56.0 1:30p 46.5 6:55a 12.4 0.0 0.08 2.0 21.0 2:25a E 15 54.6 61.5 1:15p 51.0 10:55p 10.4 0.0 0.36 4.5 33.0 7:20p S 16 47.7 53.8 12:00p 43.3 7:05p 17.3 0.0 0.80 1.2 25.0 12:40a W 17 44.1 46.1 9:45a 41.3 6:25a 20.9 0.0 1.94 2.0 21.0 10:00a ESE 18 42.3 44.8 3:55p 37.8 11:30p 22.7 0.0 1.07 0.9 14.0 11:30p NW 19 40.0 43.1 10:00a 35.9 5:25a 25.0 0.0 0.50 0.6 13.0 11:30a NW 20 44.1 54.4 1:00p 35.5 6:50a 20.9 0.0 0.01 0.4 10.0 1:55p NW 21 42.9 55.1 4:30p 33.8 4:40a 22.1 0.0 0.00 0.5 11.0 1:25p ESE 22 46.2 58.7 3:10p 35.9 4:25a 18.8 0.0 0.00 0.6 11.0 12:45p NW 23 45.0 57.0 12:50p 35.3 5:00a 20.0 0.0 0.00 0.3 13.0 2:25p NW 24 45.5 54.8 11:35a 36.3 3:35a 19.5 0.0 0.15 0.2 10.0 3:20p ESE 25 46.8 52.3 9:20a 35.5 12:00m 18.2 0.0 1.37 2.6 27.0 6:40a NW 26 39.0 47.4 3:55p 32.1 6:50a 26.0 0.0 0.06 1.1 16.0 1:15p NW 27 43.8 59.3 2:50p 30.7 6:20a 21.2 0.0 0.00 0.2 11.0 3:55p E 28 45.2 59.6 2:25p 32.4 6:50a 19.8 0.0 0.00 0.4 15.0 12:30p S ------------------------------------------------------------------------------------- 48.7 75.1 5 30.7 27 467.0 9.3 6.34 0.9 33.0 15 NW Max >= 90.0: 0 Max <= 32.0: 0 Min <= 32.0: 1 Min <= 0.0: 0 Max Rain: 1.94 ON 02/17/11 Days of Rain: 9 (>.01 in) 7 (>.1 in) 3 (>1 in) Heat Base: 65.0 Cool Base: 65.0 Method: Integration

Downloads .. please customize for your directory and file naming convention ( WL or VWS).
Download WeatherLink/ VWS version (V1.07 - 11-Aug-2017) [ see version history ]

deformed-offering