deformed-offering

Weather station scripts - NOAA Climate Report display

They're free, but use at your own risk

The scripts referenced here are used in the operation of this weather station, and may be freely copied and used to support your station. Please note that you use these scripts at your own risk. No warranty is expressed or implied. I accept no liability for any damages that may ensue from their use.
You will need to configure them for your own particular weather station website.
RSS feed for Scripts Updates A RSS Feed is available to help keep you informed on updates to the scripts.

If you find one or more of the scripts useful to you, please consider making a donation to help offset the routine expenses of operation of this website.
Thanks for your kind support!

A Version History is available -- check back from time to time to see if there are updates to scripts you have downloaded earlier. Announcements of version updates and new scripts are made on WXForum.net and Weather-Watch forums and saratogaWXPHP Twitter account as they become available.

This page was updated Friday, 11-Aug-2017 10:11 AM

PHP Scripts (run on webserver)

These scripts have run on PHP 4.1.2, and PHP 4.4.1. I don't have access to PHP 3.x, so it is not known if they will work on versions below PHP 4.1.2. If you try them and they work (or not) on earlier versions of PHP, please send me a message at webmaster[at]saratoga-weather.org and let me know the results.

Display .TXT NOAA style forecasts PHP

I needed to safely display a series of .TXT files (NOAA style climate reports) using the overall style of the website. My WeatherLink software produces regular reports (NOAAMO.TXT, NOAAPRMO.TXT, NOAAYR.TXT, NOAAPRYR.TXT) as part of the 5-minute update. I've also produced reports and named them NOAAyyyy.TXT for yearly reports and NOAAyyyy-mm.TXT for monthly reports. These I've uploaded (monthly) to a sub-directory on the website /NOAA-reports.

Version 1.04 (01-Dec-2007) adds a new feature for WeatherLink users to create new NOAAyyyy-mm.TXT and NOAAyyyy.TXT files from the respective NOAAPRMO.TXT and NOAAPRYR.TXT files when the month/year rolls over. It will copy the appropriate file to the $NOAAdir and name it so you have no monthly maintenance to do (except to view the NOAA reports page on the first of each month).

The NOAA-reports.php will read the sub-directory, sort the filenames produce a menu of available names, and display the file requested. It automatically uses NOAAMO.TXT and NOAAYR.TXT (WeatherLink version) for the current monthly and current yearly files. The nice thing about the script is it strictly controls what can be displayed (existing files only, no directory browsing). The following is a live display of WeatherLink produced NOAA style reports for this station.

<?php $doInclude = true; require("NOAA-reports-test.php"); ?>
2018: Jan | Feb | Mar | Apr | May | Jun | Jul | Aug | Sep | Oct | Nov | Dec 
2017: Jan | Feb | Mar | Apr | May | Jun | Jul | Aug | Sep | Oct | Nov | Dec 
2016: Jan | Feb | Mar | Apr | May | Jun | Jul | Aug | Sep | Oct | Nov | Dec 
2015: Jan | Feb | Mar | Apr | May | Jun | Jul | Aug | Sep | Oct | Nov | Dec 
2014: Jan | Feb | Mar | Apr | May | Jun | Jul | Aug | Sep | Oct | Nov | Dec 
2013: Jan | Feb | Mar | Apr | May | Jun | Jul | Aug | Sep | Oct | Nov | Dec 
2012: Jan | Feb | Mar | Apr | May | Jun | Jul | Aug | Sep | Oct | Nov | Dec 
2011: Jan | Feb | Mar | Apr | May | Jun | Jul | Aug | Sep | Oct | Nov | Dec 
2010: Jan | Feb | Mar | Apr | May | Jun | Jul | Aug | Sep | Oct | Nov | Dec 
2009: Jan | Feb | Mar | Apr | May | Jun | Jul | Aug | Sep | Oct | Nov | Dec 
2008: Jan | Feb | Mar | Apr | May | Jun | Jul | Aug | Sep | Oct | Nov | Dec 
2007: Jan | Feb | Mar | Apr | May | Jun | Jul | Aug | Sep | Oct | Nov | Dec 
2006: Jan | Feb | Mar | Apr | May | Jun | Jul | Aug | Sep | Oct | Nov | Dec 
2005: Jan | Feb | Mar | Apr | May | Jun | Jul | Aug | Sep | Oct | Nov | Dec 
2004: Jan | Feb | Mar | Apr | May | Jun | Jul | Aug | Sep | Oct | Nov | Dec 

Report for 2010 09
MONTHLY CLIMATOLOGICAL SUMMARY for SEP. 2010 NAME: KCASARAT1 CITY: Saratoga STATE: CA ELEV: 375 ft LAT: 37 16' 28" N LONG: 122 01' 23" W TEMPERATURE (F), RAIN (in), WIND SPEED (mph) HEAT COOL AVG MEAN DEG DEG WIND DOM DAY TEMP HIGH TIME LOW TIME DAYS DAYS RAIN SPEED HIGH TIME DIR ------------------------------------------------------------------------------------ 1 74.8 95.1 3:40p 55.9 6:20a 2.4 12.1 0.00 0.6 11.0 2:45p NW 2 78.2 96.3 2:35p 62.3 7:05a 0.3 13.6 0.00 0.7 12.0 3:10p NNE 3 70.4 88.0 2:35p 56.2 7:00a 2.1 7.5 0.00 0.6 10.0 3:05p N 4 65.3 83.6 2:50p 53.6 4:35a 4.2 4.5 0.00 0.6 10.0 3:35p NW 5 65.8 83.4 2:20p 51.3 6:05a 4.6 5.4 0.00 0.6 11.0 4:20p NNW 6 71.3 92.9 3:50p 53.3 7:00a 3.3 9.7 0.00 0.8 13.0 3:50p NW 7 64.6 79.0 1:25p 52.2 7:00a 3.7 3.4 0.00 1.0 13.0 2:30p NW 8 62.5 73.7 1:40p 57.0 11:20p 3.6 1.1 0.00 0.9 16.0 4:05p NW 9 62.5 75.6 3:35p 50.2 5:50a 5.3 2.8 0.00 1.1 14.0 5:10p NW 10 65.6 84.3 3:30p 48.3 6:35a 5.4 6.0 0.00 0.7 12.0 5:05p NNW 11 69.9 87.6 4:05p 54.1 7:05a 3.1 8.0 0.00 0.8 13.0 2:00p N 12 63.7 76.8 3:10p 53.2 6:05a 4.4 3.0 0.00 0.8 11.0 2:25p NW 13 61.3 74.4 3:35p 54.2 6:45a 5.3 1.6 0.00 0.7 11.0 2:35p NW 14 62.2 75.8 3:15p 52.6 7:20a 5.4 2.6 0.00 0.7 11.0 4:00p NW 15 61.2 74.9 2:00p 50.5 2:25a 5.7 1.9 0.00 0.8 13.0 2:10p NW 16 64.8 78.3 4:20p 49.9 6:35a 4.4 4.3 0.00 0.7 12.0 1:15p NNE 17 66.6 73.7 4:50p 62.1 5:50a 0.7 2.3 0.00 0.4 10.0 5:55p NNW 18 66.8 77.2 1:50p 60.7 7:40a 1.3 3.1 0.00 0.6 12.0 2:30p ENE 19 64.4 76.8 3:10p 54.7 6:05a 3.2 2.6 0.00 0.9 13.0 3:50p NW 20 65.3 78.8 3:25p 52.8 6:40a 3.9 4.1 0.00 1.0 14.0 3:40p NW 21 59.6 72.8 3:05p 49.1 6:00a 6.6 1.3 0.00 1.1 14.0 11:55a NW 22 60.3 73.5 2:05p 51.0 4:05a 6.1 1.5 0.00 1.3 14.0 10:45a NW 23 62.4 81.1 4:35p 46.2 6:50a 7.0 4.4 0.00 0.7 12.0 5:00p NW 24 68.1 89.0 3:15p 50.1 6:10a 4.9 8.1 0.00 0.6 10.0 11:20a NW 25 73.4 95.6 4:30p 55.1 7:05a 2.6 11.0 0.00 0.4 8.0 3:35p NW 26 71.9 91.6 2:35p 54.5 7:25a 2.3 9.2 0.00 0.4 8.0 12:55p NNW 27 76.1 99.2 4:30p 55.1 7:05a 2.1 13.2 0.00 0.3 8.0 2:40p N 28 80.5 99.7 4:10p 62.9 7:10a 0.2 15.7 0.00 0.3 10.0 3:20p NNE 29 77.3 97.1 2:30p 62.6 7:15a 0.2 12.4 0.00 0.4 11.0 3:35p NNW 30 67.7 84.1 2:40p 55.0 7:20a 2.9 5.6 0.00 0.5 10.0 2:45p NNW ------------------------------------------------------------------------------------- 67.5 99.7 28 46.2 23 107.2 182.0 0.00 0.7 16.0 8 NW Max >= 90.0: 8 Max <= 32.0: 0 Min <= 32.0: 0 Min <= 0.0: 0 Max Rain: 0.00 ON 09/01/10 Days of Rain: 0 (>.01 in) 0 (>.1 in) 0 (>1 in) Heat Base: 65.0 Cool Base: 65.0 Method: Integration

Downloads .. please customize for your directory and file naming convention ( WL or VWS).
Download WeatherLink/ VWS version (V1.07 - 11-Aug-2017) [ see version history ]

deformed-offering