deformed-offering

Weather station scripts - NOAA Climate Report display

They're free, but use at your own risk

The scripts referenced here are used in the operation of this weather station, and may be freely copied and used to support your station. Please note that you use these scripts at your own risk. No warranty is expressed or implied. I accept no liability for any damages that may ensue from their use.
You will need to configure them for your own particular weather station website.
RSS feed for Scripts Updates A RSS Feed is available to help keep you informed on updates to the scripts.

If you find one or more of the scripts useful to you, please consider making a donation to help offset the routine expenses of operation of this website.
Thanks for your kind support!

A Version History is available -- check back from time to time to see if there are updates to scripts you have downloaded earlier. Announcements of version updates and new scripts are made on WXForum.net and Weather-Watch forums and saratogaWXPHP Twitter account as they become available.

This page was updated Friday, 11-Aug-2017 10:11 AM

PHP Scripts (run on webserver)

These scripts have run on PHP 4.1.2, and PHP 4.4.1. I don't have access to PHP 3.x, so it is not known if they will work on versions below PHP 4.1.2. If you try them and they work (or not) on earlier versions of PHP, please send me a message at webmaster[at]saratoga-weather.org and let me know the results.

Display .TXT NOAA style forecasts PHP

I needed to safely display a series of .TXT files (NOAA style climate reports) using the overall style of the website. My WeatherLink software produces regular reports (NOAAMO.TXT, NOAAPRMO.TXT, NOAAYR.TXT, NOAAPRYR.TXT) as part of the 5-minute update. I've also produced reports and named them NOAAyyyy.TXT for yearly reports and NOAAyyyy-mm.TXT for monthly reports. These I've uploaded (monthly) to a sub-directory on the website /NOAA-reports.

Version 1.04 (01-Dec-2007) adds a new feature for WeatherLink users to create new NOAAyyyy-mm.TXT and NOAAyyyy.TXT files from the respective NOAAPRMO.TXT and NOAAPRYR.TXT files when the month/year rolls over. It will copy the appropriate file to the $NOAAdir and name it so you have no monthly maintenance to do (except to view the NOAA reports page on the first of each month).

The NOAA-reports.php will read the sub-directory, sort the filenames produce a menu of available names, and display the file requested. It automatically uses NOAAMO.TXT and NOAAYR.TXT (WeatherLink version) for the current monthly and current yearly files. The nice thing about the script is it strictly controls what can be displayed (existing files only, no directory browsing). The following is a live display of WeatherLink produced NOAA style reports for this station.

<?php $doInclude = true; require("NOAA-reports-test.php"); ?>
2018: Jan | Feb | Mar | Apr | May | Jun | Jul | Aug | Sep | Oct | Nov | Dec 
2017: Jan | Feb | Mar | Apr | May | Jun | Jul | Aug | Sep | Oct | Nov | Dec 
2016: Jan | Feb | Mar | Apr | May | Jun | Jul | Aug | Sep | Oct | Nov | Dec 
2015: Jan | Feb | Mar | Apr | May | Jun | Jul | Aug | Sep | Oct | Nov | Dec 
2014: Jan | Feb | Mar | Apr | May | Jun | Jul | Aug | Sep | Oct | Nov | Dec 
2013: Jan | Feb | Mar | Apr | May | Jun | Jul | Aug | Sep | Oct | Nov | Dec 
2012: Jan | Feb | Mar | Apr | May | Jun | Jul | Aug | Sep | Oct | Nov | Dec 
2011: Jan | Feb | Mar | Apr | May | Jun | Jul | Aug | Sep | Oct | Nov | Dec 
2010: Jan | Feb | Mar | Apr | May | Jun | Jul | Aug | Sep | Oct | Nov | Dec 
2009: Jan | Feb | Mar | Apr | May | Jun | Jul | Aug | Sep | Oct | Nov | Dec 
2008: Jan | Feb | Mar | Apr | May | Jun | Jul | Aug | Sep | Oct | Nov | Dec 
2007: Jan | Feb | Mar | Apr | May | Jun | Jul | Aug | Sep | Oct | Nov | Dec 
2006: Jan | Feb | Mar | Apr | May | Jun | Jul | Aug | Sep | Oct | Nov | Dec 
2005: Jan | Feb | Mar | Apr | May | Jun | Jul | Aug | Sep | Oct | Nov | Dec 
2004: Jan | Feb | Mar | Apr | May | Jun | Jul | Aug | Sep | Oct | Nov | Dec 

Report for 2010 02
MONTHLY CLIMATOLOGICAL SUMMARY for FEB. 2010 NAME: KCASARAT1 CITY: Saratoga STATE: CA ELEV: 375 ft LAT: 37 16' 28" N LONG: 122 01' 23" W TEMPERATURE (F), RAIN (in), WIND SPEED (mph) HEAT COOL AVG MEAN DEG DEG WIND DOM DAY TEMP HIGH TIME LOW TIME DAYS DAYS RAIN SPEED HIGH TIME DIR ------------------------------------------------------------------------------------ 1 50.1 62.3 1:15p 39.9 7:15a 14.9 0.0 0.00 0.3 12.0 1:15p NE 2 49.6 59.2 2:05p 42.6 6:50a 15.4 0.0 0.04 0.1 6.0 1:20p N 3 51.4 63.7 1:45p 41.6 7:20a 13.6 0.0 0.01 0.4 12.0 3:55p NW 4 52.3 61.3 12:45p 46.4 12:05a 12.7 0.0 1.42 2.8 26.0 7:35p ESE 5 54.3 63.9 2:10p 46.7 7:20a 10.7 0.0 0.04 2.1 20.0 4:35p S 6 50.8 57.0 2:25p 44.6 11:20p 14.2 0.0 0.82 1.2 14.0 3:05a NW 7 50.4 58.6 2:15p 42.6 10:40p 14.6 0.0 0.00 1.3 14.0 2:15p NW 8 50.0 55.4 2:05p 42.9 12:05a 15.0 0.0 0.04 0.6 16.0 11:30p WNW 9 48.2 54.8 2:10p 41.9 7:25a 16.8 0.0 0.20 1.5 14.0 5:40p NW 10 47.3 60.2 2:40p 38.3 6:20a 17.7 0.0 0.01 0.4 11.0 3:55p NE 11 50.5 63.9 3:00p 39.3 7:05a 14.5 0.0 0.01 0.7 12.0 3:55p ESE 12 54.8 65.0 12:45p 44.5 2:35a 10.2 0.0 0.00 0.6 11.0 2:35p S 13 53.8 66.3 2:40p 44.3 6:55a 11.2 0.0 0.00 0.4 7.0 12:30p NW 14 50.5 62.7 2:55p 41.5 5:30a 14.5 0.0 0.01 0.3 8.0 1:40p NNW 15 53.8 70.1 3:10p 42.2 6:35a 11.9 0.7 0.01 0.7 11.0 2:30p NW 16 55.5 69.6 2:05p 46.2 6:45a 10.2 0.6 0.00 0.5 11.0 1:30p NW 17 54.3 70.3 3:10p 42.8 7:15a 11.3 0.6 0.01 0.3 8.0 3:40p N 18 52.3 60.2 2:40p 44.1 7:00a 12.7 0.0 0.02 0.5 8.0 12:00p N 19 53.3 61.5 1:40p 48.6 11:55p 11.7 0.0 0.00 0.9 14.0 4:30p SSW 20 51.7 60.2 12:10p 45.8 5:40a 13.3 0.0 0.00 0.9 14.0 12:15p NW 21 50.4 55.1 2:30p 47.1 1:55a 14.6 0.0 0.21 0.7 13.0 7:35p E 22 50.6 59.9 2:50p 43.8 10:45p 14.4 0.0 0.01 0.8 14.0 12:55p NW 23 48.7 53.6 8:05a 43.3 2:30a 16.3 0.0 0.45 3.2 20.0 8:55a ESE 24 53.4 62.9 12:00p 45.4 11:55p 11.6 0.0 0.21 1.0 12.0 1:00p ENE 25 54.1 67.4 2:50p 43.3 1:25a 11.0 0.1 0.00 0.4 8.0 3:00p NW 26 55.2 60.7 10:50a 49.1 12:20a 9.8 0.0 0.87 3.7 44.0 10:55a S 27 52.7 61.2 12:55p 45.2 11:55p 12.3 0.0 0.32 1.3 16.0 1:35p NW 28 52.9 68.4 12:55p 41.2 6:35a 12.3 0.3 0.00 0.3 10.0 2:30p NW ------------------------------------------------------------------------------------- 51.9 70.3 17 38.3 10 369.4 2.3 4.71 1.0 44.0 26 NW Max >= 90.0: 0 Max <= 32.0: 0 Min <= 32.0: 0 Min <= 0.0: 0 Max Rain: 1.42 ON 02/04/10 Days of Rain: 12 (>.01 in) 8 (>.1 in) 1 (>1 in) Heat Base: 65.0 Cool Base: 65.0 Method: Integration

Downloads .. please customize for your directory and file naming convention ( WL or VWS).
Download WeatherLink/ VWS version (V1.07 - 11-Aug-2017) [ see version history ]

deformed-offering