deformed-offering

Weather station scripts - NOAA Climate Report display

They're free, but use at your own risk

The scripts referenced here are used in the operation of this weather station, and may be freely copied and used to support your station. Please note that you use these scripts at your own risk. No warranty is expressed or implied. I accept no liability for any damages that may ensue from their use.
You will need to configure them for your own particular weather station website.
RSS feed for Scripts Updates A RSS Feed is available to help keep you informed on updates to the scripts.

If you find one or more of the scripts useful to you, please consider making a donation to help offset the routine expenses of operation of this website.
Thanks for your kind support!

A Version History is available -- check back from time to time to see if there are updates to scripts you have downloaded earlier. Announcements of version updates and new scripts are made on WXForum.net and Weather-Watch forums and saratogaWXPHP Twitter account as they become available.

This page was updated Friday, 11-Aug-2017 10:11 AM

PHP Scripts (run on webserver)

These scripts have run on PHP 4.1.2, and PHP 4.4.1. I don't have access to PHP 3.x, so it is not known if they will work on versions below PHP 4.1.2. If you try them and they work (or not) on earlier versions of PHP, please send me a message at webmaster[at]saratoga-weather.org and let me know the results.

Display .TXT NOAA style forecasts PHP

I needed to safely display a series of .TXT files (NOAA style climate reports) using the overall style of the website. My WeatherLink software produces regular reports (NOAAMO.TXT, NOAAPRMO.TXT, NOAAYR.TXT, NOAAPRYR.TXT) as part of the 5-minute update. I've also produced reports and named them NOAAyyyy.TXT for yearly reports and NOAAyyyy-mm.TXT for monthly reports. These I've uploaded (monthly) to a sub-directory on the website /NOAA-reports.

Version 1.04 (01-Dec-2007) adds a new feature for WeatherLink users to create new NOAAyyyy-mm.TXT and NOAAyyyy.TXT files from the respective NOAAPRMO.TXT and NOAAPRYR.TXT files when the month/year rolls over. It will copy the appropriate file to the $NOAAdir and name it so you have no monthly maintenance to do (except to view the NOAA reports page on the first of each month).

The NOAA-reports.php will read the sub-directory, sort the filenames produce a menu of available names, and display the file requested. It automatically uses NOAAMO.TXT and NOAAYR.TXT (WeatherLink version) for the current monthly and current yearly files. The nice thing about the script is it strictly controls what can be displayed (existing files only, no directory browsing). The following is a live display of WeatherLink produced NOAA style reports for this station.

<?php $doInclude = true; require("NOAA-reports-test.php"); ?>
2018: Jan | Feb | Mar | Apr | May | Jun | Jul | Aug | Sep | Oct | Nov | Dec 
2017: Jan | Feb | Mar | Apr | May | Jun | Jul | Aug | Sep | Oct | Nov | Dec 
2016: Jan | Feb | Mar | Apr | May | Jun | Jul | Aug | Sep | Oct | Nov | Dec 
2015: Jan | Feb | Mar | Apr | May | Jun | Jul | Aug | Sep | Oct | Nov | Dec 
2014: Jan | Feb | Mar | Apr | May | Jun | Jul | Aug | Sep | Oct | Nov | Dec 
2013: Jan | Feb | Mar | Apr | May | Jun | Jul | Aug | Sep | Oct | Nov | Dec 
2012: Jan | Feb | Mar | Apr | May | Jun | Jul | Aug | Sep | Oct | Nov | Dec 
2011: Jan | Feb | Mar | Apr | May | Jun | Jul | Aug | Sep | Oct | Nov | Dec 
2010: Jan | Feb | Mar | Apr | May | Jun | Jul | Aug | Sep | Oct | Nov | Dec 
2009: Jan | Feb | Mar | Apr | May | Jun | Jul | Aug | Sep | Oct | Nov | Dec 
2008: Jan | Feb | Mar | Apr | May | Jun | Jul | Aug | Sep | Oct | Nov | Dec 
2007: Jan | Feb | Mar | Apr | May | Jun | Jul | Aug | Sep | Oct | Nov | Dec 
2006: Jan | Feb | Mar | Apr | May | Jun | Jul | Aug | Sep | Oct | Nov | Dec 
2005: Jan | Feb | Mar | Apr | May | Jun | Jul | Aug | Sep | Oct | Nov | Dec 
2004: Jan | Feb | Mar | Apr | May | Jun | Jul | Aug | Sep | Oct | Nov | Dec 

Report for 2009 11
MONTHLY CLIMATOLOGICAL SUMMARY for NOV. 2009 NAME: KCASARAT1 CITY: Saratoga STATE: CA ELEV: 375 ft LAT: 37 16' 28" N LONG: 122 01' 23" W TEMPERATURE (F), RAIN (in), WIND SPEED (mph) HEAT COOL AVG MEAN DEG DEG WIND DOM DAY TEMP HIGH TIME LOW TIME DAYS DAYS RAIN SPEED HIGH TIME DIR ------------------------------------------------------------------------------------ 1 59.8 75.4 1:50p 49.1 6:25a 7.2 2.0 0.00 0.5 11.0 12:05p NW 2 61.4 79.4 2:15p 48.2 5:45a 7.1 3.5 0.00 0.6 12.0 10:40a NW 3 60.9 80.3 3:15p 46.2 6:15a 7.5 3.3 0.00 0.1 4.0 1:10p W 4 56.2 67.6 12:10p 46.5 6:25a 9.0 0.2 0.00 1.1 17.0 3:25p ESE 5 59.4 68.3 1:05p 54.5 7:50a 5.7 0.1 0.00 1.5 16.0 12:05p ESE 6 58.7 73.5 1:10p 48.5 6:55a 7.2 1.0 0.00 0.6 12.0 3:10p W 7 52.6 64.7 1:25p 42.9 6:25a 12.4 0.0 0.00 1.1 17.0 2:50p NW 8 53.0 66.3 1:35p 43.5 11:35p 12.0 0.1 0.00 0.5 12.0 12:25p NW 9 51.2 65.6 1:45p 38.3 6:00a 13.8 0.0 0.00 0.3 8.0 3:10p NNW 10 53.3 63.9 2:50p 43.9 5:05a 11.7 0.0 0.00 0.2 7.0 11:25a NNW 11 53.9 64.7 2:20p 48.2 9:55p 11.1 0.0 0.00 0.2 7.0 11:40a NNW 12 51.7 61.0 2:35p 42.6 11:50p 13.3 0.0 0.00 0.7 12.0 12:20p NW 13 47.7 59.6 1:05p 38.5 6:20a 17.3 0.0 0.00 0.7 13.0 2:40p NW 14 49.3 60.7 2:15p 41.9 2:30a 15.7 0.0 0.00 0.5 10.0 2:30p WNW 15 49.7 65.8 1:35p 37.8 6:45a 15.4 0.0 0.01 0.4 10.0 1:00p NW 16 49.5 66.9 2:00p 37.0 6:55a 15.5 0.1 0.00 0.2 7.0 1:30p NW 17 51.5 64.5 1:40p 38.2 5:00a 13.5 0.0 0.01 0.6 11.0 7:25p NW 18 49.3 59.8 2:20p 39.8 11:45p 15.7 0.0 0.00 1.3 14.0 5:15a NW 19 46.9 61.8 2:05p 35.9 5:55a 18.1 0.0 0.00 0.3 7.0 12:25p NW 20 47.4 56.5 9:50a 37.3 4:45a 17.6 0.0 0.18 1.2 28.0 9:45a SSW 21 45.2 56.3 2:45p 37.0 6:55a 19.8 0.0 0.02 0.9 12.0 10:00a NW 22 49.1 62.0 12:35p 38.5 1:10a 15.9 0.0 0.00 0.5 12.0 3:15p WNW 23 51.7 63.7 2:40p 39.9 6:40a 13.3 0.0 0.00 0.8 12.0 12:50p WNW 24 53.0 67.3 2:20p 40.8 5:50a 12.2 0.2 0.00 0.5 10.0 1:45p W 25 52.0 68.1 2:40p 40.5 7:10a 13.2 0.2 0.00 0.4 11.0 12:10p NW 26 52.6 69.1 3:25p 40.5 6:55a 12.8 0.4 0.00 0.2 11.0 4:05p E 27 50.7 57.5 1:10p 44.1 1:35a 14.3 0.0 0.13 1.5 19.0 8:30p NW 28 53.8 65.0 2:25p 38.9 7:15a 11.2 0.0 0.00 2.8 24.0 1:50p NW 29 54.1 67.4 3:05p 43.5 7:00a 11.1 0.2 0.00 1.0 12.0 9:05a WNW 30 49.7 64.7 12:40p 38.6 6:50a 15.3 0.0 0.00 0.3 11.0 2:00p WNW ------------------------------------------------------------------------------------- 52.5 80.3 3 35.9 19 385.9 11.3 0.35 0.7 28.0 20 NW Max >= 90.0: 0 Max <= 32.0: 0 Min <= 32.0: 0 Min <= 0.0: 0 Max Rain: 0.18 ON 11/20/09 Days of Rain: 3 (>.01 in) 2 (>.1 in) 0 (>1 in) Heat Base: 65.0 Cool Base: 65.0 Method: Integration

Downloads .. please customize for your directory and file naming convention ( WL or VWS).
Download WeatherLink/ VWS version (V1.07 - 11-Aug-2017) [ see version history ]

deformed-offering