deformed-offering

Weather station scripts - NOAA Climate Report display

They're free, but use at your own risk

The scripts referenced here are used in the operation of this weather station, and may be freely copied and used to support your station. Please note that you use these scripts at your own risk. No warranty is expressed or implied. I accept no liability for any damages that may ensue from their use.
You will need to configure them for your own particular weather station website.
RSS feed for Scripts Updates A RSS Feed is available to help keep you informed on updates to the scripts.

If you find one or more of the scripts useful to you, please consider making a donation to help offset the routine expenses of operation of this website.
Thanks for your kind support!

A Version History is available -- check back from time to time to see if there are updates to scripts you have downloaded earlier. Announcements of version updates and new scripts are made on WXForum.net and Weather-Watch forums and saratogaWXPHP Twitter account as they become available.

This page was updated Friday, 11-Aug-2017 10:11 AM

PHP Scripts (run on webserver)

These scripts have run on PHP 4.1.2, and PHP 4.4.1. I don't have access to PHP 3.x, so it is not known if they will work on versions below PHP 4.1.2. If you try them and they work (or not) on earlier versions of PHP, please send me a message at webmaster[at]saratoga-weather.org and let me know the results.

Display .TXT NOAA style forecasts PHP

I needed to safely display a series of .TXT files (NOAA style climate reports) using the overall style of the website. My WeatherLink software produces regular reports (NOAAMO.TXT, NOAAPRMO.TXT, NOAAYR.TXT, NOAAPRYR.TXT) as part of the 5-minute update. I've also produced reports and named them NOAAyyyy.TXT for yearly reports and NOAAyyyy-mm.TXT for monthly reports. These I've uploaded (monthly) to a sub-directory on the website /NOAA-reports.

Version 1.04 (01-Dec-2007) adds a new feature for WeatherLink users to create new NOAAyyyy-mm.TXT and NOAAyyyy.TXT files from the respective NOAAPRMO.TXT and NOAAPRYR.TXT files when the month/year rolls over. It will copy the appropriate file to the $NOAAdir and name it so you have no monthly maintenance to do (except to view the NOAA reports page on the first of each month).

The NOAA-reports.php will read the sub-directory, sort the filenames produce a menu of available names, and display the file requested. It automatically uses NOAAMO.TXT and NOAAYR.TXT (WeatherLink version) for the current monthly and current yearly files. The nice thing about the script is it strictly controls what can be displayed (existing files only, no directory browsing). The following is a live display of WeatherLink produced NOAA style reports for this station.

<?php $doInclude = true; require("NOAA-reports-test.php"); ?>
2018: Jan | Feb | Mar | Apr | May | Jun | Jul | Aug | Sep | Oct | Nov | Dec 
2017: Jan | Feb | Mar | Apr | May | Jun | Jul | Aug | Sep | Oct | Nov | Dec 
2016: Jan | Feb | Mar | Apr | May | Jun | Jul | Aug | Sep | Oct | Nov | Dec 
2015: Jan | Feb | Mar | Apr | May | Jun | Jul | Aug | Sep | Oct | Nov | Dec 
2014: Jan | Feb | Mar | Apr | May | Jun | Jul | Aug | Sep | Oct | Nov | Dec 
2013: Jan | Feb | Mar | Apr | May | Jun | Jul | Aug | Sep | Oct | Nov | Dec 
2012: Jan | Feb | Mar | Apr | May | Jun | Jul | Aug | Sep | Oct | Nov | Dec 
2011: Jan | Feb | Mar | Apr | May | Jun | Jul | Aug | Sep | Oct | Nov | Dec 
2010: Jan | Feb | Mar | Apr | May | Jun | Jul | Aug | Sep | Oct | Nov | Dec 
2009: Jan | Feb | Mar | Apr | May | Jun | Jul | Aug | Sep | Oct | Nov | Dec 
2008: Jan | Feb | Mar | Apr | May | Jun | Jul | Aug | Sep | Oct | Nov | Dec 
2007: Jan | Feb | Mar | Apr | May | Jun | Jul | Aug | Sep | Oct | Nov | Dec 
2006: Jan | Feb | Mar | Apr | May | Jun | Jul | Aug | Sep | Oct | Nov | Dec 
2005: Jan | Feb | Mar | Apr | May | Jun | Jul | Aug | Sep | Oct | Nov | Dec 
2004: Jan | Feb | Mar | Apr | May | Jun | Jul | Aug | Sep | Oct | Nov | Dec 

Report for 2009 01
MONTHLY CLIMATOLOGICAL SUMMARY for JAN. 2009 NAME: KCASARAT1 CITY: Saratoga STATE: CA ELEV: 375 ft LAT: 37 16' 28" N LONG: 122 01' 23" W TEMPERATURE (F), RAIN (in), WIND SPEED (mph) HEAT COOL AVG MEAN DEG DEG WIND DOM DAY TEMP HIGH TIME LOW TIME DAYS DAYS RAIN SPEED HIGH TIME DIR ------------------------------------------------------------------------------------ 1 45.5 48.5 12:20a 39.9 11:40p 19.5 0.0 0.00 0.1 6.0 12:20p N 2 47.2 55.7 12:40p 40.5 12:05a 17.8 0.0 0.02 0.6 16.0 3:30p NW 3 42.7 52.5 3:05p 34.7 12:00m 22.3 0.0 0.00 0.6 11.0 2:20a NW 4 41.0 53.6 2:50p 31.6 7:45a 24.0 0.0 0.00 0.5 10.0 10:50a NNW 5 45.3 48.8 2:55p 38.9 12:05a 19.7 0.0 0.01 0.4 12.0 12:15p NW 6 48.6 57.0 1:45p 43.1 10:00p 16.4 0.0 0.00 0.7 11.0 11:15a NW 7 48.3 56.3 2:35p 41.1 11:50p 16.7 0.0 0.00 0.4 11.0 2:35p WSW 8 47.1 57.3 11:45a 39.6 1:30a 17.9 0.0 0.01 0.5 12.0 2:30p NW 9 48.9 58.9 3:15p 35.3 7:25a 16.1 0.0 0.01 1.8 24.0 12:35p NW 10 48.5 64.8 4:10p 37.6 7:10a 16.5 0.0 0.00 0.5 10.0 12:05p NNW 11 55.2 73.7 3:20p 40.3 1:40a 11.6 1.8 0.00 0.7 12.0 2:20p W 12 61.1 72.5 2:25p 47.7 1:50a 5.5 1.5 0.00 1.7 18.0 8:45a NW 13 57.8 76.3 1:55p 46.5 12:00m 9.1 2.0 0.00 0.3 13.0 11:45a NW 14 54.5 74.6 3:00p 40.3 7:20a 12.1 1.6 0.00 0.5 11.0 11:40a NW 15 55.4 72.5 3:40p 42.9 2:25a 10.8 1.2 0.00 0.6 13.0 9:20a W 16 53.9 72.7 3:25p 40.2 7:35a 12.3 1.2 0.00 0.3 7.0 11:50a NW 17 52.5 72.5 3:15p 39.2 7:40a 13.5 1.0 0.00 0.1 5.0 10:25a NNW 18 51.8 69.1 3:15p 38.9 7:20a 13.7 0.5 0.00 0.3 8.0 1:15p NW 19 53.0 71.1 3:35p 40.1 7:05a 13.1 1.1 0.00 0.2 7.0 12:30p NW 20 52.8 69.8 3:25p 39.6 7:10a 13.0 0.7 0.00 0.3 8.0 1:00p NW 21 54.3 62.1 1:10p 48.8 1:00a 10.7 0.0 0.27 0.0 6.0 2:10p ENE 22 52.9 54.8 12:45p 50.8 1:25a 12.1 0.0 0.46 0.1 6.0 1:30p NNW 23 54.4 56.2 4:00p 52.6 5:35a 10.6 0.0 0.32 0.0 3.0 9:20a NNW 24 53.4 57.6 2:30p 48.2 12:00m 11.6 0.0 0.02 0.4 11.0 10:40p W 25 48.8 55.1 12:40p 44.1 8:55p 16.2 0.0 0.01 2.0 19.0 9:20a NW 26 45.7 55.0 2:30p 38.2 7:25a 19.3 0.0 0.00 0.5 10.0 2:55p NW 27 44.1 57.3 2:50p 33.8 6:10a 20.9 0.0 0.00 0.8 13.0 1:25p NW 28 46.3 61.2 2:35p 35.0 6:25a 18.7 0.0 0.00 0.8 13.0 10:30a NW 29 52.4 68.4 4:05p 41.3 4:50a 12.9 0.3 0.00 0.9 12.0 9:20a W 30 50.6 67.1 3:35p 38.3 7:00a 14.5 0.1 0.00 0.7 11.0 11:25a W 31 50.6 69.1 4:20p 36.5 7:40a 15.1 0.6 0.00 0.5 13.0 2:30p NW ------------------------------------------------------------------------------------- 50.5 76.3 13 31.6 4 464.2 13.6 1.13 0.6 24.0 9 NW Max >= 90.0: 0 Max <= 32.0: 0 Min <= 32.0: 1 Min <= 0.0: 0 Max Rain: 0.46 ON 01/22/09 Days of Rain: 5 (>.01 in) 3 (>.1 in) 0 (>1 in) Heat Base: 65.0 Cool Base: 65.0 Method: Integration

Downloads .. please customize for your directory and file naming convention ( WL or VWS).
Download WeatherLink/ VWS version (V1.07 - 11-Aug-2017) [ see version history ]

deformed-offering