deformed-offering

Weather station scripts - NOAA Climate Report display

They're free, but use at your own risk

The scripts referenced here are used in the operation of this weather station, and may be freely copied and used to support your station. Please note that you use these scripts at your own risk. No warranty is expressed or implied. I accept no liability for any damages that may ensue from their use.
You will need to configure them for your own particular weather station website.
RSS feed for Scripts Updates A RSS Feed is available to help keep you informed on updates to the scripts.

If you find one or more of the scripts useful to you, please consider making a donation to help offset the routine expenses of operation of this website.
Thanks for your kind support!

A Version History is available -- check back from time to time to see if there are updates to scripts you have downloaded earlier. Announcements of version updates and new scripts are made on WXForum.net and Weather-Watch forums and saratogaWXPHP Twitter account as they become available.

This page was updated Friday, 11-Aug-2017 10:11 AM

PHP Scripts (run on webserver)

These scripts have run on PHP 4.1.2, and PHP 4.4.1. I don't have access to PHP 3.x, so it is not known if they will work on versions below PHP 4.1.2. If you try them and they work (or not) on earlier versions of PHP, please send me a message at webmaster[at]saratoga-weather.org and let me know the results.

Display .TXT NOAA style forecasts PHP

I needed to safely display a series of .TXT files (NOAA style climate reports) using the overall style of the website. My WeatherLink software produces regular reports (NOAAMO.TXT, NOAAPRMO.TXT, NOAAYR.TXT, NOAAPRYR.TXT) as part of the 5-minute update. I've also produced reports and named them NOAAyyyy.TXT for yearly reports and NOAAyyyy-mm.TXT for monthly reports. These I've uploaded (monthly) to a sub-directory on the website /NOAA-reports.

Version 1.04 (01-Dec-2007) adds a new feature for WeatherLink users to create new NOAAyyyy-mm.TXT and NOAAyyyy.TXT files from the respective NOAAPRMO.TXT and NOAAPRYR.TXT files when the month/year rolls over. It will copy the appropriate file to the $NOAAdir and name it so you have no monthly maintenance to do (except to view the NOAA reports page on the first of each month).

The NOAA-reports.php will read the sub-directory, sort the filenames produce a menu of available names, and display the file requested. It automatically uses NOAAMO.TXT and NOAAYR.TXT (WeatherLink version) for the current monthly and current yearly files. The nice thing about the script is it strictly controls what can be displayed (existing files only, no directory browsing). The following is a live display of WeatherLink produced NOAA style reports for this station.

<?php $doInclude = true; require("NOAA-reports-test.php"); ?>
2018: Jan | Feb | Mar | Apr | May | Jun | Jul | Aug | Sep | Oct | Nov | Dec 
2017: Jan | Feb | Mar | Apr | May | Jun | Jul | Aug | Sep | Oct | Nov | Dec 
2016: Jan | Feb | Mar | Apr | May | Jun | Jul | Aug | Sep | Oct | Nov | Dec 
2015: Jan | Feb | Mar | Apr | May | Jun | Jul | Aug | Sep | Oct | Nov | Dec 
2014: Jan | Feb | Mar | Apr | May | Jun | Jul | Aug | Sep | Oct | Nov | Dec 
2013: Jan | Feb | Mar | Apr | May | Jun | Jul | Aug | Sep | Oct | Nov | Dec 
2012: Jan | Feb | Mar | Apr | May | Jun | Jul | Aug | Sep | Oct | Nov | Dec 
2011: Jan | Feb | Mar | Apr | May | Jun | Jul | Aug | Sep | Oct | Nov | Dec 
2010: Jan | Feb | Mar | Apr | May | Jun | Jul | Aug | Sep | Oct | Nov | Dec 
2009: Jan | Feb | Mar | Apr | May | Jun | Jul | Aug | Sep | Oct | Nov | Dec 
2008: Jan | Feb | Mar | Apr | May | Jun | Jul | Aug | Sep | Oct | Nov | Dec 
2007: Jan | Feb | Mar | Apr | May | Jun | Jul | Aug | Sep | Oct | Nov | Dec 
2006: Jan | Feb | Mar | Apr | May | Jun | Jul | Aug | Sep | Oct | Nov | Dec 
2005: Jan | Feb | Mar | Apr | May | Jun | Jul | Aug | Sep | Oct | Nov | Dec 
2004: Jan | Feb | Mar | Apr | May | Jun | Jul | Aug | Sep | Oct | Nov | Dec 

Report for 2008 11
MONTHLY CLIMATOLOGICAL SUMMARY for NOV. 2008 NAME: KCASARAT1 CITY: Saratoga STATE: CA ELEV: 375 ft LAT: 37 16' 28" N LONG: 122 01' 23" W TEMPERATURE (F), RAIN (in), WIND SPEED (mph) HEAT COOL AVG MEAN DEG DEG WIND DOM DAY TEMP HIGH TIME LOW TIME DAYS DAYS RAIN SPEED HIGH TIME DIR ------------------------------------------------------------------------------------ 1 61.7 65.6 1:05p 58.4 11:45p 3.3 0.0 1.07 2.4 25.0 10:15a ESE 2 58.6 68.3 12:15p 49.4 11:05p 6.9 0.4 0.06 0.6 13.0 1:15p WSW 3 53.5 64.3 1:20p 47.0 5:50a 11.5 0.0 0.32 1.2 24.0 4:15p S 4 51.6 58.9 12:00p 43.1 11:55p 13.4 0.0 0.01 1.7 16.0 12:45p NW 5 51.6 63.9 1:55p 40.6 5:00a 13.4 0.0 0.00 0.6 11.0 2:25p NW 6 56.3 69.6 1:55p 46.1 6:35a 9.2 0.6 0.00 0.8 10.0 10:10a NW 7 57.7 72.8 2:00p 46.8 6:30a 8.9 1.5 0.00 0.5 11.0 12:50p NW 8 54.9 64.3 11:30a 47.0 5:25a 10.1 0.0 0.12 0.3 12.0 9:45p NW 9 54.7 62.9 2:50p 47.7 12:00m 10.3 0.0 0.00 2.0 18.0 7:45a NW 10 53.4 65.0 1:45p 45.5 6:45a 11.6 0.0 0.00 0.4 12.0 2:00p NW 11 55.1 64.2 2:05p 48.5 2:05a 9.9 0.0 0.00 0.3 10.0 2:55p NNE 12 57.8 69.3 1:45p 49.8 12:00m 7.7 0.5 0.00 0.5 10.0 1:00p NNE 13 58.3 74.2 2:45p 46.4 6:10a 8.5 1.8 0.01 0.9 14.0 11:10a NW 14 66.7 77.9 2:15p 53.6 1:15a 2.6 4.4 0.00 1.5 19.0 5:55p NW 15 63.5 81.1 1:50p 51.1 6:55a 5.3 3.8 0.00 0.2 7.0 2:55p WSW 16 60.6 79.6 3:35p 47.9 6:25a 7.3 2.9 0.00 0.1 6.0 3:50p N 17 60.1 78.5 2:05p 47.1 7:00a 7.8 2.9 0.00 0.1 7.0 12:15p NNW 18 57.3 74.9 1:55p 46.4 6:20a 9.4 1.7 0.00 0.2 7.0 1:20p NNW 19 53.0 61.2 12:40p 47.0 10:00p 12.0 0.0 0.00 0.3 10.0 1:05p WSW 20 54.9 66.8 12:45p 47.3 2:05a 10.1 0.0 0.00 0.5 11.0 12:20p NW 21 53.1 67.1 2:15p 42.8 11:55p 12.0 0.2 0.00 0.7 11.0 11:25a NW 22 50.9 69.3 2:30p 39.2 6:25a 14.4 0.3 0.00 0.3 10.0 10:10a NW 23 51.1 68.1 2:40p 39.5 6:00a 14.2 0.3 0.00 0.2 8.0 3:40p NW 24 51.7 60.9 3:10p 43.2 1:40a 13.3 0.0 0.00 0.1 6.0 11:15a NNE 25 53.6 59.3 12:25p 46.5 2:15a 11.4 0.0 0.00 0.0 5.0 4:50a WNW 26 53.0 55.1 9:25a 49.6 12:00m 12.0 0.0 0.31 0.0 2.0 5:10a WNW 27 54.2 61.8 1:40p 49.6 12:05a 10.8 0.0 0.00 0.3 12.0 2:35p NW 28 50.8 56.5 3:45p 44.1 11:20p 14.2 0.0 0.00 0.2 7.0 2:00p NNW 29 54.9 70.3 1:05p 43.1 1:15a 10.9 0.7 0.01 0.9 16.0 12:25p NW 30 54.3 70.8 2:30p 43.3 6:55a 11.5 0.8 0.00 0.1 5.0 9:45a NW ------------------------------------------------------------------------------------- 55.6 81.1 15 39.2 22 303.9 22.8 1.91 0.6 25.0 1 NW Max >= 90.0: 0 Max <= 32.0: 0 Min <= 32.0: 0 Min <= 0.0: 0 Max Rain: 1.07 ON 11/01/08 Days of Rain: 5 (>.01 in) 4 (>.1 in) 1 (>1 in) Heat Base: 65.0 Cool Base: 65.0 Method: Integration

Downloads .. please customize for your directory and file naming convention ( WL or VWS).
Download WeatherLink/ VWS version (V1.07 - 11-Aug-2017) [ see version history ]

deformed-offering