deformed-offering

Weather station scripts - NOAA Climate Report display

They're free, but use at your own risk

The scripts referenced here are used in the operation of this weather station, and may be freely copied and used to support your station. Please note that you use these scripts at your own risk. No warranty is expressed or implied. I accept no liability for any damages that may ensue from their use.
You will need to configure them for your own particular weather station website.
RSS feed for Scripts Updates A RSS Feed is available to help keep you informed on updates to the scripts.

If you find one or more of the scripts useful to you, please consider making a donation to help offset the routine expenses of operation of this website.
Thanks for your kind support!

A Version History is available -- check back from time to time to see if there are updates to scripts you have downloaded earlier. Announcements of version updates and new scripts are made on WXForum.net and Weather-Watch forums and saratogaWXPHP Twitter account as they become available.

This page was updated Friday, 11-Aug-2017 10:11 AM

PHP Scripts (run on webserver)

These scripts have run on PHP 4.1.2, and PHP 4.4.1. I don't have access to PHP 3.x, so it is not known if they will work on versions below PHP 4.1.2. If you try them and they work (or not) on earlier versions of PHP, please send me a message at webmaster[at]saratoga-weather.org and let me know the results.

Display .TXT NOAA style forecasts PHP

I needed to safely display a series of .TXT files (NOAA style climate reports) using the overall style of the website. My WeatherLink software produces regular reports (NOAAMO.TXT, NOAAPRMO.TXT, NOAAYR.TXT, NOAAPRYR.TXT) as part of the 5-minute update. I've also produced reports and named them NOAAyyyy.TXT for yearly reports and NOAAyyyy-mm.TXT for monthly reports. These I've uploaded (monthly) to a sub-directory on the website /NOAA-reports.

Version 1.04 (01-Dec-2007) adds a new feature for WeatherLink users to create new NOAAyyyy-mm.TXT and NOAAyyyy.TXT files from the respective NOAAPRMO.TXT and NOAAPRYR.TXT files when the month/year rolls over. It will copy the appropriate file to the $NOAAdir and name it so you have no monthly maintenance to do (except to view the NOAA reports page on the first of each month).

The NOAA-reports.php will read the sub-directory, sort the filenames produce a menu of available names, and display the file requested. It automatically uses NOAAMO.TXT and NOAAYR.TXT (WeatherLink version) for the current monthly and current yearly files. The nice thing about the script is it strictly controls what can be displayed (existing files only, no directory browsing). The following is a live display of WeatherLink produced NOAA style reports for this station.

<?php $doInclude = true; require("NOAA-reports-test.php"); ?>
2018: Jan | Feb | Mar | Apr | May | Jun | Jul | Aug | Sep | Oct | Nov | Dec 
2017: Jan | Feb | Mar | Apr | May | Jun | Jul | Aug | Sep | Oct | Nov | Dec 
2016: Jan | Feb | Mar | Apr | May | Jun | Jul | Aug | Sep | Oct | Nov | Dec 
2015: Jan | Feb | Mar | Apr | May | Jun | Jul | Aug | Sep | Oct | Nov | Dec 
2014: Jan | Feb | Mar | Apr | May | Jun | Jul | Aug | Sep | Oct | Nov | Dec 
2013: Jan | Feb | Mar | Apr | May | Jun | Jul | Aug | Sep | Oct | Nov | Dec 
2012: Jan | Feb | Mar | Apr | May | Jun | Jul | Aug | Sep | Oct | Nov | Dec 
2011: Jan | Feb | Mar | Apr | May | Jun | Jul | Aug | Sep | Oct | Nov | Dec 
2010: Jan | Feb | Mar | Apr | May | Jun | Jul | Aug | Sep | Oct | Nov | Dec 
2009: Jan | Feb | Mar | Apr | May | Jun | Jul | Aug | Sep | Oct | Nov | Dec 
2008: Jan | Feb | Mar | Apr | May | Jun | Jul | Aug | Sep | Oct | Nov | Dec 
2007: Jan | Feb | Mar | Apr | May | Jun | Jul | Aug | Sep | Oct | Nov | Dec 
2006: Jan | Feb | Mar | Apr | May | Jun | Jul | Aug | Sep | Oct | Nov | Dec 
2005: Jan | Feb | Mar | Apr | May | Jun | Jul | Aug | Sep | Oct | Nov | Dec 
2004: Jan | Feb | Mar | Apr | May | Jun | Jul | Aug | Sep | Oct | Nov | Dec 

Report for 2008 10
MONTHLY CLIMATOLOGICAL SUMMARY for OCT. 2008 NAME: KCASARAT1 CITY: Saratoga STATE: CA ELEV: 375 ft LAT: 37 16' 28" N LONG: 122 01' 23" W TEMPERATURE (F), RAIN (in), WIND SPEED (mph) HEAT COOL AVG MEAN DEG DEG WIND DOM DAY TEMP HIGH TIME LOW TIME DAYS DAYS RAIN SPEED HIGH TIME DIR ------------------------------------------------------------------------------------ 1 67.2 87.4 2:00p 54.1 6:50a 3.5 5.7 0.00 0.5 11.0 2:20p NNE 2 65.1 76.8 2:10p 56.3 7:00a 2.7 2.8 0.00 0.8 12.0 5:15p NE 3 64.2 76.5 2:30p 53.9 7:05a 3.4 2.7 0.01 1.1 16.0 9:45p E 4 61.7 71.8 2:00p 52.3 12:00m 4.1 0.8 0.21 0.8 14.0 1:55p NW 5 59.7 73.9 2:20p 48.9 6:45a 6.8 1.5 0.00 0.7 11.0 4:20p NW 6 65.1 80.3 2:55p 53.8 7:35a 4.0 4.0 0.00 0.8 11.0 11:45a NW 7 64.9 84.7 3:55p 52.2 3:15a 4.9 4.7 0.00 0.6 11.0 3:40p NNW 8 64.8 84.0 3:10p 52.0 7:00a 5.1 4.9 0.00 0.9 12.0 4:35p NE 9 59.4 74.2 3:10p 46.1 6:55a 7.6 2.0 0.00 1.3 14.0 11:55a NW 10 57.5 64.2 2:50p 50.5 7:35a 7.5 0.0 0.00 3.3 24.0 2:15p NW 11 56.5 66.6 3:25p 46.8 11:20p 8.6 0.1 0.00 3.0 20.0 9:40a NW 12 57.3 69.3 3:50p 46.2 7:30a 8.3 0.6 0.00 2.0 19.0 12:40p NW 13 59.4 77.6 3:20p 44.1 3:55a 8.7 3.1 0.00 0.9 18.0 11:40a NW 14 61.7 82.6 3:20p 44.9 7:05a 7.7 4.4 0.00 0.8 12.0 2:10p NW 15 64.1 84.5 3:10p 48.0 6:50a 6.1 5.3 0.00 0.7 11.0 12:55p NW 16 66.5 87.0 3:10p 49.1 7:00a 5.3 6.8 0.00 0.6 11.0 11:55a NW 17 67.1 86.3 2:35p 51.7 7:15a 4.3 6.4 0.00 0.4 10.0 3:35p NW 18 61.3 75.3 12:35p 51.0 10:55p 5.8 2.1 0.00 0.7 12.0 12:40p NW 19 56.9 70.3 3:05p 50.5 12:40a 8.5 0.4 0.00 0.6 12.0 3:35p NNE 20 57.0 70.8 2:20p 47.6 12:00m 8.5 0.5 0.00 0.5 12.0 2:45p NE 21 60.4 79.9 3:10p 45.7 7:20a 8.3 3.8 0.00 0.8 12.0 1:05p NW 22 66.8 84.1 3:55p 53.2 3:25a 3.2 5.0 0.00 0.6 11.0 9:00a WNW 23 65.8 87.2 3:55p 49.8 7:10a 5.1 5.9 0.00 0.5 8.0 2:15p NW 24 65.8 85.1 3:35p 49.8 7:25a 4.8 5.6 0.00 0.3 10.0 2:40p NW 25 65.6 85.1 4:05p 49.8 7:35a 5.1 5.6 0.00 0.3 8.0 3:20p NNW 26 61.4 80.1 3:15p 47.6 7:30a 6.9 3.3 0.00 0.3 7.0 2:25p NNW 27 57.3 70.6 1:05p 50.7 5:50a 8.2 0.5 0.00 0.3 8.0 2:00p NW 28 57.6 74.0 2:40p 47.7 2:00a 8.9 1.5 0.00 0.3 8.0 1:30p N 29 56.7 74.7 3:05p 46.1 3:50a 9.8 1.4 0.00 0.2 6.0 1:35p N 30 56.5 64.3 2:30p 48.5 1:00a 8.5 0.0 0.05 1.1 26.0 7:45p E 31 62.6 74.0 2:00p 56.9 5:30a 3.4 1.0 0.28 2.2 19.0 10:15p S ------------------------------------------------------------------------------------- 61.7 87.4 1 44.1 13 193.6 92.4 0.55 0.9 26.0 30 NW Max >= 90.0: 0 Max <= 32.0: 0 Min <= 32.0: 0 Min <= 0.0: 0 Max Rain: 0.28 ON 10/31/08 Days of Rain: 3 (>.01 in) 2 (>.1 in) 0 (>1 in) Heat Base: 65.0 Cool Base: 65.0 Method: Integration

Downloads .. please customize for your directory and file naming convention ( WL or VWS).
Download WeatherLink/ VWS version (V1.07 - 11-Aug-2017) [ see version history ]

deformed-offering