deformed-offering

Weather station scripts - NOAA Climate Report display

They're free, but use at your own risk

The scripts referenced here are used in the operation of this weather station, and may be freely copied and used to support your station. Please note that you use these scripts at your own risk. No warranty is expressed or implied. I accept no liability for any damages that may ensue from their use.
You will need to configure them for your own particular weather station website.
RSS feed for Scripts Updates A RSS Feed is available to help keep you informed on updates to the scripts.

If you find one or more of the scripts useful to you, please consider making a donation to help offset the routine expenses of operation of this website.
Thanks for your kind support!

A Version History is available -- check back from time to time to see if there are updates to scripts you have downloaded earlier. Announcements of version updates and new scripts are made on WXForum.net and Weather-Watch forums and saratogaWXPHP Twitter account as they become available.

This page was updated Friday, 11-Aug-2017 10:11 AM

PHP Scripts (run on webserver)

These scripts have run on PHP 4.1.2, and PHP 4.4.1. I don't have access to PHP 3.x, so it is not known if they will work on versions below PHP 4.1.2. If you try them and they work (or not) on earlier versions of PHP, please send me a message at webmaster[at]saratoga-weather.org and let me know the results.

Display .TXT NOAA style forecasts PHP

I needed to safely display a series of .TXT files (NOAA style climate reports) using the overall style of the website. My WeatherLink software produces regular reports (NOAAMO.TXT, NOAAPRMO.TXT, NOAAYR.TXT, NOAAPRYR.TXT) as part of the 5-minute update. I've also produced reports and named them NOAAyyyy.TXT for yearly reports and NOAAyyyy-mm.TXT for monthly reports. These I've uploaded (monthly) to a sub-directory on the website /NOAA-reports.

Version 1.04 (01-Dec-2007) adds a new feature for WeatherLink users to create new NOAAyyyy-mm.TXT and NOAAyyyy.TXT files from the respective NOAAPRMO.TXT and NOAAPRYR.TXT files when the month/year rolls over. It will copy the appropriate file to the $NOAAdir and name it so you have no monthly maintenance to do (except to view the NOAA reports page on the first of each month).

The NOAA-reports.php will read the sub-directory, sort the filenames produce a menu of available names, and display the file requested. It automatically uses NOAAMO.TXT and NOAAYR.TXT (WeatherLink version) for the current monthly and current yearly files. The nice thing about the script is it strictly controls what can be displayed (existing files only, no directory browsing). The following is a live display of WeatherLink produced NOAA style reports for this station.

<?php $doInclude = true; require("NOAA-reports-test.php"); ?>
2018: Jan | Feb | Mar | Apr | May | Jun | Jul | Aug | Sep | Oct | Nov | Dec 
2017: Jan | Feb | Mar | Apr | May | Jun | Jul | Aug | Sep | Oct | Nov | Dec 
2016: Jan | Feb | Mar | Apr | May | Jun | Jul | Aug | Sep | Oct | Nov | Dec 
2015: Jan | Feb | Mar | Apr | May | Jun | Jul | Aug | Sep | Oct | Nov | Dec 
2014: Jan | Feb | Mar | Apr | May | Jun | Jul | Aug | Sep | Oct | Nov | Dec 
2013: Jan | Feb | Mar | Apr | May | Jun | Jul | Aug | Sep | Oct | Nov | Dec 
2012: Jan | Feb | Mar | Apr | May | Jun | Jul | Aug | Sep | Oct | Nov | Dec 
2011: Jan | Feb | Mar | Apr | May | Jun | Jul | Aug | Sep | Oct | Nov | Dec 
2010: Jan | Feb | Mar | Apr | May | Jun | Jul | Aug | Sep | Oct | Nov | Dec 
2009: Jan | Feb | Mar | Apr | May | Jun | Jul | Aug | Sep | Oct | Nov | Dec 
2008: Jan | Feb | Mar | Apr | May | Jun | Jul | Aug | Sep | Oct | Nov | Dec 
2007: Jan | Feb | Mar | Apr | May | Jun | Jul | Aug | Sep | Oct | Nov | Dec 
2006: Jan | Feb | Mar | Apr | May | Jun | Jul | Aug | Sep | Oct | Nov | Dec 
2005: Jan | Feb | Mar | Apr | May | Jun | Jul | Aug | Sep | Oct | Nov | Dec 
2004: Jan | Feb | Mar | Apr | May | Jun | Jul | Aug | Sep | Oct | Nov | Dec 

Report for 2007 09
MONTHLY CLIMATOLOGICAL SUMMARY for SEP. 2007 NAME: KCASARAT1 CITY: Saratoga STATE: CA ELEV: 375 ft LAT: 37 16' 28" N LONG: 122 01' 23" W TEMPERATURE (F), RAIN (in), WIND SPEED (mph) HEAT COOL AVG MEAN DEG DEG WIND DOM DAY TEMP HIGH TIME LOW TIME DAYS DAYS RAIN SPEED HIGH TIME DIR ------------------------------------------------------------------------------------ 1 74.4 94.9 2:35p 59.3 6:15a 1.0 10.4 0.00 0.6 12.0 2:55p N 2 74.0 97.3 3:25p 55.9 6:40a 2.0 11.0 0.00 0.7 12.0 2:45p NNE 3 69.8 87.6 1:25p 55.4 6:45a 2.2 7.0 0.00 0.7 12.0 2:00p ENE 4 67.7 79.8 3:40p 58.1 11:50p 1.6 4.4 0.00 1.1 14.0 5:05p N 5 71.6 93.2 3:15p 54.7 4:55a 2.9 9.5 0.00 0.8 11.0 12:35p NW 6 71.5 90.3 2:25p 59.5 7:05a 1.1 7.6 0.00 0.6 11.0 3:25p NNW 7 66.7 81.4 2:00p 57.0 3:50a 2.3 4.0 0.00 0.9 14.0 2:25p N 8 66.5 79.8 2:05p 60.9 6:15a 1.9 3.4 0.00 0.7 12.0 3:05p N 9 65.2 77.7 2:25p 59.0 12:00m 2.2 2.5 0.00 0.9 13.0 2:35p NW 10 65.2 78.6 1:20p 55.3 5:40a 3.3 3.5 0.00 0.8 13.0 3:35p N 11 64.2 75.1 1:25p 56.7 2:00a 3.1 2.3 0.00 0.8 11.0 1:40p N 12 62.6 74.2 2:55p 57.0 1:10a 3.6 1.2 0.00 0.5 12.0 5:25p N 13 64.4 78.5 3:45p 51.6 6:45a 4.2 3.6 0.00 0.9 16.0 4:30p NW 14 65.3 77.9 2:00p 56.0 6:25a 3.2 3.5 0.00 0.8 12.0 2:00p NW 15 62.1 74.7 2:45p 51.4 6:35a 5.3 2.4 0.00 1.0 14.0 3:55p NW 16 63.4 75.6 12:55p 52.6 2:55a 4.1 2.5 0.00 0.9 13.0 2:10p NW 17 63.2 76.8 2:55p 51.7 6:05a 4.8 3.0 0.00 0.8 12.0 1:45p N 18 61.9 78.1 3:25p 49.2 6:50a 5.8 2.8 0.00 0.7 11.0 1:25p N 19 58.6 68.3 12:45p 51.9 11:55p 6.6 0.2 0.00 1.1 20.0 3:00p NW 20 58.3 72.5 1:50p 45.1 6:45a 8.0 1.3 0.00 0.8 13.0 2:30p NW 21 63.4 78.6 3:50p 53.1 6:25a 4.4 2.8 0.00 0.8 14.0 4:45p NW 22 57.6 64.5 1:55p 51.9 11:45p 7.4 0.0 0.40 0.3 16.0 12:15a ESE 23 58.6 66.9 2:10p 51.7 12:05a 6.6 0.3 0.00 0.2 8.0 3:10p NW 24 62.3 79.4 3:10p 48.8 7:10a 6.4 3.7 0.01 0.5 11.0 12:25p NW 25 65.6 84.1 3:25p 49.1 6:25a 5.3 5.9 0.00 0.5 11.0 2:40p NW 26 69.3 88.6 2:50p 52.8 6:50a 3.7 8.0 0.00 0.5 11.0 2:05p NW 27 65.5 83.6 12:50p 54.7 7:05a 4.3 4.8 0.00 0.5 11.0 4:20p N 28 59.7 68.9 2:05p 51.7 11:55p 5.5 0.2 0.00 0.3 10.0 2:25p ESE 29 58.6 73.9 3:10p 46.1 7:10a 8.0 1.7 0.00 1.0 12.0 11:05a NW 30 59.5 79.0 2:25p 45.5 6:25a 8.2 2.7 0.00 0.7 12.0 3:25p N ------------------------------------------------------------------------------------- 64.6 97.3 2 45.1 20 129.0 116.2 0.41 0.7 20.0 19 NW Max >= 90.0: 4 Max <= 32.0: 0 Min <= 32.0: 0 Min <= 0.0: 0 Max Rain: 0.40 ON 09/22/07 Days of Rain: 1 (>.01 in) 1 (>.1 in) 0 (>1 in) Heat Base: 65.0 Cool Base: 65.0 Method: Integration

Downloads .. please customize for your directory and file naming convention ( WL or VWS).
Download WeatherLink/ VWS version (V1.07 - 11-Aug-2017) [ see version history ]

deformed-offering