deformed-offering

Weather station scripts - NOAA Climate Report display

They're free, but use at your own risk

The scripts referenced here are used in the operation of this weather station, and may be freely copied and used to support your station. Please note that you use these scripts at your own risk. No warranty is expressed or implied. I accept no liability for any damages that may ensue from their use.
You will need to configure them for your own particular weather station website.
RSS feed for Scripts Updates A RSS Feed is available to help keep you informed on updates to the scripts.

If you find one or more of the scripts useful to you, please consider making a donation to help offset the routine expenses of operation of this website.
Thanks for your kind support!

A Version History is available -- check back from time to time to see if there are updates to scripts you have downloaded earlier. Announcements of version updates and new scripts are made on WXForum.net and Weather-Watch forums and saratogaWXPHP Twitter account as they become available.

This page was updated Friday, 11-Aug-2017 10:11 AM

PHP Scripts (run on webserver)

These scripts have run on PHP 4.1.2, and PHP 4.4.1. I don't have access to PHP 3.x, so it is not known if they will work on versions below PHP 4.1.2. If you try them and they work (or not) on earlier versions of PHP, please send me a message at webmaster[at]saratoga-weather.org and let me know the results.

Display .TXT NOAA style forecasts PHP

I needed to safely display a series of .TXT files (NOAA style climate reports) using the overall style of the website. My WeatherLink software produces regular reports (NOAAMO.TXT, NOAAPRMO.TXT, NOAAYR.TXT, NOAAPRYR.TXT) as part of the 5-minute update. I've also produced reports and named them NOAAyyyy.TXT for yearly reports and NOAAyyyy-mm.TXT for monthly reports. These I've uploaded (monthly) to a sub-directory on the website /NOAA-reports.

Version 1.04 (01-Dec-2007) adds a new feature for WeatherLink users to create new NOAAyyyy-mm.TXT and NOAAyyyy.TXT files from the respective NOAAPRMO.TXT and NOAAPRYR.TXT files when the month/year rolls over. It will copy the appropriate file to the $NOAAdir and name it so you have no monthly maintenance to do (except to view the NOAA reports page on the first of each month).

The NOAA-reports.php will read the sub-directory, sort the filenames produce a menu of available names, and display the file requested. It automatically uses NOAAMO.TXT and NOAAYR.TXT (WeatherLink version) for the current monthly and current yearly files. The nice thing about the script is it strictly controls what can be displayed (existing files only, no directory browsing). The following is a live display of WeatherLink produced NOAA style reports for this station.

<?php $doInclude = true; require("NOAA-reports-test.php"); ?>
2018: Jan | Feb | Mar | Apr | May | Jun | Jul | Aug | Sep | Oct | Nov | Dec 
2017: Jan | Feb | Mar | Apr | May | Jun | Jul | Aug | Sep | Oct | Nov | Dec 
2016: Jan | Feb | Mar | Apr | May | Jun | Jul | Aug | Sep | Oct | Nov | Dec 
2015: Jan | Feb | Mar | Apr | May | Jun | Jul | Aug | Sep | Oct | Nov | Dec 
2014: Jan | Feb | Mar | Apr | May | Jun | Jul | Aug | Sep | Oct | Nov | Dec 
2013: Jan | Feb | Mar | Apr | May | Jun | Jul | Aug | Sep | Oct | Nov | Dec 
2012: Jan | Feb | Mar | Apr | May | Jun | Jul | Aug | Sep | Oct | Nov | Dec 
2011: Jan | Feb | Mar | Apr | May | Jun | Jul | Aug | Sep | Oct | Nov | Dec 
2010: Jan | Feb | Mar | Apr | May | Jun | Jul | Aug | Sep | Oct | Nov | Dec 
2009: Jan | Feb | Mar | Apr | May | Jun | Jul | Aug | Sep | Oct | Nov | Dec 
2008: Jan | Feb | Mar | Apr | May | Jun | Jul | Aug | Sep | Oct | Nov | Dec 
2007: Jan | Feb | Mar | Apr | May | Jun | Jul | Aug | Sep | Oct | Nov | Dec 
2006: Jan | Feb | Mar | Apr | May | Jun | Jul | Aug | Sep | Oct | Nov | Dec 
2005: Jan | Feb | Mar | Apr | May | Jun | Jul | Aug | Sep | Oct | Nov | Dec 
2004: Jan | Feb | Mar | Apr | May | Jun | Jul | Aug | Sep | Oct | Nov | Dec 

Report for 2007 04
MONTHLY CLIMATOLOGICAL SUMMARY for APR. 2007 NAME: KCASARAT1 CITY: Saratoga STATE: CA ELEV: 375 ft LAT: 37 16' 28" N LONG: 122 01' 23" W TEMPERATURE (F), RAIN (in), WIND SPEED (mph) HEAT COOL AVG MEAN DEG DEG WIND DOM DAY TEMP HIGH TIME LOW TIME DAYS DAYS RAIN SPEED HIGH TIME DIR ------------------------------------------------------------------------------------ 1 55.0 69.3 1:10p 43.5 5:00a 10.3 0.4 0.00 1.0 14.0 2:05p N 2 56.2 74.4 3:05p 41.8 6:35a 10.3 1.5 0.00 0.9 12.0 2:00p N 3 57.1 77.6 2:35p 41.5 6:50a 10.2 2.3 0.00 0.5 12.0 4:00p N 4 58.6 73.0 2:55p 46.4 6:35a 7.5 1.1 0.00 0.4 10.0 1:15p NNW 5 59.0 72.3 3:20p 49.6 3:55a 7.3 1.3 0.00 0.2 7.0 2:10p N 6 58.0 71.3 1:05p 50.5 5:55a 7.8 0.7 0.00 0.8 14.0 2:00p N 7 58.6 68.8 11:35a 49.4 12:00m 6.9 0.5 0.00 0.7 13.0 6:40p NW 8 57.2 71.8 2:20p 45.8 6:40a 8.9 1.1 0.00 1.3 17.0 3:30p NW 9 57.4 68.8 2:55p 46.4 11:50p 8.0 0.3 0.00 1.7 18.0 11:25a NW 10 56.9 73.5 2:30p 41.8 5:15a 9.6 1.5 0.00 1.3 17.0 4:40p NW 11 53.5 62.6 2:15p 47.6 4:15a 11.5 0.0 0.06 1.3 19.0 4:15p NW 12 53.0 64.3 4:00p 44.3 11:55p 12.0 0.0 0.00 2.9 20.0 1:05p NW 13 55.7 75.6 3:05p 40.5 6:05a 10.9 1.6 0.00 1.0 16.0 4:05p N 14 51.3 58.0 3:10p 47.6 1:25a 13.7 0.0 0.11 0.8 19.0 4:30p NW 15 56.0 68.8 4:25p 45.5 6:40a 9.4 0.4 0.00 2.7 21.0 1:35p NW 16 59.4 78.5 3:15p 42.6 6:00a 8.6 3.0 0.00 1.2 13.0 10:25a NW 17 52.8 63.4 12:35p 45.8 5:35a 12.2 0.0 0.00 2.1 21.0 5:50p NW 18 50.6 62.6 3:40p 40.5 5:50a 14.4 0.0 0.00 1.8 20.0 1:05p NW 19 48.1 56.9 4:10p 39.1 6:50a 16.9 0.0 0.05 0.5 13.0 4:40p ESE 20 54.3 63.2 4:10p 44.1 12:00m 4.7 0.0 0.04 1.2 12.0 3:30p NW 21 50.9 64.0 12:50p 39.3 5:45a 14.1 0.0 0.01 1.0 20.0 11:15p ESE 22 53.5 65.2 3:45p 44.3 12:00m 11.5 0.0 0.21 1.2 18.0 12:05a NW 23 55.6 73.0 3:30p 40.5 6:05a 10.9 1.5 0.04 1.1 16.0 3:15p NW 24 56.3 74.7 1:55p 41.1 6:25a 10.2 1.5 0.01 0.7 12.0 2:45p N 25 55.4 69.3 2:40p 43.3 5:55a 10.0 0.4 0.00 0.7 16.0 12:40p W 26 59.1 77.9 2:40p 42.9 6:10a 8.7 2.8 0.00 0.8 13.0 1:25p N 27 66.8 88.8 3:00p 46.5 6:05a 5.7 7.5 0.00 0.6 11.0 3:25p N 28 70.9 93.2 1:30p 54.1 6:10a 2.9 8.8 0.00 0.6 10.0 1:20p NW 29 61.6 78.6 1:15p 50.1 4:15a 6.4 3.0 0.00 0.9 12.0 4:05p N 30 62.2 80.1 3:50p 46.0 5:40a 6.9 4.2 0.00 1.1 16.0 4:15p N ------------------------------------------------------------------------------------- 56.7 93.2 28 39.1 19 288.4 45.4 0.53 1.1 21.0 15 NW Max >= 90.0: 1 Max <= 32.0: 0 Min <= 32.0: 0 Min <= 0.0: 0 Max Rain: 0.21 ON 04/22/07 Days of Rain: 6 (>.01 in) 2 (>.1 in) 0 (>1 in) Heat Base: 65.0 Cool Base: 65.0 Method: Integration

Downloads .. please customize for your directory and file naming convention ( WL or VWS).
Download WeatherLink/ VWS version (V1.07 - 11-Aug-2017) [ see version history ]

deformed-offering