deformed-offering

Weather station scripts - NOAA Climate Report display

They're free, but use at your own risk

The scripts referenced here are used in the operation of this weather station, and may be freely copied and used to support your station. Please note that you use these scripts at your own risk. No warranty is expressed or implied. I accept no liability for any damages that may ensue from their use.
You will need to configure them for your own particular weather station website.
RSS feed for Scripts Updates A RSS Feed is available to help keep you informed on updates to the scripts.

If you find one or more of the scripts useful to you, please consider making a donation to help offset the routine expenses of operation of this website.
Thanks for your kind support!

A Version History is available -- check back from time to time to see if there are updates to scripts you have downloaded earlier. Announcements of version updates and new scripts are made on WXForum.net and Weather-Watch forums and saratogaWXPHP Twitter account as they become available.

This page was updated Friday, 11-Aug-2017 10:11 AM

PHP Scripts (run on webserver)

These scripts have run on PHP 4.1.2, and PHP 4.4.1. I don't have access to PHP 3.x, so it is not known if they will work on versions below PHP 4.1.2. If you try them and they work (or not) on earlier versions of PHP, please send me a message at webmaster[at]saratoga-weather.org and let me know the results.

Display .TXT NOAA style forecasts PHP

I needed to safely display a series of .TXT files (NOAA style climate reports) using the overall style of the website. My WeatherLink software produces regular reports (NOAAMO.TXT, NOAAPRMO.TXT, NOAAYR.TXT, NOAAPRYR.TXT) as part of the 5-minute update. I've also produced reports and named them NOAAyyyy.TXT for yearly reports and NOAAyyyy-mm.TXT for monthly reports. These I've uploaded (monthly) to a sub-directory on the website /NOAA-reports.

Version 1.04 (01-Dec-2007) adds a new feature for WeatherLink users to create new NOAAyyyy-mm.TXT and NOAAyyyy.TXT files from the respective NOAAPRMO.TXT and NOAAPRYR.TXT files when the month/year rolls over. It will copy the appropriate file to the $NOAAdir and name it so you have no monthly maintenance to do (except to view the NOAA reports page on the first of each month).

The NOAA-reports.php will read the sub-directory, sort the filenames produce a menu of available names, and display the file requested. It automatically uses NOAAMO.TXT and NOAAYR.TXT (WeatherLink version) for the current monthly and current yearly files. The nice thing about the script is it strictly controls what can be displayed (existing files only, no directory browsing). The following is a live display of WeatherLink produced NOAA style reports for this station.

<?php $doInclude = true; require("NOAA-reports-test.php"); ?>
2018: Jan | Feb | Mar | Apr | May | Jun | Jul | Aug | Sep | Oct | Nov | Dec 
2017: Jan | Feb | Mar | Apr | May | Jun | Jul | Aug | Sep | Oct | Nov | Dec 
2016: Jan | Feb | Mar | Apr | May | Jun | Jul | Aug | Sep | Oct | Nov | Dec 
2015: Jan | Feb | Mar | Apr | May | Jun | Jul | Aug | Sep | Oct | Nov | Dec 
2014: Jan | Feb | Mar | Apr | May | Jun | Jul | Aug | Sep | Oct | Nov | Dec 
2013: Jan | Feb | Mar | Apr | May | Jun | Jul | Aug | Sep | Oct | Nov | Dec 
2012: Jan | Feb | Mar | Apr | May | Jun | Jul | Aug | Sep | Oct | Nov | Dec 
2011: Jan | Feb | Mar | Apr | May | Jun | Jul | Aug | Sep | Oct | Nov | Dec 
2010: Jan | Feb | Mar | Apr | May | Jun | Jul | Aug | Sep | Oct | Nov | Dec 
2009: Jan | Feb | Mar | Apr | May | Jun | Jul | Aug | Sep | Oct | Nov | Dec 
2008: Jan | Feb | Mar | Apr | May | Jun | Jul | Aug | Sep | Oct | Nov | Dec 
2007: Jan | Feb | Mar | Apr | May | Jun | Jul | Aug | Sep | Oct | Nov | Dec 
2006: Jan | Feb | Mar | Apr | May | Jun | Jul | Aug | Sep | Oct | Nov | Dec 
2005: Jan | Feb | Mar | Apr | May | Jun | Jul | Aug | Sep | Oct | Nov | Dec 
2004: Jan | Feb | Mar | Apr | May | Jun | Jul | Aug | Sep | Oct | Nov | Dec 

Report for 2006 12
MONTHLY CLIMATOLOGICAL SUMMARY for DEC. 2006 NAME: KCASARAT1 CITY: Saratoga STATE: CA ELEV: 375 ft LAT: 37 16' 28" N LONG: 122 01' 23" W TEMPERATURE (F), RAIN (in), WIND SPEED (mph) HEAT COOL AVG MEAN DEG DEG WIND DOM DAY TEMP HIGH TIME LOW TIME DAYS DAYS RAIN SPEED HIGH TIME DIR ------------------------------------------------------------------------------------ 1 46.5 62.6 1:55p 34.9 7:20a 18.5 0.0 0.00 0.4 13.0 1:30p NW 2 49.7 63.9 2:15p 39.1 12:45a 15.3 0.0 0.00 1.0 13.0 9:25a NW 3 46.8 63.9 1:55p 35.8 5:15a 18.2 0.0 0.00 0.2 8.0 1:35p NW 4 47.7 65.5 1:55p 36.2 4:45a 17.3 0.0 0.00 0.4 11.0 11:10a NW 5 48.6 65.8 2:35p 36.5 6:30a 16.5 0.0 0.00 0.5 10.0 1:00p NW 6 47.9 66.4 2:45p 35.8 7:00a 17.1 0.0 0.00 0.1 6.0 2:10p NW 7 48.5 67.9 2:30p 36.3 6:15a 16.7 0.2 0.00 0.0 5.0 11:05a N 8 54.3 66.8 11:35a 41.6 12:05a 10.8 0.0 0.30 2.3 20.0 1:20p ESE 9 53.8 59.9 12:55p 49.5 11:25p 11.2 0.0 0.95 1.9 24.0 4:05p S 10 50.1 60.4 1:15p 42.9 11:50p 14.9 0.0 0.19 1.1 16.0 9:00a ESE 11 49.9 57.8 1:15p 40.3 3:45a 15.1 0.0 0.01 0.3 8.0 2:45p ESE 12 54.8 61.2 2:50p 50.1 11:45p 10.2 0.0 0.17 1.1 16.0 2:50a ESE 13 57.5 66.8 2:15p 49.2 12:25a 7.5 0.0 0.01 0.1 6.0 12:40p E 14 56.2 66.3 1:50p 49.2 10:35p 8.9 0.0 0.00 0.2 12.0 2:35p NW 15 51.7 56.2 12:20p 45.7 12:00m 13.3 0.0 0.05 1.4 16.0 2:35p NW 16 43.9 50.4 1:05p 36.0 6:15a 21.1 0.0 0.00 0.6 13.0 2:30p W 17 43.2 53.1 1:10p 36.2 5:05a 21.8 0.0 0.00 0.5 11.0 10:20a W 18 40.7 54.4 2:35p 31.6 7:25a 24.3 0.0 0.00 0.6 13.0 11:45a NW 19 40.2 55.9 2:05p 29.4 5:45a 24.8 0.0 0.00 0.1 6.0 12:25p N 20 41.3 54.4 2:15p 32.5 5:15a 23.7 0.0 0.00 0.1 7.0 3:55p NNW 21 46.2 53.3 4:55p 37.5 2:15a 18.8 0.0 0.34 0.5 17.0 8:15p ESE 22 46.3 55.0 2:40p 40.5 9:45p 18.7 0.0 0.01 0.7 14.0 11:35a NW 23 44.9 58.4 2:25p 35.2 5:15a 20.1 0.0 0.00 0.1 7.0 11:00a ENE 24 46.6 57.2 2:20p 37.6 6:35a 18.4 0.0 0.00 0.1 6.0 2:40p ENE 25 49.1 63.5 11:30p 40.3 4:30a 15.9 0.0 0.01 0.2 13.0 10:35p N 26 58.7 64.8 12:20p 52.8 11:20p 6.3 0.0 0.60 3.9 30.0 4:55p S 27 50.4 54.7 2:20p 46.0 12:00m 14.6 0.0 0.24 6.4 33.0 6:05a NW 28 46.3 56.3 1:25p 37.8 9:35p 18.7 0.0 0.00 3.0 24.0 10:25a NW 29 44.5 59.3 1:55p 33.1 4:30a 20.5 0.0 0.00 0.3 8.0 10:00a NW 30 43.7 58.6 2:00p 33.8 7:40a 21.3 0.0 0.00 0.2 6.0 11:20a NNW 31 47.0 52.8 2:05p 37.8 1:05a 18.0 0.0 0.00 0.1 7.0 1:35p NNW ------------------------------------------------------------------------------------- 48.3 67.9 7 29.4 19 518.5 0.2 2.88 0.9 33.0 27 NW Max >= 90.0: 0 Max <= 32.0: 0 Min <= 32.0: 2 Min <= 0.0: 0 Max Rain: 0.95 ON 12/09/06 Days of Rain: 8 (>.01 in) 7 (>.1 in) 0 (>1 in) Heat Base: 65.0 Cool Base: 65.0 Method: Integration

Downloads .. please customize for your directory and file naming convention ( WL or VWS).
Download WeatherLink/ VWS version (V1.07 - 11-Aug-2017) [ see version history ]

deformed-offering