deformed-offering

Weather station scripts - NOAA Climate Report display

They're free, but use at your own risk

The scripts referenced here are used in the operation of this weather station, and may be freely copied and used to support your station. Please note that you use these scripts at your own risk. No warranty is expressed or implied. I accept no liability for any damages that may ensue from their use.
You will need to configure them for your own particular weather station website.
RSS feed for Scripts Updates A RSS Feed is available to help keep you informed on updates to the scripts.

If you find one or more of the scripts useful to you, please consider making a donation to help offset the routine expenses of operation of this website.
Thanks for your kind support!

A Version History is available -- check back from time to time to see if there are updates to scripts you have downloaded earlier. Announcements of version updates and new scripts are made on WXForum.net and Weather-Watch forums and saratogaWXPHP Twitter account as they become available.

This page was updated Friday, 11-Aug-2017 10:11 AM

PHP Scripts (run on webserver)

These scripts have run on PHP 4.1.2, and PHP 4.4.1. I don't have access to PHP 3.x, so it is not known if they will work on versions below PHP 4.1.2. If you try them and they work (or not) on earlier versions of PHP, please send me a message at webmaster[at]saratoga-weather.org and let me know the results.

Display .TXT NOAA style forecasts PHP

I needed to safely display a series of .TXT files (NOAA style climate reports) using the overall style of the website. My WeatherLink software produces regular reports (NOAAMO.TXT, NOAAPRMO.TXT, NOAAYR.TXT, NOAAPRYR.TXT) as part of the 5-minute update. I've also produced reports and named them NOAAyyyy.TXT for yearly reports and NOAAyyyy-mm.TXT for monthly reports. These I've uploaded (monthly) to a sub-directory on the website /NOAA-reports.

Version 1.04 (01-Dec-2007) adds a new feature for WeatherLink users to create new NOAAyyyy-mm.TXT and NOAAyyyy.TXT files from the respective NOAAPRMO.TXT and NOAAPRYR.TXT files when the month/year rolls over. It will copy the appropriate file to the $NOAAdir and name it so you have no monthly maintenance to do (except to view the NOAA reports page on the first of each month).

The NOAA-reports.php will read the sub-directory, sort the filenames produce a menu of available names, and display the file requested. It automatically uses NOAAMO.TXT and NOAAYR.TXT (WeatherLink version) for the current monthly and current yearly files. The nice thing about the script is it strictly controls what can be displayed (existing files only, no directory browsing). The following is a live display of WeatherLink produced NOAA style reports for this station.

<?php $doInclude = true; require("NOAA-reports-test.php"); ?>
2018: Jan | Feb | Mar | Apr | May | Jun | Jul | Aug | Sep | Oct | Nov | Dec 
2017: Jan | Feb | Mar | Apr | May | Jun | Jul | Aug | Sep | Oct | Nov | Dec 
2016: Jan | Feb | Mar | Apr | May | Jun | Jul | Aug | Sep | Oct | Nov | Dec 
2015: Jan | Feb | Mar | Apr | May | Jun | Jul | Aug | Sep | Oct | Nov | Dec 
2014: Jan | Feb | Mar | Apr | May | Jun | Jul | Aug | Sep | Oct | Nov | Dec 
2013: Jan | Feb | Mar | Apr | May | Jun | Jul | Aug | Sep | Oct | Nov | Dec 
2012: Jan | Feb | Mar | Apr | May | Jun | Jul | Aug | Sep | Oct | Nov | Dec 
2011: Jan | Feb | Mar | Apr | May | Jun | Jul | Aug | Sep | Oct | Nov | Dec 
2010: Jan | Feb | Mar | Apr | May | Jun | Jul | Aug | Sep | Oct | Nov | Dec 
2009: Jan | Feb | Mar | Apr | May | Jun | Jul | Aug | Sep | Oct | Nov | Dec 
2008: Jan | Feb | Mar | Apr | May | Jun | Jul | Aug | Sep | Oct | Nov | Dec 
2007: Jan | Feb | Mar | Apr | May | Jun | Jul | Aug | Sep | Oct | Nov | Dec 
2006: Jan | Feb | Mar | Apr | May | Jun | Jul | Aug | Sep | Oct | Nov | Dec 
2005: Jan | Feb | Mar | Apr | May | Jun | Jul | Aug | Sep | Oct | Nov | Dec 
2004: Jan | Feb | Mar | Apr | May | Jun | Jul | Aug | Sep | Oct | Nov | Dec 

Report for 2006 01
MONTHLY CLIMATOLOGICAL SUMMARY for JAN. 2006 NAME: KCASARAT1 CITY: Saratoga STATE: CA ELEV: 375 ft LAT: 37 16' 28" N LONG: 122 01' 23" W TEMPERATURE (F), RAIN (in), WIND SPEED (mph) HEAT COOL AVG MEAN DEG DEG WIND DOM DAY TEMP HIGH TIME LOW TIME DAYS DAYS RAIN SPEED HIGH TIME DIR ------------------------------------------------------------------------------------ 1 54.3 58.5 2:40p 49.5 1:55a 10.7 0.0 0.28 5.0 41.0 9:10a S 2 51.5 54.9 2:05a 43.8 12:00m 13.5 0.0 2.00 0.7 20.0 2:00p NW 3 50.7 55.4 11:10a 41.5 3:10a 14.3 0.0 0.03 2.7 20.0 3:35p ESE 4 55.1 65.7 2:20p 46.5 12:00m 9.9 0.0 0.00 0.6 14.0 12:25a ESE 5 51.3 63.4 2:05p 43.6 6:05a 13.7 0.0 0.01 0.2 7.0 10:05a NW 6 52.3 68.3 3:30p 41.9 6:35a 13.0 0.2 0.01 0.1 5.0 9:55a SSW 7 52.3 61.1 1:40p 44.3 12:00m 12.7 0.0 0.17 0.2 11.0 3:25p W 8 48.8 58.7 1:35p 40.5 7:30a 16.2 0.0 0.01 0.8 11.0 11:50a NW 9 47.5 61.2 3:15p 37.9 7:10a 17.5 0.0 0.00 0.4 11.0 1:05p NW 10 48.3 59.1 12:45p 38.5 7:00a 16.7 0.0 0.01 0.3 7.0 12:55p N 11 52.3 62.3 1:30p 42.8 11:15p 12.7 0.0 0.00 0.5 14.0 2:20p SE 12 48.8 60.8 1:20p 40.0 7:05a 16.2 0.0 0.01 0.3 10.0 2:30p NW 13 53.6 70.0 12:30p 41.3 7:05a 11.7 0.3 0.06 1.8 19.0 2:30p ESE 14 49.2 52.6 2:20p 45.3 10:45p 15.8 0.0 0.71 0.6 13.0 12:35a W 15 46.4 55.1 1:50p 38.3 11:40p 18.6 0.0 0.00 1.1 16.0 5:40a NW 16 47.7 58.0 2:55p 38.7 12:05a 17.3 0.0 0.00 0.2 7.0 1:50p N 17 50.9 64.1 1:50p 41.5 6:20a 14.1 0.0 0.08 1.7 19.0 7:40p E 18 50.6 57.7 12:20p 43.9 10:25p 14.4 0.0 0.16 0.6 17.0 2:20p W 19 45.9 56.3 2:40p 38.3 11:55p 19.1 0.0 0.01 0.7 11.0 12:30p NW 20 44.6 57.7 2:15p 35.0 6:10a 20.4 0.0 0.01 0.3 8.0 2:45p NNW 21 46.5 52.6 3:40p 41.5 12:05a 18.5 0.0 0.11 0.2 8.0 12:40p NW 22 49.3 60.2 3:05p 40.8 7:40a 15.7 0.0 0.00 1.1 17.0 3:10p NW 23 52.6 64.6 2:40p 40.0 3:25a 12.4 0.0 0.00 1.0 19.0 9:45a W 24 50.6 68.5 2:45p 39.3 7:25a 14.6 0.2 0.00 0.3 7.0 3:15p NW 25 49.6 63.0 1:45p 38.2 6:25a 15.4 0.0 0.00 0.5 11.0 3:30p S 26 49.1 56.3 2:05p 40.0 12:00m 15.9 0.0 0.04 0.5 10.0 10:35a NW 27 46.9 56.6 2:45p 39.0 1:35a 18.1 0.0 0.00 0.3 8.0 4:35p E 28 50.9 59.9 1:45p 42.0 12:10a 14.1 0.0 0.00 0.6 13.0 2:25p ESE 29 54.0 63.4 12:50p 46.5 11:55p 11.0 0.0 0.04 0.2 8.0 1:25p NW 30 50.9 62.0 12:00p 43.0 4:10a 14.1 0.0 0.02 0.8 14.0 10:50a W 31 48.9 59.4 2:55p 38.7 6:25a 16.1 0.0 0.01 0.1 6.0 3:50p N ------------------------------------------------------------------------------------- 50.0 70.0 13 35.0 20 464.4 0.7 3.78 0.8 41.0 1 NW Max >= 90.0: 0 Max <= 32.0: 0 Min <= 32.0: 0 Min <= 0.0: 0 Max Rain: 2.00 ON 01/02/06 Days of Rain: 12 (>.01 in) 6 (>.1 in) 1 (>1 in) Heat Base: 65.0 Cool Base: 65.0 Method: Integration

Downloads .. please customize for your directory and file naming convention ( WL or VWS).
Download WeatherLink/ VWS version (V1.07 - 11-Aug-2017) [ see version history ]

deformed-offering