deformed-offering

Weather station scripts - NOAA Climate Report display

They're free, but use at your own risk

The scripts referenced here are used in the operation of this weather station, and may be freely copied and used to support your station. Please note that you use these scripts at your own risk. No warranty is expressed or implied. I accept no liability for any damages that may ensue from their use.
You will need to configure them for your own particular weather station website.
RSS feed for Scripts Updates A RSS Feed is available to help keep you informed on updates to the scripts.

If you find one or more of the scripts useful to you, please consider making a donation to help offset the routine expenses of operation of this website.
Thanks for your kind support!

A Version History is available -- check back from time to time to see if there are updates to scripts you have downloaded earlier. Announcements of version updates and new scripts are made on WXForum.net and Weather-Watch forums and saratogaWXPHP Twitter account as they become available.

This page was updated Friday, 11-Aug-2017 10:11 AM

PHP Scripts (run on webserver)

These scripts have run on PHP 4.1.2, and PHP 4.4.1. I don't have access to PHP 3.x, so it is not known if they will work on versions below PHP 4.1.2. If you try them and they work (or not) on earlier versions of PHP, please send me a message at webmaster[at]saratoga-weather.org and let me know the results.

Display .TXT NOAA style forecasts PHP

I needed to safely display a series of .TXT files (NOAA style climate reports) using the overall style of the website. My WeatherLink software produces regular reports (NOAAMO.TXT, NOAAPRMO.TXT, NOAAYR.TXT, NOAAPRYR.TXT) as part of the 5-minute update. I've also produced reports and named them NOAAyyyy.TXT for yearly reports and NOAAyyyy-mm.TXT for monthly reports. These I've uploaded (monthly) to a sub-directory on the website /NOAA-reports.

Version 1.04 (01-Dec-2007) adds a new feature for WeatherLink users to create new NOAAyyyy-mm.TXT and NOAAyyyy.TXT files from the respective NOAAPRMO.TXT and NOAAPRYR.TXT files when the month/year rolls over. It will copy the appropriate file to the $NOAAdir and name it so you have no monthly maintenance to do (except to view the NOAA reports page on the first of each month).

The NOAA-reports.php will read the sub-directory, sort the filenames produce a menu of available names, and display the file requested. It automatically uses NOAAMO.TXT and NOAAYR.TXT (WeatherLink version) for the current monthly and current yearly files. The nice thing about the script is it strictly controls what can be displayed (existing files only, no directory browsing). The following is a live display of WeatherLink produced NOAA style reports for this station.

<?php $doInclude = true; require("NOAA-reports-test.php"); ?>
2018: Jan | Feb | Mar | Apr | May | Jun | Jul | Aug | Sep | Oct | Nov | Dec 
2017: Jan | Feb | Mar | Apr | May | Jun | Jul | Aug | Sep | Oct | Nov | Dec 
2016: Jan | Feb | Mar | Apr | May | Jun | Jul | Aug | Sep | Oct | Nov | Dec 
2015: Jan | Feb | Mar | Apr | May | Jun | Jul | Aug | Sep | Oct | Nov | Dec 
2014: Jan | Feb | Mar | Apr | May | Jun | Jul | Aug | Sep | Oct | Nov | Dec 
2013: Jan | Feb | Mar | Apr | May | Jun | Jul | Aug | Sep | Oct | Nov | Dec 
2012: Jan | Feb | Mar | Apr | May | Jun | Jul | Aug | Sep | Oct | Nov | Dec 
2011: Jan | Feb | Mar | Apr | May | Jun | Jul | Aug | Sep | Oct | Nov | Dec 
2010: Jan | Feb | Mar | Apr | May | Jun | Jul | Aug | Sep | Oct | Nov | Dec 
2009: Jan | Feb | Mar | Apr | May | Jun | Jul | Aug | Sep | Oct | Nov | Dec 
2008: Jan | Feb | Mar | Apr | May | Jun | Jul | Aug | Sep | Oct | Nov | Dec 
2007: Jan | Feb | Mar | Apr | May | Jun | Jul | Aug | Sep | Oct | Nov | Dec 
2006: Jan | Feb | Mar | Apr | May | Jun | Jul | Aug | Sep | Oct | Nov | Dec 
2005: Jan | Feb | Mar | Apr | May | Jun | Jul | Aug | Sep | Oct | Nov | Dec 
2004: Jan | Feb | Mar | Apr | May | Jun | Jul | Aug | Sep | Oct | Nov | Dec 

Report for 2005 10
MONTHLY CLIMATOLOGICAL SUMMARY for OCT. 2005 NAME: KCASARAT1 CITY: Saratoga STATE: CA ELEV: 375 ft LAT: 37 16' 28" N LONG: 22 01' 23" W TEMPERATURE (F), RAIN (in), WIND SPEED (mph) HEAT COOL AVG MEAN DEG DEG WIND DOM DAY TEMP HIGH TIME LOW TIME DAYS DAYS RAIN SPEED HIGH TIME DIR ------------------------------------------------------------------------------------ 1 65.4 77.4 1:00p 54.6 3:45a 3.0 3.3 0.00 1.0 11.0 1:30p NNW 2 60.4 75.6 2:45p 49.2 7:05a 6.2 1.6 0.00 1.0 16.0 4:40p WNW 3 57.6 70.3 2:05p 47.4 7:10a 8.1 0.7 0.00 1.8 19.0 4:20p NW 4 58.1 72.8 3:15p 45.9 7:00a 8.2 1.3 0.00 1.7 16.0 11:45a NW 5 62.7 81.0 3:35p 46.9 5:40a 6.8 4.5 0.00 1.0 13.0 2:50p NW 6 65.1 85.4 2:40p 49.8 6:40a 5.2 5.3 0.00 0.7 12.0 3:15p NNW 7 60.7 78.1 1:55p 49.9 6:40a 6.6 2.3 0.00 1.0 14.0 2:30p NW 8 58.9 72.0 3:20p 48.6 7:15a 7.3 1.2 0.00 0.8 11.0 11:05a W 9 59.1 78.3 3:20p 44.2 6:25a 8.8 2.9 0.00 0.9 12.0 4:20p NW 10 63.9 84.8 3:15p 47.5 6:50a 6.5 5.4 0.00 0.5 10.0 2:40p N 11 59.3 74.0 2:40p 48.1 7:15a 7.4 1.7 0.00 0.9 11.0 1:45p NNW 12 61.8 83.3 2:55p 45.9 6:10a 7.4 4.2 0.00 0.7 12.0 3:25p ENE 13 65.7 86.8 3:15p 49.3 7:15a 5.2 5.9 0.00 0.5 8.0 2:25p NE 14 63.0 82.9 1:35p 52.7 7:30a 4.8 2.8 0.00 0.9 12.0 1:35p ESE 15 59.0 69.0 2:30p 52.7 7:15a 6.2 0.2 0.06 1.7 18.0 2:15a NW 16 64.4 81.4 3:00p 49.5 4:45a 5.0 4.4 0.00 0.8 11.0 1:00p NW 17 67.6 86.2 2:50p 52.4 7:10a 3.7 6.3 0.00 0.9 12.0 9:00p NW 18 64.2 70.5 1:00p 60.0 9:30p 1.9 1.1 0.00 2.6 16.0 11:00a SSE 19 62.2 74.0 3:10p 52.7 7:35a 4.1 1.2 0.00 1.1 13.0 3:15p ESE 20 60.0 72.7 3:05p 51.5 4:10a 6.2 1.2 0.00 0.7 13.0 2:15p NNE 21 59.1 75.3 2:45p 48.9 4:15a 7.8 1.8 0.00 0.4 8.0 3:00p NNE 22 57.8 73.2 3:55p 49.8 2:45a 8.4 1.2 0.01 0.4 7.0 1:45p N 23 57.4 71.8 2:20p 48.9 5:25a 8.5 0.9 0.00 0.4 7.0 12:45p N 24 57.7 67.1 2:10p 51.5 1:45a 7.4 0.1 0.01 0.4 11.0 4:25p NW 25 57.9 69.3 2:05p 50.5 7:50a 7.5 0.4 0.00 0.7 13.0 2:05p ESE 26 56.6 67.3 12:40p 49.5 10:50p 8.4 0.1 0.00 0.7 13.0 2:50p E 27 56.9 69.1 3:30p 49.9 12:10a 8.3 0.3 0.00 0.1 8.0 4:35p NW 28 61.9 73.0 2:35p 54.0 8:00a 4.2 1.1 0.00 1.2 14.0 3:30a ESE 29 58.5 67.3 3:15p 47.5 11:50p 6.7 0.1 0.00 0.8 14.0 3:45p NW 30 54.7 69.5 2:05p 43.5 6:30a 10.8 0.5 0.00 0.5 11.0 12:15p NW 31 57.4 75.6 2:25p 44.5 5:50a 9.4 1.8 0.00 0.3 8.0 11:10a NW ------------------------------------------------------------------------------------- 60.5 86.8 13 43.5 30 206.0 65.8 0.08 0.9 19.0 3 NW Max >= 90.0: 0 Max <= 32.0: 0 Min <= 32.0: 0 Min <= 0.0: 0 Max Rain: 0.06 ON 10/15/05 Days of Rain: 1 (>.01 in) 0 (>.1 in) 0 (>1 in) Heat Base: 65.0 Cool Base: 65.0 Method: Integration

Downloads .. please customize for your directory and file naming convention ( WL or VWS).
Download WeatherLink/ VWS version (V1.07 - 11-Aug-2017) [ see version history ]

deformed-offering