deformed-offering

Weather station scripts - NOAA Climate Report display

They're free, but use at your own risk

The scripts referenced here are used in the operation of this weather station, and may be freely copied and used to support your station. Please note that you use these scripts at your own risk. No warranty is expressed or implied. I accept no liability for any damages that may ensue from their use.
You will need to configure them for your own particular weather station website.
RSS feed for Scripts Updates A RSS Feed is available to help keep you informed on updates to the scripts.

If you find one or more of the scripts useful to you, please consider making a donation to help offset the routine expenses of operation of this website.
Thanks for your kind support!

A Version History is available -- check back from time to time to see if there are updates to scripts you have downloaded earlier. Announcements of version updates and new scripts are made on WXForum.net and Weather-Watch forums and saratogaWXPHP Twitter account as they become available.

This page was updated Friday, 11-Aug-2017 10:11 AM

PHP Scripts (run on webserver)

These scripts have run on PHP 4.1.2, and PHP 4.4.1. I don't have access to PHP 3.x, so it is not known if they will work on versions below PHP 4.1.2. If you try them and they work (or not) on earlier versions of PHP, please send me a message at webmaster[at]saratoga-weather.org and let me know the results.

Display .TXT NOAA style forecasts PHP

I needed to safely display a series of .TXT files (NOAA style climate reports) using the overall style of the website. My WeatherLink software produces regular reports (NOAAMO.TXT, NOAAPRMO.TXT, NOAAYR.TXT, NOAAPRYR.TXT) as part of the 5-minute update. I've also produced reports and named them NOAAyyyy.TXT for yearly reports and NOAAyyyy-mm.TXT for monthly reports. These I've uploaded (monthly) to a sub-directory on the website /NOAA-reports.

Version 1.04 (01-Dec-2007) adds a new feature for WeatherLink users to create new NOAAyyyy-mm.TXT and NOAAyyyy.TXT files from the respective NOAAPRMO.TXT and NOAAPRYR.TXT files when the month/year rolls over. It will copy the appropriate file to the $NOAAdir and name it so you have no monthly maintenance to do (except to view the NOAA reports page on the first of each month).

The NOAA-reports.php will read the sub-directory, sort the filenames produce a menu of available names, and display the file requested. It automatically uses NOAAMO.TXT and NOAAYR.TXT (WeatherLink version) for the current monthly and current yearly files. The nice thing about the script is it strictly controls what can be displayed (existing files only, no directory browsing). The following is a live display of WeatherLink produced NOAA style reports for this station.

<?php $doInclude = true; require("NOAA-reports-test.php"); ?>
2018: Jan | Feb | Mar | Apr | May | Jun | Jul | Aug | Sep | Oct | Nov | Dec 
2017: Jan | Feb | Mar | Apr | May | Jun | Jul | Aug | Sep | Oct | Nov | Dec 
2016: Jan | Feb | Mar | Apr | May | Jun | Jul | Aug | Sep | Oct | Nov | Dec 
2015: Jan | Feb | Mar | Apr | May | Jun | Jul | Aug | Sep | Oct | Nov | Dec 
2014: Jan | Feb | Mar | Apr | May | Jun | Jul | Aug | Sep | Oct | Nov | Dec 
2013: Jan | Feb | Mar | Apr | May | Jun | Jul | Aug | Sep | Oct | Nov | Dec 
2012: Jan | Feb | Mar | Apr | May | Jun | Jul | Aug | Sep | Oct | Nov | Dec 
2011: Jan | Feb | Mar | Apr | May | Jun | Jul | Aug | Sep | Oct | Nov | Dec 
2010: Jan | Feb | Mar | Apr | May | Jun | Jul | Aug | Sep | Oct | Nov | Dec 
2009: Jan | Feb | Mar | Apr | May | Jun | Jul | Aug | Sep | Oct | Nov | Dec 
2008: Jan | Feb | Mar | Apr | May | Jun | Jul | Aug | Sep | Oct | Nov | Dec 
2007: Jan | Feb | Mar | Apr | May | Jun | Jul | Aug | Sep | Oct | Nov | Dec 
2006: Jan | Feb | Mar | Apr | May | Jun | Jul | Aug | Sep | Oct | Nov | Dec 
2005: Jan | Feb | Mar | Apr | May | Jun | Jul | Aug | Sep | Oct | Nov | Dec 
2004: Jan | Feb | Mar | Apr | May | Jun | Jul | Aug | Sep | Oct | Nov | Dec 

Report for 2004 05
MONTHLY CLIMATOLOGICAL SUMMARY for MAY. 2004 NAME: KCASARAT1 CITY: Saratoga STATE: CA ELEV: 375 ft LAT: 37 16' 28" N LONG: 22 01' 23" W TEMPERATURE (F), RAIN (in), WIND SPEED (mph) HEAT COOL AVG MEAN DEG DEG WIND DOM DAY TEMP HIGH TIME LOW TIME DAYS DAYS RAIN SPEED HIGH TIME DIR ------------------------------------------------------------------------------------ 1 64.4 83.2 4:55p 47.6 6:05a 5.7 5.1 0.00 1.0 11.0 1:45p N 2 70.1 91.4 4:00p 51.1 6:15a 3.7 8.8 0.00 1.1 12.0 4:05p NNE 3 68.2 86.1 2:55p 52.6 6:10a 3.4 6.6 0.00 1.2 13.0 3:25p NNE 4 61.7 74.7 3:35p 49.5 6:15a 5.7 2.4 0.00 1.5 12.0 2:20p N 5 58.8 70.9 12:35p 47.0 6:20a 7.2 1.0 0.00 1.6 14.0 2:45p N 6 59.7 75.1 12:35p 47.4 6:10a 6.9 1.6 0.00 1.6 17.0 5:00p S 7 62.7 74.7 1:40p 49.8 6:15a 4.8 2.5 0.00 1.7 16.0 4:30p NW 8 60.5 74.4 3:25p 48.9 5:55a 6.2 1.7 0.00 1.4 16.0 3:50p NW 9 59.3 76.3 4:10p 46.4 5:50a 7.8 2.1 0.00 2.0 19.0 4:40p NW 10 57.8 69.1 2:35p 48.6 3:30a 7.5 0.3 0.00 3.0 21.0 7:10a NW 11 55.0 65.6 12:50p 44.1 5:30a 10.0 0.0 0.00 1.6 16.0 9:10a W 12 60.7 77.9 3:25p 45.4 5:15a 7.6 3.3 0.00 1.6 17.0 2:10p NW 13 60.2 77.7 1:40p 46.8 3:05a 7.2 2.4 0.00 1.5 16.0 2:40p N 14 61.6 79.6 2:10p 46.1 4:45a 6.8 3.3 0.00 1.5 14.0 1:55p NE 15 60.3 73.9 1:35p 48.5 4:00a 6.8 2.1 0.00 1.4 14.0 5:25p NW 16 59.7 75.6 2:55p 47.6 4:25a 7.3 1.9 0.00 1.2 12.0 12:00p W 17 58.5 70.8 3:55p 48.6 4:50a 7.1 0.6 0.00 1.6 19.0 3:05p NW 18 59.1 71.5 4:30p 48.8 4:00a 6.8 0.9 0.00 1.6 18.0 2:55p NW 19 59.4 75.4 4:35p 46.0 5:45a 7.7 2.1 0.00 1.6 19.0 4:15p N 20 58.2 69.3 3:45p 50.1 12:55a 7.2 0.4 0.00 1.8 16.0 2:05p NW 21 57.7 67.4 2:50p 49.5 1:00a 7.4 0.1 0.00 1.0 14.0 2:50p NW 22 58.0 68.9 3:15p 51.9 11:10p 7.3 0.3 0.00 1.5 14.0 5:35p NW 23 59.8 73.2 3:05p 52.6 12:00m 6.4 1.2 0.00 1.5 13.0 1:55p NW 24 58.3 71.6 3:25p 46.8 4:55a 7.7 1.0 0.00 1.1 14.0 1:50p W 25 60.7 73.9 2:20p 48.3 3:35a 6.2 1.9 0.00 1.6 14.0 2:40p NNW 26 63.4 79.6 1:30p 51.4 4:20a 4.9 3.3 0.00 1.4 13.0 1:55p N 27 65.0 77.9 12:05p 56.3 3:30a 3.2 3.2 0.00 2.0 18.0 3:15p NE 28 61.0 70.3 2:20p 51.9 12:00m 4.6 0.6 0.08 1.5 19.0 6:45p NW 29 61.8 77.4 4:30p 46.7 5:50a 6.5 3.2 0.00 1.6 16.0 1:30p NW 30 65.0 82.8 2:40p 48.0 5:40a 5.3 5.3 0.00 1.3 14.0 3:20p NE 31 67.3 85.7 2:00p 50.7 6:00a 4.1 6.4 0.00 1.3 13.0 12:30p NE ------------------------------------------------------------------------------------- 61.1 91.4 2 44.1 11 197.0 75.6 0.08 1.5 21.0 10 NW Max >= 90.0: 1 Max <= 32.0: 0 Min <= 32.0: 0 Min <= 0.0: 0 Max Rain: 0.08 ON 05/28/04 Days of Rain: 1 (>.01 in) 0 (>.1 in) 0 (>1 in) Heat Base: 65.0 Cool Base: 65.0 Method: Integration

Downloads .. please customize for your directory and file naming convention ( WL or VWS).
Download WeatherLink/ VWS version (V1.07 - 11-Aug-2017) [ see version history ]

deformed-offering