deformed-offering

Weather station scripts - NOAA Climate Report display

They're free, but use at your own risk

The scripts referenced here are used in the operation of this weather station, and may be freely copied and used to support your station. Please note that you use these scripts at your own risk. No warranty is expressed or implied. I accept no liability for any damages that may ensue from their use.
You will need to configure them for your own particular weather station website.
RSS feed for Scripts Updates A RSS Feed is available to help keep you informed on updates to the scripts.

If you find one or more of the scripts useful to you, please consider making a donation to help offset the routine expenses of operation of this website.
Thanks for your kind support!

A Version History is available -- check back from time to time to see if there are updates to scripts you have downloaded earlier. Announcements of version updates and new scripts are made on WXForum.net and Weather-Watch forums and saratogaWXPHP Twitter account as they become available.

This page was updated Sunday, 20-Feb-2011 4:22 PM

PHP Scripts (run on webserver)

These scripts have run on PHP 4.1.2, and PHP 4.4.1. I don't have access to PHP 3.x, so it is not known if they will work on versions below PHP 4.1.2. If you try them and they work (or not) on earlier versions of PHP, please send me a message at webmaster[at]saratoga-weather.org and let me know the results.

Display .TXT NOAA style forecasts PHP

I needed to safely display a series of .TXT files (NOAA style climate reports) using the overall style of the website. My WeatherLink software produces regular reports (NOAAMO.TXT, NOAAPRMO.TXT, NOAAYR.TXT, NOAAPRYR.TXT) as part of the 5-minute update. I've also produced reports and named them NOAAyyyy.TXT for yearly reports and NOAAyyyy-mm.TXT for monthly reports. These I've uploaded (monthly) to a sub-directory on the website /NOAA-reports.

Version 1.04 (01-Dec-2007) adds a new feature for WeatherLink users to create new NOAAyyyy-mm.TXT and NOAAyyyy.TXT files from the respective NOAAPRMO.TXT and NOAAPRYR.TXT files when the month/year rolls over. It will copy the appropriate file to the $NOAAdir and name it so you have no monthly maintenance to do (except to view the NOAA reports page on the first of each month).

The NOAA-reports.php will read the sub-directory, sort the filenames produce a menu of available names, and display the file requested. It automatically uses NOAAMO.TXT and NOAAYR.TXT (WeatherLink version) for the current monthly and current yearly files. The nice thing about the script is it strictly controls what can be displayed (existing files only, no directory browsing). The following is a live display of WeatherLink produced NOAA style reports for this station.

<?php $doInclude = true; require("NOAA-reports-test.php"); ?>
2016: Jan | Feb | Mar | Apr | May | Jun | Jul | Aug | Sep | Oct | Nov | Dec 
2015: Jan | Feb | Mar | Apr | May | Jun | Jul | Aug | Sep | Oct | Nov | Dec 
2014: Jan | Feb | Mar | Apr | May | Jun | Jul | Aug | Sep | Oct | Nov | Dec 
2013: Jan | Feb | Mar | Apr | May | Jun | Jul | Aug | Sep | Oct | Nov | Dec 
2012: Jan | Feb | Mar | Apr | May | Jun | Jul | Aug | Sep | Oct | Nov | Dec 
2011: Jan | Feb | Mar | Apr | May | Jun | Jul | Aug | Sep | Oct | Nov | Dec 
2010: Jan | Feb | Mar | Apr | May | Jun | Jul | Aug | Sep | Oct | Nov | Dec 
2009: Jan | Feb | Mar | Apr | May | Jun | Jul | Aug | Sep | Oct | Nov | Dec 
2008: Jan | Feb | Mar | Apr | May | Jun | Jul | Aug | Sep | Oct | Nov | Dec 
2007: Jan | Feb | Mar | Apr | May | Jun | Jul | Aug | Sep | Oct | Nov | Dec 
2006: Jan | Feb | Mar | Apr | May | Jun | Jul | Aug | Sep | Oct | Nov | Dec 
2005: Jan | Feb | Mar | Apr | May | Jun | Jul | Aug | Sep | Oct | Nov | Dec 
2004: Jan | Feb | Mar | Apr | May | Jun | Jul | Aug | Sep | Oct | Nov | Dec 

Report for 2016 09
MONTHLY CLIMATOLOGICAL SUMMARY for SEP. 2016 NAME: KCASARAT1 CITY: Saratoga STATE: CA ELEV: 375 ft LAT: 37 16' 28" N LONG: 122 01' 23" W TEMPERATURE (F), RAIN (in), WIND SPEED (mph) HEAT COOL AVG MEAN DEG DEG WIND DOM DAY TEMP HIGH TIME LOW TIME DAYS DAYS RAIN SPEED HIGH TIME DIR ------------------------------------------------------------------------------------ 1 62.6 75.1 2:45p 54.3 5:20a 4.6 2.2 0.00 1.5 13.0 1:50p N 2 63.9 80.7 1:55p 51.8 6:40a 5.2 4.1 0.00 1.4 13.0 2:20p N 3 62.4 74.9 2:15p 52.7 6:40a 5.2 2.6 0.00 1.6 16.0 4:25p N 4 62.6 75.7 2:15p 51.2 6:55a 5.2 2.8 0.00 1.9 14.0 4:30p N 5 62.8 81.1 4:05p 48.2 7:00a 6.4 4.3 0.00 1.4 11.0 2:15p N 6 64.7 87.8 3:20p 49.8 6:15a 5.6 5.4 0.00 1.3 12.0 3:10p N 7 70.9 92.3 2:55p 35.4 2:25p 3.8 9.6 0.00 1.6 13.0 11:50a N 8 65.7 79.0 2:15p 56.4 6:05a 2.6 3.3 0.00 1.6 14.0 2:15p N 9 66.6 80.7 2:50p 58.6 7:10a 2.6 4.3 0.00 1.5 11.0 3:15p N 10 65.6 78.3 3:25p 56.5 2:05a 3.1 3.7 0.00 1.5 11.0 1:15p N 11 64.6 77.0 2:45p 58.6 12:50a 2.9 2.6 0.00 1.6 13.0 3:35p N 12 61.5 75.3 2:25p 50.7 7:10a 5.5 2.0 0.00 1.6 13.0 4:10p ESE 13 58.9 70.8 3:20p 49.6 4:55a 7.1 0.9 0.00 2.0 16.0 9:45a SSW 14 61.6 76.7 2:50p 49.3 6:40a 6.3 3.0 0.00 1.5 14.0 3:30p N 15 62.5 77.4 2:15p 50.6 4:40a 5.6 3.1 0.00 1.4 11.0 1:50p N 16 64.4 80.7 2:40p 51.6 1:40a 4.7 4.1 0.00 1.2 11.0 3:30p N 17 66.4 86.7 3:30p 52.8 2:50a 4.4 5.8 0.00 1.0 8.0 4:45p N 18 70.7 93.6 4:05p 51.8 6:55a 3.7 9.3 0.00 1.2 11.0 1:30p NE 19 73.4 92.9 2:15p 56.9 7:05a 1.7 10.1 0.00 1.2 10.0 1:35p S 20 68.1 82.4 2:45p 55.9 7:00a 1.7 4.8 0.00 1.2 11.0 3:45p NNW 21 63.2 76.5 2:40p 53.8 7:00a 4.1 2.3 0.00 1.8 17.0 4:15p W 22 59.7 71.3 2:35p 49.3 6:55a 6.5 1.1 0.00 2.1 17.0 1:45p N 23 61.5 78.5 3:30p 46.6 6:45a 7.0 3.5 0.00 1.6 16.0 2:25p N 24 67.9 86.3 3:30p 53.1 6:55a 3.7 6.7 0.00 1.7 14.0 1:30p NE 25 60.3 62.2 12:05a 58.6 1:50a 0.4 0.0 0.00 0.3 2.0 12:05a SSW 26 27 28 29 30 ------------------------------------------------------------------------------------- 64.5 93.6 18 35.4 7 109.6 101.6 0.00 1.5 17.0 21 N Max >= 90.0: 3 Max <= 32.0: 0 Min <= 32.0: 0 Min <= 0.0: 0 Max Rain: 0.00 ON 09/01/16 Days of Rain: 0 (>.01 in) 0 (>.1 in) 0 (>1 in) Heat Base: 65.0 Cool Base: 65.0 Method: Integration

Downloads .. please customize for your directory and file naming convention ( WL or VWS).
Download WeatherLink/ VWS version (V1.06 - 03-Oct-2008) [ see version history ]

deformed-offering