deformed-offering

Weather station scripts - NOAA Climate Report display

They're free, but use at your own risk

The scripts referenced here are used in the operation of this weather station, and may be freely copied and used to support your station. Please note that you use these scripts at your own risk. No warranty is expressed or implied. I accept no liability for any damages that may ensue from their use.
You will need to configure them for your own particular weather station website.
RSS feed for Scripts Updates A RSS Feed is available to help keep you informed on updates to the scripts.

If you find one or more of the scripts useful to you, please consider making a donation to help offset the routine expenses of operation of this website.
Thanks for your kind support!

A Version History is available -- check back from time to time to see if there are updates to scripts you have downloaded earlier. Announcements of version updates and new scripts are made on WXForum.net and Weather-Watch forums and saratogaWXPHP Twitter account as they become available.

This page was updated Sunday, 20-Feb-2011 4:22 PM

PHP Scripts (run on webserver)

These scripts have run on PHP 4.1.2, and PHP 4.4.1. I don't have access to PHP 3.x, so it is not known if they will work on versions below PHP 4.1.2. If you try them and they work (or not) on earlier versions of PHP, please send me a message at webmaster[at]saratoga-weather.org and let me know the results.

Display .TXT NOAA style forecasts PHP

I needed to safely display a series of .TXT files (NOAA style climate reports) using the overall style of the website. My WeatherLink software produces regular reports (NOAAMO.TXT, NOAAPRMO.TXT, NOAAYR.TXT, NOAAPRYR.TXT) as part of the 5-minute update. I've also produced reports and named them NOAAyyyy.TXT for yearly reports and NOAAyyyy-mm.TXT for monthly reports. These I've uploaded (monthly) to a sub-directory on the website /NOAA-reports.

Version 1.04 (01-Dec-2007) adds a new feature for WeatherLink users to create new NOAAyyyy-mm.TXT and NOAAyyyy.TXT files from the respective NOAAPRMO.TXT and NOAAPRYR.TXT files when the month/year rolls over. It will copy the appropriate file to the $NOAAdir and name it so you have no monthly maintenance to do (except to view the NOAA reports page on the first of each month).

The NOAA-reports.php will read the sub-directory, sort the filenames produce a menu of available names, and display the file requested. It automatically uses NOAAMO.TXT and NOAAYR.TXT (WeatherLink version) for the current monthly and current yearly files. The nice thing about the script is it strictly controls what can be displayed (existing files only, no directory browsing). The following is a live display of WeatherLink produced NOAA style reports for this station.

<?php $doInclude = true; require("NOAA-reports-test.php"); ?>
2014: Jan | Feb | Mar | Apr | May | Jun | Jul | Aug | Sep | Oct | Nov | Dec 
2013: Jan | Feb | Mar | Apr | May | Jun | Jul | Aug | Sep | Oct | Nov | Dec 
2012: Jan | Feb | Mar | Apr | May | Jun | Jul | Aug | Sep | Oct | Nov | Dec 
2011: Jan | Feb | Mar | Apr | May | Jun | Jul | Aug | Sep | Oct | Nov | Dec 
2010: Jan | Feb | Mar | Apr | May | Jun | Jul | Aug | Sep | Oct | Nov | Dec 
2009: Jan | Feb | Mar | Apr | May | Jun | Jul | Aug | Sep | Oct | Nov | Dec 
2008: Jan | Feb | Mar | Apr | May | Jun | Jul | Aug | Sep | Oct | Nov | Dec 
2007: Jan | Feb | Mar | Apr | May | Jun | Jul | Aug | Sep | Oct | Nov | Dec 
2006: Jan | Feb | Mar | Apr | May | Jun | Jul | Aug | Sep | Oct | Nov | Dec 
2005: Jan | Feb | Mar | Apr | May | Jun | Jul | Aug | Sep | Oct | Nov | Dec 
2004: Jan | Feb | Mar | Apr | May | Jun | Jul | Aug | Sep | Oct | Nov | Dec 

Report for 2014 07
MONTHLY CLIMATOLOGICAL SUMMARY for JUL. 2014 NAME: KCASARAT1 CITY: Saratoga STATE: CA ELEV: 375 ft LAT: 37 16' 28" N LONG: 122 01' 23" W TEMPERATURE (F), RAIN (in), WIND SPEED (mph) HEAT COOL AVG MEAN DEG DEG WIND DOM DAY TEMP HIGH TIME LOW TIME DAYS DAYS RAIN SPEED HIGH TIME DIR ------------------------------------------------------------------------------------ 1 70.8 88.6 1:30p 57.0 6:20a 1.8 7.7 0.00 0.8 12.0 1:50p N 2 68.9 88.0 1:45p 57.0 4:50a 2.7 6.6 0.00 0.7 13.0 5:15p N 3 69.1 91.2 2:35p 54.1 6:25a 3.0 7.1 0.00 0.7 12.0 3:10p N 4 68.0 85.3 12:20p 52.2 5:20a 3.7 6.7 0.00 0.8 13.0 2:45p N 5 70.4 89.9 4:30p 54.5 2:25a 3.3 8.7 0.00 0.6 10.0 1:35p NNE 6 71.0 91.6 2:50p 52.5 6:10a 3.2 9.2 0.00 0.5 12.0 3:10p N 7 71.6 91.0 2:55p 57.5 6:15a 2.3 8.9 0.00 0.5 10.0 1:35p N 8 71.6 88.8 2:50p 60.4 6:10a 1.2 7.8 0.00 0.8 11.0 2:05p N 9 70.9 92.3 3:00p 56.2 4:55a 2.5 8.3 0.00 0.9 18.0 12:15p N 10 70.4 88.4 3:55p 57.2 4:30a 2.5 7.9 0.00 1.1 14.0 12:20p S 11 67.9 81.6 12:55p 56.5 6:25a 2.5 5.4 0.00 1.1 14.0 1:15p N 12 67.3 78.8 2:30p 60.2 6:05a 2.0 4.3 0.00 0.9 12.0 1:45p N 13 70.5 85.1 4:50p 59.3 5:50a 1.9 7.4 0.00 0.6 11.0 2:05p N 14 74.1 94.3 11:40a 59.2 6:20a 1.1 10.2 0.00 0.5 22.0 5:55p NNE 15 72.8 89.5 4:10p 61.5 6:45a 0.8 8.6 0.00 0.8 10.0 2:15p NNW 16 72.8 88.6 1:35p 63.7 5:30a 0.2 8.0 0.00 0.9 12.0 3:25p N 17 70.3 84.7 12:20p 58.0 6:35a 1.6 6.9 0.00 0.9 13.0 1:30p N 18 69.1 84.7 12:35p 57.5 6:15a 1.9 6.0 0.00 1.1 13.0 2:40p N 19 71.0 84.5 12:10p 61.5 3:30a 0.8 6.8 0.00 0.9 12.0 4:55p N 20 71.4 85.3 12:05p 63.7 3:05a 0.3 6.7 0.00 1.0 12.0 1:35p N 21 72.0 84.1 1:30p 62.4 5:40a 0.4 7.4 0.00 1.1 17.0 5:10p N 22 71.5 85.3 1:40p 63.1 6:30a 0.5 7.0 0.00 0.7 17.0 5:55p N 23 69.7 82.8 1:40p 57.5 6:25a 1.9 6.6 0.00 1.0 13.0 2:35p N 24 73.9 93.4 4:10p 56.3 6:30a 1.9 10.8 0.00 0.8 12.0 2:50p N 25 61.7 66.8 12:05a 58.1 6:30a 0.9 0.0 0.00 0.0 1.0 1:05a NNE 26 27 28 29 30 31 ------------------------------------------------------------------------------------- 70.3 94.3 14 52.2 4 44.9 181.0 0.00 0.8 22.0 14 N Max >= 90.0: 6 Max <= 32.0: 0 Min <= 32.0: 0 Min <= 0.0: 0 Max Rain: 0.00 ON 07/01/14 Days of Rain: 0 (>.01 in) 0 (>.1 in) 0 (>1 in) Heat Base: 65.0 Cool Base: 65.0 Method: Integration

Downloads .. please customize for your directory and file naming convention ( WL or VWS).
Download WeatherLink/ VWS version (V1.06 - 03-Oct-2008) [ see version history ]

deformed-offering