deformed-offering

Weather station scripts - NOAA Climate Report display

They're free, but use at your own risk

The scripts referenced here are used in the operation of this weather station, and may be freely copied and used to support your station. Please note that you use these scripts at your own risk. No warranty is expressed or implied. I accept no liability for any damages that may ensue from their use.
You will need to configure them for your own particular weather station website.
RSS feed for Scripts Updates A RSS Feed is available to help keep you informed on updates to the scripts.

If you find one or more of the scripts useful to you, please consider making a donation to help offset the routine expenses of operation of this website.
Thanks for your kind support!

A Version History is available -- check back from time to time to see if there are updates to scripts you have downloaded earlier. Announcements of version updates and new scripts are made on WXForum.net and Weather-Watch forums and saratogaWXPHP Twitter account as they become available.

This page was updated Sunday, 20-Feb-2011 4:22 PM

PHP Scripts (run on webserver)

These scripts have run on PHP 4.1.2, and PHP 4.4.1. I don't have access to PHP 3.x, so it is not known if they will work on versions below PHP 4.1.2. If you try them and they work (or not) on earlier versions of PHP, please send me a message at webmaster[at]saratoga-weather.org and let me know the results.

Display .TXT NOAA style forecasts PHP

I needed to safely display a series of .TXT files (NOAA style climate reports) using the overall style of the website. My WeatherLink software produces regular reports (NOAAMO.TXT, NOAAPRMO.TXT, NOAAYR.TXT, NOAAPRYR.TXT) as part of the 5-minute update. I've also produced reports and named them NOAAyyyy.TXT for yearly reports and NOAAyyyy-mm.TXT for monthly reports. These I've uploaded (monthly) to a sub-directory on the website /NOAA-reports.

Version 1.04 (01-Dec-2007) adds a new feature for WeatherLink users to create new NOAAyyyy-mm.TXT and NOAAyyyy.TXT files from the respective NOAAPRMO.TXT and NOAAPRYR.TXT files when the month/year rolls over. It will copy the appropriate file to the $NOAAdir and name it so you have no monthly maintenance to do (except to view the NOAA reports page on the first of each month).

The NOAA-reports.php will read the sub-directory, sort the filenames produce a menu of available names, and display the file requested. It automatically uses NOAAMO.TXT and NOAAYR.TXT (WeatherLink version) for the current monthly and current yearly files. The nice thing about the script is it strictly controls what can be displayed (existing files only, no directory browsing). The following is a live display of WeatherLink produced NOAA style reports for this station.

<?php $doInclude = true; require("NOAA-reports-test.php"); ?>
2015: Jan | Feb | Mar | Apr | May | Jun | Jul | Aug | Sep | Oct | Nov | Dec 
2014: Jan | Feb | Mar | Apr | May | Jun | Jul | Aug | Sep | Oct | Nov | Dec 
2013: Jan | Feb | Mar | Apr | May | Jun | Jul | Aug | Sep | Oct | Nov | Dec 
2012: Jan | Feb | Mar | Apr | May | Jun | Jul | Aug | Sep | Oct | Nov | Dec 
2011: Jan | Feb | Mar | Apr | May | Jun | Jul | Aug | Sep | Oct | Nov | Dec 
2010: Jan | Feb | Mar | Apr | May | Jun | Jul | Aug | Sep | Oct | Nov | Dec 
2009: Jan | Feb | Mar | Apr | May | Jun | Jul | Aug | Sep | Oct | Nov | Dec 
2008: Jan | Feb | Mar | Apr | May | Jun | Jul | Aug | Sep | Oct | Nov | Dec 
2007: Jan | Feb | Mar | Apr | May | Jun | Jul | Aug | Sep | Oct | Nov | Dec 
2006: Jan | Feb | Mar | Apr | May | Jun | Jul | Aug | Sep | Oct | Nov | Dec 
2005: Jan | Feb | Mar | Apr | May | Jun | Jul | Aug | Sep | Oct | Nov | Dec 
2004: Jan | Feb | Mar | Apr | May | Jun | Jul | Aug | Sep | Oct | Nov | Dec 

Report for 2015 08
MONTHLY CLIMATOLOGICAL SUMMARY for AUG. 2015 NAME: KCASARAT1 CITY: Saratoga STATE: CA ELEV: 375 ft LAT: 37 16' 28" N LONG: 122 01' 23" W TEMPERATURE (F), RAIN (in), WIND SPEED (mph) HEAT COOL AVG MEAN DEG DEG WIND DOM DAY TEMP HIGH TIME LOW TIME DAYS DAYS RAIN SPEED HIGH TIME DIR ------------------------------------------------------------------------------------ 1 71.4 84.3 4:10p 59.6 6:35a 0.9 7.3 0.00 0.7 11.0 2:35p NNE 2 70.0 81.8 2:50p 62.4 1:45a 0.5 5.5 0.00 0.9 13.0 3:40p NNE 3 68.7 81.1 3:00p 58.7 5:35a 1.8 5.6 0.00 0.9 13.0 12:00p N 4 67.5 79.0 1:15p 56.0 6:30a 2.4 4.9 0.00 0.7 13.0 7:00p N 5 69.8 85.3 3:05p 55.6 6:00a 2.3 7.2 0.00 0.7 11.0 1:20p N 6 69.7 85.3 3:30p 56.7 5:50a 1.9 6.5 0.00 0.4 12.0 11:15p N 7 71.6 89.3 3:10p 57.3 6:45a 1.1 7.8 0.00 0.6 13.0 4:45p NNE 8 69.3 84.9 12:55p 58.1 6:45a 1.4 5.8 0.00 0.7 13.0 4:10p N 9 68.9 87.4 1:20p 52.5 6:35a 3.3 7.3 0.00 0.7 13.0 2:35p NNE 10 69.3 85.7 1:10p 55.3 6:55a 2.1 6.4 0.00 0.9 14.0 2:40p N 11 69.1 84.7 1:10p 56.3 5:15a 2.3 6.4 0.00 0.7 12.0 2:20p N 12 70.2 85.7 1:55p 53.9 6:35a 2.7 8.0 0.00 0.8 13.0 3:50p N 13 71.9 84.9 12:35p 59.9 6:35a 0.6 7.5 0.00 0.8 14.0 2:00p N 14 70.6 84.7 1:15p 60.7 1:45a 1.2 6.8 0.00 0.8 16.0 2:45p N 15 77.2 99.9 3:40p 55.6 5:35a 2.4 14.6 0.00 0.7 13.0 5:40p NNW 16 81.5 103.8 4:25p 63.1 6:55a 0.2 16.7 0.00 0.5 11.0 2:50p N 17 78.2 97.1 2:30p 60.9 6:55a 0.4 13.6 0.00 0.5 10.0 4:05p N 18 70.5 87.0 1:55p 57.2 6:40a 1.8 7.4 0.00 0.7 11.0 2:45p NNE 19 70.0 83.8 1:40p 60.9 6:40a 0.8 5.8 0.00 0.7 12.0 3:30p N 20 69.4 80.7 12:30p 61.3 12:00m 0.4 4.9 0.00 0.8 12.0 1:30p N 21 68.3 86.3 12:50p 56.6 4:55a 2.4 5.7 0.00 0.7 11.0 1:25p NNE 22 69.1 87.2 2:25p 58.0 3:20a 2.3 6.4 0.00 0.7 12.0 5:35p NNE 23 68.9 84.0 2:20p 61.3 12:05a 1.4 5.3 0.00 0.7 11.0 2:30p NNE 24 70.0 81.6 12:55p 62.0 6:45a 0.9 5.9 0.00 0.7 10.0 1:45p NNE 25 70.1 85.7 4:05p 59.3 2:05a 1.6 6.8 0.00 0.5 10.0 4:30p N 26 71.6 91.4 3:20p 55.6 7:05a 2.3 8.9 0.00 0.4 8.0 3:20p N 27 76.6 96.6 2:05p 59.9 7:05a 1.0 12.6 0.00 0.5 12.0 4:05p N 28 79.3 99.7 1:05p 63.5 6:15a 0.1 14.4 0.00 0.5 14.0 2:10p NNE 29 67.8 75.4 9:45a 65.5 6:50a 0.0 1.1 0.00 0.0 6.0 9:40a NE 30 31 ------------------------------------------------------------------------------------- 71.3 103.8 16 52.5 9 42.5 223.1 0.00 0.7 16.0 14 N Max >= 90.0: 6 Max <= 32.0: 0 Min <= 32.0: 0 Min <= 0.0: 0 Max Rain: 0.00 ON 08/01/15 Days of Rain: 0 (>.01 in) 0 (>.1 in) 0 (>1 in) Heat Base: 65.0 Cool Base: 65.0 Method: Integration

Downloads .. please customize for your directory and file naming convention ( WL or VWS).
Download WeatherLink/ VWS version (V1.06 - 03-Oct-2008) [ see version history ]

deformed-offering