deformed-offering

NOAA-style climate reports

2022: Jan | Feb | Mar | Apr | May | Jun | Jul | Aug | Sep | Oct | Nov | Dec 
2021: Jan | Feb | Mar | Apr | May | Jun | Jul | Aug | Sep | Oct | Nov | Dec 
2020: Jan | Feb | Mar | Apr | May | Jun | Jul | Aug | Sep | Oct | Nov | Dec 
2019: Jan | Feb | Mar | Apr | May | Jun | Jul | Aug | Sep | Oct | Nov | Dec 
2018: Jan | Feb | Mar | Apr | May | Jun | Jul | Aug | Sep | Oct | Nov | Dec 
2017: Jan | Feb | Mar | Apr | May | Jun | Jul | Aug | Sep | Oct | Nov | Dec 
2016: Jan | Feb | Mar | Apr | May | Jun | Jul | Aug | Sep | Oct | Nov | Dec 
2015: Jan | Feb | Mar | Apr | May | Jun | Jul | Aug | Sep | Oct | Nov | Dec 
2014: Jan | Feb | Mar | Apr | May | Jun | Jul | Aug | Sep | Oct | Nov | Dec 
2013: Jan | Feb | Mar | Apr | May | Jun | Jul | Aug | Sep | Oct | Nov | Dec 
2012: Jan | Feb | Mar | Apr | May | Jun | Jul | Aug | Sep | Oct | Nov | Dec 
2011: Jan | Feb | Mar | Apr | May | Jun | Jul | Aug | Sep | Oct | Nov | Dec 
2010: Jan | Feb | Mar | Apr | May | Jun | Jul | Aug | Sep | Oct | Nov | Dec 
2009: Jan | Feb | Mar | Apr | May | Jun | Jul | Aug | Sep | Oct | Nov | Dec 
2008: Jan | Feb | Mar | Apr | May | Jun | Jul | Aug | Sep | Oct | Nov | Dec 
2007: Jan | Feb | Mar | Apr | May | Jun | Jul | Aug | Sep | Oct | Nov | Dec 
2006: Jan | Feb | Mar | Apr | May | Jun | Jul | Aug | Sep | Oct | Nov | Dec 
2005: Jan | Feb | Mar | Apr | May | Jun | Jul | Aug | Sep | Oct | Nov | Dec 
2004: Jan | Feb | Mar | Apr | May | Jun | Jul | Aug | Sep | Oct | Nov | Dec 

Report for 2022 08
MONTHLY CLIMATOLOGICAL SUMMARY for AUG. 2022 NAME: KCASARAT1 CITY: Saratoga STATE: CA ELEV: 375 ft LAT: 37 16' 28" N LONG: 122 01' 23" W TEMPERATURE (F), RAIN (in), WIND SPEED (mph) HEAT COOL AVG MEAN DEG DEG WIND DOM DAY TEMP HIGH TIME LOW TIME DAYS DAYS RAIN SPEED HIGH TIME DIR ------------------------------------------------------------------------------------ 1 71.3 82.0 6:40p 63.1 3:55a 0.6 6.9 0.00 1.1 11.0 2:30p N 2 73.7 89.9 1:35p 62.3 6:25a 0.3 9.0 0.00 1.4 11.0 1:30p N 3 72.9 86.1 3:45p 62.3 6:35a 0.5 8.4 0.00 1.3 10.0 1:10p N 4 73.6 88.0 2:05p 63.7 6:35a 0.1 8.6 0.00 1.4 13.0 2:20p N 5 71.2 84.1 1:50p 62.4 6:40a 0.4 6.6 0.00 1.6 13.0 1:15p N 6 69.4 79.0 1:50p 62.9 12:00m 0.2 4.6 0.00 1.6 13.0 3:05p N 7 67.9 78.1 2:35p 58.9 3:35a 1.5 4.4 0.00 1.5 14.0 1:20p N 8 67.8 79.9 3:45p 56.9 6:40a 2.2 5.1 0.00 1.6 13.0 12:55p N 9 68.0 79.6 3:30p 56.9 5:40a 2.1 5.2 0.00 1.6 13.0 4:15p N 10 69.2 82.2 3:25p 58.6 6:45a 1.8 6.1 0.00 1.6 14.0 2:35p N 11 67.7 79.8 3:10p 56.7 5:10a 2.0 4.8 0.00 1.6 12.0 3:00p N 12 67.0 80.5 4:10p 54.2 6:15a 3.0 5.0 0.00 1.6 11.0 12:45p SSE 13 68.1 85.9 2:20p 52.9 6:15a 3.5 6.7 0.00 1.4 11.0 2:20p N 14 69.1 88.4 3:25p 52.2 6:40a 3.6 7.7 0.00 1.3 11.0 3:05p N 15 72.2 92.1 4:10p 55.0 6:35a 2.5 9.7 0.00 1.2 11.0 2:35p N 16 76.5 97.8 3:30p 57.6 6:35a 1.5 13.0 0.00 1.1 10.0 3:10p N 17 75.4 85.9 4:25p 66.4 3:40a 0.0 10.4 0.00 1.2 13.0 5:20a N 18 70.8 87.2 1:45p 60.4 5:50a 0.9 6.6 0.00 1.3 11.0 1:40p N 19 70.1 85.1 1:45p 60.7 7:15a 1.3 6.4 0.00 1.4 12.0 2:15p N 20 72.3 91.6 4:15p 56.7 6:40a 2.1 9.4 0.00 1.2 10.0 2:30p N 21 70.1 88.2 2:55p 57.3 5:55a 1.9 7.0 0.00 1.4 17.0 2:00p N 22 72.5 88.6 3:00p 61.8 6:50a 0.9 8.3 0.00 1.6 14.0 3:40p N 23 72.7 87.0 3:30p 62.6 3:15a 0.5 8.3 0.00 1.3 11.0 3:40p N 24 70.3 86.7 3:00p 59.6 3:45a 1.3 6.6 0.00 1.3 11.0 2:50p N 25 69.7 86.5 3:00p 60.9 5:50a 1.3 6.0 0.00 1.7 11.0 3:25p N 26 71.3 85.7 3:30p 62.0 7:10a 0.7 7.0 0.00 1.0 11.0 4:25p N 27 70.0 85.7 2:30p 59.8 8:00a 1.1 6.1 0.00 1.6 13.0 3:00p N 28 67.5 84.0 3:05p 56.2 4:30a 2.8 5.2 0.00 1.5 12.0 11:25a N 29 67.5 80.9 2:35p 56.7 6:55a 2.3 4.8 0.00 1.1 11.0 2:30p N 30 68.8 80.9 2:40p 59.8 2:30a 1.4 5.2 0.00 1.4 11.0 4:05p N 31 69.1 83.4 4:00p 60.4 6:50a 1.6 5.7 0.00 1.3 8.0 12:05p N ------------------------------------------------------------------------------------- 70.4 97.8 16 52.2 14 45.9 214.8 0.00 1.4 17.0 21 N Max >= 90.0: 3 Max <= 32.0: 0 Min <= 32.0: 0 Min <= 0.0: 0 Max Rain: 0.00 ON 08/01/22 Days of Rain: 0 (>.01 in) 0 (>.1 in) 0 (>1 in) Heat Base: 65.0 Cool Base: 65.0 Method: Integration

These reports are produced by WeatherLink V6.0.3.

deformed-offering