deformed-offering

NOAA-style climate reports

2022: Jan | Feb | Mar | Apr | May | Jun | Jul | Aug | Sep | Oct | Nov | Dec 
2021: Jan | Feb | Mar | Apr | May | Jun | Jul | Aug | Sep | Oct | Nov | Dec 
2020: Jan | Feb | Mar | Apr | May | Jun | Jul | Aug | Sep | Oct | Nov | Dec 
2019: Jan | Feb | Mar | Apr | May | Jun | Jul | Aug | Sep | Oct | Nov | Dec 
2018: Jan | Feb | Mar | Apr | May | Jun | Jul | Aug | Sep | Oct | Nov | Dec 
2017: Jan | Feb | Mar | Apr | May | Jun | Jul | Aug | Sep | Oct | Nov | Dec 
2016: Jan | Feb | Mar | Apr | May | Jun | Jul | Aug | Sep | Oct | Nov | Dec 
2015: Jan | Feb | Mar | Apr | May | Jun | Jul | Aug | Sep | Oct | Nov | Dec 
2014: Jan | Feb | Mar | Apr | May | Jun | Jul | Aug | Sep | Oct | Nov | Dec 
2013: Jan | Feb | Mar | Apr | May | Jun | Jul | Aug | Sep | Oct | Nov | Dec 
2012: Jan | Feb | Mar | Apr | May | Jun | Jul | Aug | Sep | Oct | Nov | Dec 
2011: Jan | Feb | Mar | Apr | May | Jun | Jul | Aug | Sep | Oct | Nov | Dec 
2010: Jan | Feb | Mar | Apr | May | Jun | Jul | Aug | Sep | Oct | Nov | Dec 
2009: Jan | Feb | Mar | Apr | May | Jun | Jul | Aug | Sep | Oct | Nov | Dec 
2008: Jan | Feb | Mar | Apr | May | Jun | Jul | Aug | Sep | Oct | Nov | Dec 
2007: Jan | Feb | Mar | Apr | May | Jun | Jul | Aug | Sep | Oct | Nov | Dec 
2006: Jan | Feb | Mar | Apr | May | Jun | Jul | Aug | Sep | Oct | Nov | Dec 
2005: Jan | Feb | Mar | Apr | May | Jun | Jul | Aug | Sep | Oct | Nov | Dec 
2004: Jan | Feb | Mar | Apr | May | Jun | Jul | Aug | Sep | Oct | Nov | Dec 

Report for 2022 06
MONTHLY CLIMATOLOGICAL SUMMARY for JUN. 2022 NAME: KCASARAT1 CITY: Saratoga STATE: CA ELEV: 375 ft LAT: 37 16' 28" N LONG: 122 01' 23" W TEMPERATURE (F), RAIN (in), WIND SPEED (mph) HEAT COOL AVG MEAN DEG DEG WIND DOM DAY TEMP HIGH TIME LOW TIME DAYS DAYS RAIN SPEED HIGH TIME DIR ------------------------------------------------------------------------------------ 1 67.4 85.1 2:30p 50.4 6:10a 4.3 6.7 0.00 1.4 12.0 2:40p N 2 66.8 77.6 1:40p 55.9 6:05a 2.8 4.5 0.00 1.6 12.0 12:35p N 3 65.5 77.2 3:35p 54.5 6:05a 2.9 3.4 0.00 1.9 17.0 4:20p N 4 66.8 76.1 5:10p 58.0 5:30a 2.0 3.8 0.00 1.2 10.0 5:10p N 5 70.7 82.2 2:50p 64.3 6:20a 0.0 5.8 0.00 2.3 14.0 9:40a ESE 6 67.7 78.5 3:30p 58.1 12:00m 1.7 4.3 0.00 1.8 13.0 4:15p N 7 65.1 78.8 2:45p 51.0 5:50a 4.4 4.5 0.00 1.6 13.0 4:30p N 8 67.6 81.1 2:55p 55.6 5:30a 3.0 5.6 0.00 2.0 16.0 3:15p N 9 71.3 88.6 4:40p 53.2 6:20a 2.9 9.2 0.00 1.6 13.0 7:05p N 10 78.3 97.8 2:50p 60.5 6:15a 0.7 14.0 0.00 1.8 16.0 2:25p N 11 76.6 91.2 1:50p 61.5 6:15a 0.5 12.0 0.00 2.1 16.0 3:40p N 12 70.9 83.2 3:55p 58.9 12:00m 0.4 6.3 0.00 1.5 19.0 4:40p WSW 13 65.4 78.5 3:50p 51.7 6:00a 4.0 4.5 0.00 2.0 14.0 3:25p N 14 69.7 86.5 3:35p 52.5 6:10a 3.4 8.1 0.00 1.5 14.0 6:00p N 15 68.7 84.1 2:00p 55.4 5:50a 2.7 6.4 0.00 1.7 12.0 1:45p N 16 63.4 76.1 3:30p 52.8 5:55a 4.7 3.1 0.00 2.1 14.0 4:35p N 17 62.4 73.5 3:15p 55.7 12:00m 4.4 1.8 0.00 1.9 14.0 4:45p W 18 61.2 74.6 1:55p 49.9 5:55a 5.9 2.1 0.00 1.9 17.0 5:15p SW 19 65.6 83.4 3:30p 48.0 5:40a 5.5 6.1 0.00 1.6 16.0 3:45p N 20 71.1 89.5 4:05p 52.8 6:00a 3.3 9.5 0.00 1.6 14.0 3:35p N 21 80.0 99.0 4:15p 59.6 6:05a 1.0 16.0 0.00 1.5 11.0 5:45p SW 22 77.5 98.0 2:00p 63.4 6:05a 0.1 12.6 0.00 1.4 13.0 5:45p SSW 23 75.7 91.4 2:10p 62.1 6:10a 0.3 11.0 0.00 1.5 11.0 2:10p N 24 74.7 91.8 2:45p 59.2 6:10a 0.9 10.6 0.00 1.4 11.0 1:20p N 25 70.8 87.4 2:40p 56.0 6:20a 1.9 7.7 0.00 1.4 11.0 2:20p N 26 69.9 85.3 4:20p 56.7 4:10a 2.0 6.9 0.00 1.6 11.0 2:50p N 27 70.0 85.7 3:40p 58.0 6:30a 2.2 7.2 0.00 1.5 11.0 1:05p N 28 69.4 83.8 2:55p 55.6 5:50a 2.4 6.8 0.00 1.5 11.0 3:40p N 29 64.9 76.0 3:20p 54.1 5:45a 3.4 3.3 0.00 1.7 12.0 5:05p N 30 65.0 75.8 2:05p 58.3 6:50a 2.7 2.6 0.00 2.1 11.0 12:50p N ------------------------------------------------------------------------------------- 69.3 99.0 21 48.0 19 76.4 206.4 0.00 1.7 19.0 12 N Max >= 90.0: 6 Max <= 32.0: 0 Min <= 32.0: 0 Min <= 0.0: 0 Max Rain: 0.00 ON 06/01/22 Days of Rain: 0 (>.01 in) 0 (>.1 in) 0 (>1 in) Heat Base: 65.0 Cool Base: 65.0 Method: Integration

These reports are produced by WeatherLink V6.0.3.

deformed-offering