deformed-offering

NOAA-style climate reports

2021: Jan | Feb | Mar | Apr | May | Jun | Jul | Aug | Sep | Oct | Nov | Dec 
2020: Jan | Feb | Mar | Apr | May | Jun | Jul | Aug | Sep | Oct | Nov | Dec 
2019: Jan | Feb | Mar | Apr | May | Jun | Jul | Aug | Sep | Oct | Nov | Dec 
2018: Jan | Feb | Mar | Apr | May | Jun | Jul | Aug | Sep | Oct | Nov | Dec 
2017: Jan | Feb | Mar | Apr | May | Jun | Jul | Aug | Sep | Oct | Nov | Dec 
2016: Jan | Feb | Mar | Apr | May | Jun | Jul | Aug | Sep | Oct | Nov | Dec 
2015: Jan | Feb | Mar | Apr | May | Jun | Jul | Aug | Sep | Oct | Nov | Dec 
2014: Jan | Feb | Mar | Apr | May | Jun | Jul | Aug | Sep | Oct | Nov | Dec 
2013: Jan | Feb | Mar | Apr | May | Jun | Jul | Aug | Sep | Oct | Nov | Dec 
2012: Jan | Feb | Mar | Apr | May | Jun | Jul | Aug | Sep | Oct | Nov | Dec 
2011: Jan | Feb | Mar | Apr | May | Jun | Jul | Aug | Sep | Oct | Nov | Dec 
2010: Jan | Feb | Mar | Apr | May | Jun | Jul | Aug | Sep | Oct | Nov | Dec 
2009: Jan | Feb | Mar | Apr | May | Jun | Jul | Aug | Sep | Oct | Nov | Dec 
2008: Jan | Feb | Mar | Apr | May | Jun | Jul | Aug | Sep | Oct | Nov | Dec 
2007: Jan | Feb | Mar | Apr | May | Jun | Jul | Aug | Sep | Oct | Nov | Dec 
2006: Jan | Feb | Mar | Apr | May | Jun | Jul | Aug | Sep | Oct | Nov | Dec 
2005: Jan | Feb | Mar | Apr | May | Jun | Jul | Aug | Sep | Oct | Nov | Dec 
2004: Jan | Feb | Mar | Apr | May | Jun | Jul | Aug | Sep | Oct | Nov | Dec 

Report for 2021 07
MONTHLY CLIMATOLOGICAL SUMMARY for JUL. 2021 NAME: KCASARAT1 CITY: Saratoga STATE: CA ELEV: 375 ft LAT: 37 16' 28" N LONG: 122 01' 23" W TEMPERATURE (F), RAIN (in), WIND SPEED (mph) HEAT COOL AVG MEAN DEG DEG WIND DOM DAY TEMP HIGH TIME LOW TIME DAYS DAYS RAIN SPEED HIGH TIME DIR ------------------------------------------------------------------------------------ 1 69.9 81.8 3:30p 61.8 6:55a 0.8 5.6 0.00 1.9 13.0 4:45p NE 2 69.0 83.8 2:45p 61.8 3:10a 1.1 5.1 0.00 2.0 13.0 3:45p NE 3 68.3 79.4 1:50p 61.0 6:35a 1.2 4.5 0.00 2.0 12.0 5:30p NE 4 68.1 80.5 1:50p 59.8 6:40a 1.5 4.6 0.00 1.7 12.0 1:50p N 5 67.7 80.9 2:40p 59.8 6:15a 1.7 4.4 0.00 1.7 12.0 3:35p NE 6 66.6 76.5 3:05p 60.4 7:05a 1.6 3.2 0.00 1.6 13.0 4:10p N 7 65.3 73.7 1:15p 58.9 5:05a 2.5 2.8 0.00 1.5 13.0 1:35p N 8 72.4 91.0 3:50p 56.7 6:40a 2.6 9.9 0.00 1.2 11.0 1:35p N 9 77.4 94.3 2:45p 63.7 6:10a 0.1 12.5 0.00 1.2 11.0 1:30p N 10 75.6 91.6 3:10p 60.9 6:10a 0.7 11.3 0.00 1.3 10.0 1:15p N 11 69.8 80.9 3:20p 60.5 6:20a 0.9 5.6 0.00 1.5 12.0 3:45p N 12 66.0 76.5 1:55p 59.3 6:20a 2.4 3.4 0.00 1.8 12.0 1:55p NE 13 66.2 78.6 3:20p 59.2 7:15a 2.5 3.7 0.00 1.7 13.0 3:50p NE 14 67.0 83.0 1:30p 54.5 6:10a 3.3 5.3 0.00 1.6 12.0 12:45p N 15 65.5 77.4 1:50p 58.3 5:35a 2.7 3.2 0.00 1.7 13.0 2:25p NE 16 66.9 81.4 3:05p 55.4 6:40a 3.1 5.0 0.00 1.3 10.0 3:05p N 17 69.2 85.3 3:45p 54.5 6:20a 2.9 7.1 0.00 1.2 11.0 3:15p N 18 72.4 90.3 4:05p 56.7 6:30a 1.8 9.2 0.00 1.2 10.0 12:45p N 19 72.3 89.5 2:00p 61.6 6:55a 0.6 7.9 0.00 1.3 12.0 3:00p N 20 67.4 80.9 2:15p 55.3 6:40a 2.7 5.1 0.00 1.2 11.0 2:00p N 21 67.5 81.1 3:10p 54.4 6:25a 2.9 5.4 0.00 1.2 12.0 2:45p N 22 66.8 81.2 2:55p 53.8 6:25a 3.1 5.0 0.00 1.2 12.0 12:35p N 23 68.8 88.4 3:55p 51.7 6:00a 3.8 7.5 0.00 1.2 11.0 2:35p N 24 70.4 86.3 3:50p 57.3 4:20a 2.0 7.4 0.00 1.0 11.0 4:10p NNE 25 70.8 86.7 2:35p 59.9 6:45a 1.3 7.1 0.00 1.1 12.0 2:40p N 26 70.7 87.4 3:25p 60.1 7:10a 1.1 6.8 0.00 1.0 13.0 2:30p N 27 73.5 89.0 3:00p 63.2 2:55a 0.5 9.0 0.00 1.2 11.0 2:50p N 28 72.1 87.4 3:10p 60.5 5:45a 0.9 8.0 0.00 1.0 11.0 3:20p N 29 73.6 87.2 2:45p 62.6 5:30a 0.4 9.0 0.00 0.9 10.0 2:25p N 30 73.2 87.6 4:20p 63.1 5:10a 0.3 8.5 0.00 1.0 11.0 6:05p N 31 71.3 85.5 3:30p 60.4 6:30a 0.8 7.1 0.00 1.1 12.0 1:40p N ------------------------------------------------------------------------------------- 69.7 94.3 9 51.7 23 53.8 200.2 0.00 1.4 13.0 1 N Max >= 90.0: 4 Max <= 32.0: 0 Min <= 32.0: 0 Min <= 0.0: 0 Max Rain: 0.00 ON 07/01/21 Days of Rain: 0 (>.01 in) 0 (>.1 in) 0 (>1 in) Heat Base: 65.0 Cool Base: 65.0 Method: Integration

These reports are produced by WeatherLink V6.0.3.

deformed-offering