deformed-offering

NOAA-style climate reports

2020: Jan | Feb | Mar | Apr | May | Jun | Jul | Aug | Sep | Oct | Nov | Dec 
2019: Jan | Feb | Mar | Apr | May | Jun | Jul | Aug | Sep | Oct | Nov | Dec 
2018: Jan | Feb | Mar | Apr | May | Jun | Jul | Aug | Sep | Oct | Nov | Dec 
2017: Jan | Feb | Mar | Apr | May | Jun | Jul | Aug | Sep | Oct | Nov | Dec 
2016: Jan | Feb | Mar | Apr | May | Jun | Jul | Aug | Sep | Oct | Nov | Dec 
2015: Jan | Feb | Mar | Apr | May | Jun | Jul | Aug | Sep | Oct | Nov | Dec 
2014: Jan | Feb | Mar | Apr | May | Jun | Jul | Aug | Sep | Oct | Nov | Dec 
2013: Jan | Feb | Mar | Apr | May | Jun | Jul | Aug | Sep | Oct | Nov | Dec 
2012: Jan | Feb | Mar | Apr | May | Jun | Jul | Aug | Sep | Oct | Nov | Dec 
2011: Jan | Feb | Mar | Apr | May | Jun | Jul | Aug | Sep | Oct | Nov | Dec 
2010: Jan | Feb | Mar | Apr | May | Jun | Jul | Aug | Sep | Oct | Nov | Dec 
2009: Jan | Feb | Mar | Apr | May | Jun | Jul | Aug | Sep | Oct | Nov | Dec 
2008: Jan | Feb | Mar | Apr | May | Jun | Jul | Aug | Sep | Oct | Nov | Dec 
2007: Jan | Feb | Mar | Apr | May | Jun | Jul | Aug | Sep | Oct | Nov | Dec 
2006: Jan | Feb | Mar | Apr | May | Jun | Jul | Aug | Sep | Oct | Nov | Dec 
2005: Jan | Feb | Mar | Apr | May | Jun | Jul | Aug | Sep | Oct | Nov | Dec 
2004: Jan | Feb | Mar | Apr | May | Jun | Jul | Aug | Sep | Oct | Nov | Dec 

Report for 2020 02
MONTHLY CLIMATOLOGICAL SUMMARY for FEB. 2020 NAME: KCASARAT1 CITY: Saratoga STATE: CA ELEV: 375 ft LAT: 37 16' 28" N LONG: 122 01' 23" W TEMPERATURE (F), RAIN (in), WIND SPEED (mph) HEAT COOL AVG MEAN DEG DEG WIND DOM DAY TEMP HIGH TIME LOW TIME DAYS DAYS RAIN SPEED HIGH TIME DIR ------------------------------------------------------------------------------------ 1 52.4 66.3 3:20p 43.2 7:30a 12.7 0.1 0.00 0.6 7.0 12:00p NNW 2 49.4 56.0 11:50a 42.1 11:55p 15.6 0.0 0.00 3.4 26.0 11:40a NW 3 42.7 53.3 3:20p 33.2 7:35a 22.3 0.0 0.00 2.3 21.0 3:00p NW 4 44.6 54.4 2:55p 37.6 11:55p 20.4 0.0 0.00 2.1 17.0 2:05p NW 5 46.3 62.9 3:25p 34.7 5:40a 18.7 0.0 0.00 0.9 13.0 2:25p N 6 50.3 66.1 3:20p 38.9 6:35a 14.8 0.1 0.00 0.8 11.0 1:10p NW 7 51.0 67.3 3:40p 39.9 7:00a 14.2 0.2 0.00 0.7 8.0 1:10p N 8 48.4 59.5 2:15p 40.8 2:10a 16.6 0.0 0.00 0.7 10.0 2:20p N 9 52.3 60.9 3:20p 40.9 1:30a 12.7 0.0 0.00 5.1 29.0 11:40a N 10 53.7 68.3 3:00p 41.6 5:15a 11.7 0.4 0.00 2.1 16.0 11:30a NW 11 54.3 70.6 3:40p 41.9 7:00a 11.7 1.0 0.00 1.8 13.0 11:20a SW 12 53.3 69.1 2:10p 41.9 7:30a 12.4 0.7 0.00 1.3 14.0 1:55p NNW 13 48.8 60.5 2:05p 38.5 7:10a 16.2 0.0 0.00 1.0 11.0 2:00p NW 14 52.3 60.9 3:25p 44.3 12:00m 12.7 0.0 0.00 0.8 8.0 1:50p NW 15 50.9 65.5 3:20p 40.3 7:05a 14.2 0.0 0.00 0.8 12.0 3:40p NW 16 50.5 61.5 4:00p 40.5 7:15a 14.4 0.0 0.00 1.0 11.0 1:20p N 17 52.6 69.3 2:55p 40.6 7:05a 12.9 0.6 0.00 1.5 14.0 2:15p NW 18 52.3 66.1 2:50p 42.8 7:40a 12.8 0.1 0.00 1.2 11.0 11:15a NW 19 49.4 65.8 3:15p 37.5 7:00a 15.6 0.0 0.00 0.8 10.0 3:10p N 20 51.7 66.6 3:10p 39.3 6:55a 13.4 0.1 0.00 0.8 10.0 3:20p NW 21 54.5 67.3 2:20p 42.3 7:20a 10.7 0.3 0.00 0.7 10.0 12:20p NW 22 56.8 68.1 1:20p 47.7 12:00m 8.5 0.3 0.00 1.3 13.0 12:35p NE 23 50.6 60.4 2:25p 41.5 6:55a 14.4 0.0 0.00 1.1 11.0 2:45p NE 24 53.1 68.8 3:40p 40.9 7:00a 12.4 0.5 0.00 1.2 13.0 10:40a NW 25 57.0 73.2 3:15p 42.6 4:45a 9.9 1.8 0.00 1.8 16.0 9:55a NW 26 57.4 75.3 2:15p 43.9 6:50a 9.7 2.1 0.00 0.9 12.0 4:05p N 27 58.3 75.4 3:50p 44.6 6:45a 8.8 2.2 0.00 0.5 8.0 1:40p N 28 59.6 75.4 2:20p 48.5 7:15a 7.5 2.1 0.00 0.7 11.0 2:15p N 29 52.4 62.7 1:25p 45.4 7:10a 12.6 0.0 0.00 1.8 16.0 3:10p W ------------------------------------------------------------------------------------- 52.0 75.4 27 33.2 3 390.5 12.6 0.00 1.4 29.0 9 NW Max >= 90.0: 0 Max <= 32.0: 0 Min <= 32.0: 0 Min <= 0.0: 0 Max Rain: 0.00 ON 02/01/20 Days of Rain: 0 (>.01 in) 0 (>.1 in) 0 (>1 in) Heat Base: 65.0 Cool Base: 65.0 Method: Integration

These reports are produced by WeatherLink V6.0.3.

deformed-offering