deformed-offering

NOAA-style climate reports

2019: Jan | Feb | Mar | Apr | May | Jun | Jul | Aug | Sep | Oct | Nov | Dec 
2018: Jan | Feb | Mar | Apr | May | Jun | Jul | Aug | Sep | Oct | Nov | Dec 
2017: Jan | Feb | Mar | Apr | May | Jun | Jul | Aug | Sep | Oct | Nov | Dec 
2016: Jan | Feb | Mar | Apr | May | Jun | Jul | Aug | Sep | Oct | Nov | Dec 
2015: Jan | Feb | Mar | Apr | May | Jun | Jul | Aug | Sep | Oct | Nov | Dec 
2014: Jan | Feb | Mar | Apr | May | Jun | Jul | Aug | Sep | Oct | Nov | Dec 
2013: Jan | Feb | Mar | Apr | May | Jun | Jul | Aug | Sep | Oct | Nov | Dec 
2012: Jan | Feb | Mar | Apr | May | Jun | Jul | Aug | Sep | Oct | Nov | Dec 
2011: Jan | Feb | Mar | Apr | May | Jun | Jul | Aug | Sep | Oct | Nov | Dec 
2010: Jan | Feb | Mar | Apr | May | Jun | Jul | Aug | Sep | Oct | Nov | Dec 
2009: Jan | Feb | Mar | Apr | May | Jun | Jul | Aug | Sep | Oct | Nov | Dec 
2008: Jan | Feb | Mar | Apr | May | Jun | Jul | Aug | Sep | Oct | Nov | Dec 
2007: Jan | Feb | Mar | Apr | May | Jun | Jul | Aug | Sep | Oct | Nov | Dec 
2006: Jan | Feb | Mar | Apr | May | Jun | Jul | Aug | Sep | Oct | Nov | Dec 
2005: Jan | Feb | Mar | Apr | May | Jun | Jul | Aug | Sep | Oct | Nov | Dec 
2004: Jan | Feb | Mar | Apr | May | Jun | Jul | Aug | Sep | Oct | Nov | Dec 

Report for 2019 10
MONTHLY CLIMATOLOGICAL SUMMARY for OCT. 2019 NAME: KCASARAT1 CITY: Saratoga STATE: CA ELEV: 375 ft LAT: 37 16' 28" N LONG: 122 01' 23" W TEMPERATURE (F), RAIN (in), WIND SPEED (mph) HEAT COOL AVG MEAN DEG DEG WIND DOM DAY TEMP HIGH TIME LOW TIME DAYS DAYS RAIN SPEED HIGH TIME DIR ------------------------------------------------------------------------------------ 1 55.3 68.4 3:40p 44.6 6:55a 10.3 0.6 0.00 1.1 13.0 1:55p N 2 58.2 74.7 3:40p 44.8 6:55a 9.1 2.2 0.00 1.0 14.0 4:20p N 3 56.5 72.1 2:40p 44.5 7:15a 9.7 1.2 0.00 1.1 14.0 4:00p N 4 57.1 72.8 3:50p 43.8 7:20a 9.6 1.7 0.00 1.3 12.0 12:00p NNW 5 60.6 78.3 3:55p 46.1 6:40a 7.8 3.5 0.00 1.0 12.0 3:20p NW 6 65.0 82.2 4:45p 51.7 4:30a 5.0 5.0 0.00 0.8 10.0 11:15a N 7 67.7 85.5 4:10p 55.0 7:05a 3.4 6.1 0.00 0.7 11.0 2:05p N 8 65.5 84.5 3:25p 52.8 7:30a 4.5 4.9 0.00 0.5 10.0 2:40p N 9 59.6 73.5 3:55p 48.3 7:30a 7.4 2.0 0.00 1.1 12.0 12:20p NNW 10 58.8 73.7 3:50p 45.1 7:05a 8.0 1.8 0.00 1.8 16.0 1:30p NW 11 59.4 76.0 4:25p 46.5 7:25a 8.0 2.4 0.00 0.5 7.0 12:00p NW 12 60.3 77.7 3:30p 46.1 7:40a 7.8 3.0 0.00 0.6 8.0 3:05p N 13 58.3 73.2 3:50p 47.6 7:45a 8.5 1.7 0.00 0.8 10.0 4:30p N 14 56.3 72.5 3:10p 43.2 7:25a 10.0 1.3 0.00 0.7 8.0 2:55p N 15 56.7 69.1 5:05p 46.1 4:35a 8.9 0.6 0.00 0.5 8.0 11:55a N 16 56.9 69.3 3:45p 46.5 5:50a 8.5 0.5 0.00 0.5 10.0 3:45p N 17 59.5 68.6 2:35p 50.4 12:00m 6.0 0.6 0.00 2.0 19.0 12:20p NNW 18 56.3 69.6 3:50p 47.0 7:15a 9.3 0.7 0.00 0.9 13.0 3:50p N 19 56.8 69.8 3:15p 45.8 5:40a 9.1 0.9 0.00 0.6 10.0 3:00p NNW 20 59.5 72.7 3:40p 50.5 7:50a 7.1 1.6 0.00 1.2 13.0 1:40p N 21 62.6 79.6 3:50p 49.8 7:40a 6.2 3.8 0.00 0.8 13.0 1:45p NW 22 67.4 83.2 4:15p 56.5 4:05a 3.2 5.7 0.00 1.2 11.0 12:45p NW 23 67.1 81.8 3:05p 55.9 6:40a 3.1 5.3 0.00 1.0 13.0 3:30p N 24 67.2 84.3 4:20p 53.6 7:40a 3.5 5.7 0.00 0.7 8.0 4:15p W 25 66.9 86.3 4:05p 54.5 8:00a 3.8 5.7 0.00 0.8 8.0 12:05p N 26 63.1 79.4 4:05p 51.9 7:40a 5.4 3.5 0.00 0.6 10.0 1:05p NNE 27 58.0 67.1 4:25p 48.9 7:40a 7.2 0.2 0.00 3.6 26.0 11:05a N 28 54.3 68.4 3:35p 42.8 7:40a 11.1 0.5 0.00 0.8 10.0 12:05a WSW 29 52.2 67.9 4:15p 40.1 7:35a 13.1 0.3 0.00 1.2 13.0 2:10p NW 30 51.1 66.8 4:15p 38.9 7:55a 14.1 0.2 0.00 1.2 8.0 2:55p W 31 52.3 68.9 3:55p 39.9 7:35a 13.3 0.5 0.00 0.5 10.0 2:55p N ------------------------------------------------------------------------------------- 59.6 86.3 25 38.9 30 242.0 73.7 0.00 1.0 26.0 27 N Max >= 90.0: 0 Max <= 32.0: 0 Min <= 32.0: 0 Min <= 0.0: 0 Max Rain: 0.00 ON 10/01/19 Days of Rain: 0 (>.01 in) 0 (>.1 in) 0 (>1 in) Heat Base: 65.0 Cool Base: 65.0 Method: Integration

These reports are produced by WeatherLink V6.0.3.

deformed-offering