deformed-offering

NOAA-style climate reports

2019: Jan | Feb | Mar | Apr | May | Jun | Jul | Aug | Sep | Oct | Nov | Dec 
2018: Jan | Feb | Mar | Apr | May | Jun | Jul | Aug | Sep | Oct | Nov | Dec 
2017: Jan | Feb | Mar | Apr | May | Jun | Jul | Aug | Sep | Oct | Nov | Dec 
2016: Jan | Feb | Mar | Apr | May | Jun | Jul | Aug | Sep | Oct | Nov | Dec 
2015: Jan | Feb | Mar | Apr | May | Jun | Jul | Aug | Sep | Oct | Nov | Dec 
2014: Jan | Feb | Mar | Apr | May | Jun | Jul | Aug | Sep | Oct | Nov | Dec 
2013: Jan | Feb | Mar | Apr | May | Jun | Jul | Aug | Sep | Oct | Nov | Dec 
2012: Jan | Feb | Mar | Apr | May | Jun | Jul | Aug | Sep | Oct | Nov | Dec 
2011: Jan | Feb | Mar | Apr | May | Jun | Jul | Aug | Sep | Oct | Nov | Dec 
2010: Jan | Feb | Mar | Apr | May | Jun | Jul | Aug | Sep | Oct | Nov | Dec 
2009: Jan | Feb | Mar | Apr | May | Jun | Jul | Aug | Sep | Oct | Nov | Dec 
2008: Jan | Feb | Mar | Apr | May | Jun | Jul | Aug | Sep | Oct | Nov | Dec 
2007: Jan | Feb | Mar | Apr | May | Jun | Jul | Aug | Sep | Oct | Nov | Dec 
2006: Jan | Feb | Mar | Apr | May | Jun | Jul | Aug | Sep | Oct | Nov | Dec 
2005: Jan | Feb | Mar | Apr | May | Jun | Jul | Aug | Sep | Oct | Nov | Dec 
2004: Jan | Feb | Mar | Apr | May | Jun | Jul | Aug | Sep | Oct | Nov | Dec 

Report for 2019 07
MONTHLY CLIMATOLOGICAL SUMMARY for JUL. 2019 NAME: KCASARAT1 CITY: Saratoga STATE: CA ELEV: 375 ft LAT: 37 16' 28" N LONG: 122 01' 23" W TEMPERATURE (F), RAIN (in), WIND SPEED (mph) HEAT COOL AVG MEAN DEG DEG WIND DOM DAY TEMP HIGH TIME LOW TIME DAYS DAYS RAIN SPEED HIGH TIME DIR ------------------------------------------------------------------------------------ 1 65.3 78.8 1:25p 52.5 5:40a 4.1 4.4 0.00 1.3 12.0 1:55p N 2 65.8 78.6 1:10p 53.2 6:10a 3.6 4.4 0.00 1.3 14.0 3:10p N 3 65.3 79.2 1:50p 52.5 6:20a 3.9 4.2 0.00 1.4 13.0 1:20p N 4 65.6 80.5 3:15p 52.5 6:10a 4.1 4.7 0.00 1.2 11.0 2:20p N 5 68.1 84.3 3:45p 57.3 3:45a 2.6 5.7 0.00 1.1 11.0 5:25p N 6 67.3 84.7 2:55p 53.5 6:05a 3.3 5.6 0.00 1.0 12.0 3:40p N 7 64.9 80.5 2:40p 53.8 5:50a 3.7 3.6 0.00 1.2 13.0 3:05p N 8 63.2 75.3 1:00p 52.6 6:20a 4.3 2.5 0.00 1.7 17.0 1:50p N 9 65.2 78.1 3:05p 54.2 4:55a 3.4 3.7 0.00 1.5 14.0 3:30p N 10 69.2 78.3 4:20p 63.4 12:00m 0.3 4.5 0.00 1.3 12.0 3:45p N 11 69.1 82.6 2:35p 56.7 6:00a 2.0 6.1 0.00 1.2 13.0 2:40p N 12 69.5 85.1 3:00p 60.2 6:55a 1.4 5.9 0.00 1.1 12.0 3:15p N 13 69.5 84.0 3:00p 59.2 6:45a 1.8 6.3 0.00 1.0 10.0 2:05p N 14 69.2 82.4 3:00p 55.9 6:25a 2.2 6.4 0.00 1.0 12.0 3:15p N 15 71.9 86.1 2:10p 57.8 6:15a 1.7 8.6 0.00 1.4 13.0 6:05p N 16 71.8 87.0 3:25p 59.3 6:25a 1.1 7.9 0.00 1.7 20.0 3:55p N 17 69.9 86.1 3:30p 55.1 6:15a 2.6 7.5 0.00 1.0 14.0 3:40p N 18 70.1 84.0 2:15p 58.4 6:35a 1.4 6.5 0.00 1.0 12.0 2:30p N 19 68.8 81.8 3:35p 57.0 6:15a 2.0 5.8 0.00 1.6 18.0 12:10p ESE 20 67.1 79.9 3:10p 57.2 5:00a 2.3 4.4 0.00 1.2 12.0 3:25p N 21 70.2 83.6 2:50p 57.8 6:10a 1.7 6.9 0.00 0.9 12.0 2:45p N 22 73.1 88.6 3:50p 60.1 6:20a 0.9 9.0 0.00 1.0 11.0 4:20p N 23 70.7 83.4 2:30p 59.0 6:30a 1.1 6.8 0.00 1.1 11.0 12:40p N 24 74.8 93.4 3:10p 56.9 6:25a 1.8 11.5 0.00 1.0 12.0 3:55p N 25 74.9 91.2 2:15p 62.3 6:20a 0.3 10.2 0.00 1.0 11.0 2:35p N 26 70.4 84.0 4:05p 60.9 4:25a 0.9 6.3 0.00 1.2 11.0 2:20p N 27 72.4 91.2 5:05p 55.1 6:30a 2.6 10.0 0.00 0.7 10.0 2:10p N 28 75.4 92.1 2:25p 62.0 6:30a 0.3 10.7 0.00 1.0 11.0 4:50p N 29 68.7 82.2 2:10p 57.3 6:25a 1.7 5.5 0.00 1.1 12.0 1:30p N 30 65.7 78.5 2:40p 53.3 6:25a 3.3 4.1 0.00 1.2 13.0 2:25p N 31 67.4 84.3 3:05p 52.8 6:15a 3.6 6.0 0.00 1.0 11.0 3:20p N ------------------------------------------------------------------------------------- 69.0 93.4 24 52.5 1 70.0 195.7 0.00 1.2 20.0 16 N Max >= 90.0: 4 Max <= 32.0: 0 Min <= 32.0: 0 Min <= 0.0: 0 Max Rain: 0.00 ON 07/01/19 Days of Rain: 0 (>.01 in) 0 (>.1 in) 0 (>1 in) Heat Base: 65.0 Cool Base: 65.0 Method: Integration

These reports are produced by WeatherLink V6.0.3.

deformed-offering