deformed-offering

NOAA-style climate reports

2019: Jan | Feb | Mar | Apr | May | Jun | Jul | Aug | Sep | Oct | Nov | Dec 
2018: Jan | Feb | Mar | Apr | May | Jun | Jul | Aug | Sep | Oct | Nov | Dec 
2017: Jan | Feb | Mar | Apr | May | Jun | Jul | Aug | Sep | Oct | Nov | Dec 
2016: Jan | Feb | Mar | Apr | May | Jun | Jul | Aug | Sep | Oct | Nov | Dec 
2015: Jan | Feb | Mar | Apr | May | Jun | Jul | Aug | Sep | Oct | Nov | Dec 
2014: Jan | Feb | Mar | Apr | May | Jun | Jul | Aug | Sep | Oct | Nov | Dec 
2013: Jan | Feb | Mar | Apr | May | Jun | Jul | Aug | Sep | Oct | Nov | Dec 
2012: Jan | Feb | Mar | Apr | May | Jun | Jul | Aug | Sep | Oct | Nov | Dec 
2011: Jan | Feb | Mar | Apr | May | Jun | Jul | Aug | Sep | Oct | Nov | Dec 
2010: Jan | Feb | Mar | Apr | May | Jun | Jul | Aug | Sep | Oct | Nov | Dec 
2009: Jan | Feb | Mar | Apr | May | Jun | Jul | Aug | Sep | Oct | Nov | Dec 
2008: Jan | Feb | Mar | Apr | May | Jun | Jul | Aug | Sep | Oct | Nov | Dec 
2007: Jan | Feb | Mar | Apr | May | Jun | Jul | Aug | Sep | Oct | Nov | Dec 
2006: Jan | Feb | Mar | Apr | May | Jun | Jul | Aug | Sep | Oct | Nov | Dec 
2005: Jan | Feb | Mar | Apr | May | Jun | Jul | Aug | Sep | Oct | Nov | Dec 
2004: Jan | Feb | Mar | Apr | May | Jun | Jul | Aug | Sep | Oct | Nov | Dec 

Report for 2019 04
MONTHLY CLIMATOLOGICAL SUMMARY for APR. 2019 NAME: KCASARAT1 CITY: Saratoga STATE: CA ELEV: 375 ft LAT: 37 16' 28" N LONG: 122 01' 23" W TEMPERATURE (F), RAIN (in), WIND SPEED (mph) HEAT COOL AVG MEAN DEG DEG WIND DOM DAY TEMP HIGH TIME LOW TIME DAYS DAYS RAIN SPEED HIGH TIME DIR ------------------------------------------------------------------------------------ 1 58.3 68.8 1:20p 48.2 6:40a 7.3 0.6 0.06 0.4 11.0 7:45p N 2 57.6 66.8 3:00p 51.0 3:05a 7.4 0.1 0.05 0.9 16.0 2:40p ESE 3 57.3 63.9 2:15p 51.1 2:50a 7.7 0.0 0.00 0.7 12.0 12:35p S 4 57.0 63.2 2:10p 53.8 7:30a 8.0 0.0 0.00 1.0 14.0 1:10p ESE 5 57.0 63.4 3:10p 52.9 10:50p 8.0 0.0 0.03 1.3 18.0 11:50a ESE 6 59.9 67.6 4:05p 51.7 12:50a 5.6 0.4 0.00 1.4 14.0 8:45a ESE 7 62.8 77.0 3:55p 51.4 5:25a 5.1 2.9 0.00 0.8 12.0 3:55p N 8 64.0 74.7 3:25p 54.2 7:10a 3.6 2.6 0.00 0.9 14.0 3:45p NW 9 59.3 66.6 2:35p 54.1 7:00a 5.8 0.1 0.00 3.4 21.0 10:35a NW 10 57.4 69.6 4:20p 45.1 6:45a 8.3 0.8 0.00 1.9 18.0 12:25p NNW 11 54.5 65.8 1:30p 46.4 6:25a 10.5 0.0 0.00 2.0 20.0 5:15p NW 12 57.0 71.5 4:45p 44.1 6:50a 9.3 1.3 0.00 1.4 16.0 5:00p N 13 60.1 77.4 4:05p 46.1 6:35a 7.7 2.8 0.00 0.8 12.0 3:10p N 14 56.8 67.8 1:30p 48.9 5:30a 8.6 0.3 0.00 1.0 13.0 2:15p N 15 54.0 67.1 1:35p 45.4 6:55a 11.1 0.1 0.13 0.6 16.0 1:45p N 16 56.5 65.6 4:15p 49.6 7:20a 8.5 0.0 0.01 1.5 14.0 9:35a N 17 58.8 74.9 4:20p 44.6 6:40a 8.5 2.3 0.00 0.9 13.0 4:00p N 18 64.3 81.1 3:20p 48.8 6:30a 5.8 5.1 0.00 0.5 11.0 2:50p N 19 63.6 78.1 2:45p 52.8 6:25a 4.6 3.2 0.00 1.0 12.0 3:15p N 20 57.4 63.7 12:30p 51.3 11:55p 7.6 0.0 0.00 1.6 18.0 11:35a W 21 58.1 72.1 2:40p 45.5 6:45a 8.4 1.5 0.00 1.2 13.0 1:25p N 22 63.3 81.4 4:20p 46.5 6:35a 6.8 5.1 0.00 1.2 16.0 12:00p N 23 69.9 87.4 3:55p 52.6 6:05a 3.8 8.7 0.00 1.0 13.0 1:35p N 24 72.1 89.5 2:40p 58.3 6:50a 1.4 8.5 0.00 0.8 13.0 4:05p N 25 65.9 81.6 2:45p 54.5 6:30a 3.5 4.4 0.00 0.9 11.0 4:15p N 26 64.3 81.4 3:45p 51.7 3:55a 4.9 4.2 0.00 0.6 11.0 3:45p N 27 61.6 75.8 2:30p 50.1 6:40a 5.7 2.4 0.00 0.6 10.0 12:15p N 28 59.5 72.3 2:45p 49.4 3:35a 6.9 1.4 0.00 0.9 13.0 3:15p N 29 58.6 69.1 4:25p 47.9 6:45a 7.1 0.7 0.00 1.0 19.0 11:05a ESE 30 59.0 70.4 3:10p 50.2 5:30a 7.0 1.0 0.00 1.3 17.0 1:45p S ------------------------------------------------------------------------------------- 60.2 89.5 24 44.1 12 204.5 60.5 0.28 1.1 21.0 9 N Max >= 90.0: 0 Max <= 32.0: 0 Min <= 32.0: 0 Min <= 0.0: 0 Max Rain: 0.13 ON 04/15/19 Days of Rain: 4 (>.01 in) 1 (>.1 in) 0 (>1 in) Heat Base: 65.0 Cool Base: 65.0 Method: Integration

These reports are produced by WeatherLink V6.0.3.

deformed-offering