deformed-offering

NOAA-style climate reports

2018: Jan | Feb | Mar | Apr | May | Jun | Jul | Aug | Sep | Oct | Nov | Dec 
2017: Jan | Feb | Mar | Apr | May | Jun | Jul | Aug | Sep | Oct | Nov | Dec 
2016: Jan | Feb | Mar | Apr | May | Jun | Jul | Aug | Sep | Oct | Nov | Dec 
2015: Jan | Feb | Mar | Apr | May | Jun | Jul | Aug | Sep | Oct | Nov | Dec 
2014: Jan | Feb | Mar | Apr | May | Jun | Jul | Aug | Sep | Oct | Nov | Dec 
2013: Jan | Feb | Mar | Apr | May | Jun | Jul | Aug | Sep | Oct | Nov | Dec 
2012: Jan | Feb | Mar | Apr | May | Jun | Jul | Aug | Sep | Oct | Nov | Dec 
2011: Jan | Feb | Mar | Apr | May | Jun | Jul | Aug | Sep | Oct | Nov | Dec 
2010: Jan | Feb | Mar | Apr | May | Jun | Jul | Aug | Sep | Oct | Nov | Dec 
2009: Jan | Feb | Mar | Apr | May | Jun | Jul | Aug | Sep | Oct | Nov | Dec 
2008: Jan | Feb | Mar | Apr | May | Jun | Jul | Aug | Sep | Oct | Nov | Dec 
2007: Jan | Feb | Mar | Apr | May | Jun | Jul | Aug | Sep | Oct | Nov | Dec 
2006: Jan | Feb | Mar | Apr | May | Jun | Jul | Aug | Sep | Oct | Nov | Dec 
2005: Jan | Feb | Mar | Apr | May | Jun | Jul | Aug | Sep | Oct | Nov | Dec 
2004: Jan | Feb | Mar | Apr | May | Jun | Jul | Aug | Sep | Oct | Nov | Dec 

Report for 2018 08
MONTHLY CLIMATOLOGICAL SUMMARY for JUL. 2018 NAME: KCASARAT1 CITY: Saratoga STATE: CA ELEV: 375 ft LAT: 37 16' 28" N LONG: 122 01' 23" W TEMPERATURE (F), RAIN (in), WIND SPEED (mph) HEAT COOL AVG MEAN DEG DEG WIND DOM DAY TEMP HIGH TIME LOW TIME DAYS DAYS RAIN SPEED HIGH TIME DIR ------------------------------------------------------------------------------------ 1 70.3 82.0 1:15p 60.2 6:35a 0.8 6.1 0.00 1.4 11.0 12:30p N 2 67.4 78.1 1:30p 58.7 4:35a 1.7 4.1 0.00 1.2 14.0 1:50p N 3 65.5 76.5 3:15p 55.9 4:20a 3.0 3.5 0.00 2.0 17.0 11:10a ESE 4 65.5 77.9 3:45p 53.1 6:15a 3.5 4.0 0.00 1.5 18.0 11:55a S 5 68.8 81.8 5:25p 57.8 2:15a 2.3 6.1 0.00 1.3 12.0 1:50p N 6 75.1 90.5 4:05p 63.7 6:10a 0.3 10.3 0.00 1.7 17.0 6:25p N 7 73.2 86.3 3:35p 60.1 6:10a 0.8 8.9 0.00 1.2 13.0 1:35p N 8 70.7 84.7 2:05p 56.2 6:10a 1.9 7.6 0.00 1.2 12.0 2:55p N 9 72.7 92.3 3:00p 55.0 6:15a 2.3 10.0 0.00 1.3 13.0 1:50p N 10 73.6 92.3 2:45p 58.4 6:10a 1.2 9.8 0.00 1.6 21.0 2:05p N 11 70.4 86.5 4:00p 56.5 5:10a 2.2 7.6 0.00 1.0 10.0 1:50p N 12 70.7 85.7 4:55p 59.9 6:15a 1.3 7.0 0.00 1.1 11.0 1:40p N 13 72.9 84.5 3:50p 65.0 6:45a 0.0 7.9 0.00 1.2 12.0 1:20p N 14 70.0 80.9 2:10p 63.1 12:00m 0.4 5.4 0.00 1.3 12.0 3:50p N 15 68.4 79.6 4:00p 61.0 6:15a 1.2 4.7 0.00 1.4 12.0 3:00p N 16 69.4 83.6 3:25p 58.9 3:30a 1.7 6.2 0.00 1.2 12.0 3:10p N 17 70.2 85.1 4:40p 58.6 4:10a 1.8 7.0 0.00 1.1 11.0 1:45p N 18 71.1 86.5 4:00p 58.6 3:15a 1.7 7.8 0.00 1.1 11.0 4:30p N 19 72.6 88.8 4:00p 60.7 4:15a 1.0 8.6 0.00 1.1 11.0 2:35p N 20 73.4 90.5 2:10p 60.5 6:30a 1.0 9.3 0.00 1.3 14.0 12:50p N 21 72.3 84.5 1:30p 64.2 6:35a 0.1 7.4 0.00 1.4 14.0 2:10p N 22 71.5 82.4 3:40p 64.2 2:45a 0.1 6.6 0.00 1.4 11.0 1:20p N 23 71.1 85.9 3:40p 61.6 4:45a 0.7 6.9 0.00 1.1 12.0 3:20p N 24 70.8 86.1 3:35p 58.3 6:15a 1.6 7.5 0.00 1.0 10.0 1:25p N 25 72.2 91.0 3:10p 60.4 4:35a 1.2 8.4 0.00 1.0 12.0 5:15p N 26 68.8 79.9 2:15p 60.5 3:45a 1.2 5.0 0.00 1.3 11.0 2:00p N 27 68.4 80.7 3:30p 60.9 6:40a 1.5 4.9 0.00 1.2 11.0 1:15p N 28 68.7 83.4 3:55p 59.5 6:35a 1.9 5.6 0.00 0.9 10.0 4:15p N 29 67.6 80.9 2:15p 59.2 6:55a 1.9 4.5 0.00 1.0 10.0 2:55p N 30 68.9 82.6 3:05p 59.2 3:40a 1.9 5.9 0.00 1.1 10.0 12:45p N 31 67.8 81.4 2:15p 56.7 4:50a 2.5 5.3 0.00 1.0 11.0 3:55p N ------------------------------------------------------------------------------------- 70.3 92.3 9 53.1 4 44.7 209.9 0.00 1.2 21.0 10 N Max >= 90.0: 5 Max <= 32.0: 0 Min <= 32.0: 0 Min <= 0.0: 0 Max Rain: 0.00 ON 07/01/18 Days of Rain: 0 (>.01 in) 0 (>.1 in) 0 (>1 in) Heat Base: 65.0 Cool Base: 65.0 Method: Integration

These reports are produced by WeatherLink V6.0.3.

deformed-offering