deformed-offering

NOAA-style climate reports

2018: Jan | Feb | Mar | Apr | May | Jun | Jul | Aug | Sep | Oct | Nov | Dec 
2017: Jan | Feb | Mar | Apr | May | Jun | Jul | Aug | Sep | Oct | Nov | Dec 
2016: Jan | Feb | Mar | Apr | May | Jun | Jul | Aug | Sep | Oct | Nov | Dec 
2015: Jan | Feb | Mar | Apr | May | Jun | Jul | Aug | Sep | Oct | Nov | Dec 
2014: Jan | Feb | Mar | Apr | May | Jun | Jul | Aug | Sep | Oct | Nov | Dec 
2013: Jan | Feb | Mar | Apr | May | Jun | Jul | Aug | Sep | Oct | Nov | Dec 
2012: Jan | Feb | Mar | Apr | May | Jun | Jul | Aug | Sep | Oct | Nov | Dec 
2011: Jan | Feb | Mar | Apr | May | Jun | Jul | Aug | Sep | Oct | Nov | Dec 
2010: Jan | Feb | Mar | Apr | May | Jun | Jul | Aug | Sep | Oct | Nov | Dec 
2009: Jan | Feb | Mar | Apr | May | Jun | Jul | Aug | Sep | Oct | Nov | Dec 
2008: Jan | Feb | Mar | Apr | May | Jun | Jul | Aug | Sep | Oct | Nov | Dec 
2007: Jan | Feb | Mar | Apr | May | Jun | Jul | Aug | Sep | Oct | Nov | Dec 
2006: Jan | Feb | Mar | Apr | May | Jun | Jul | Aug | Sep | Oct | Nov | Dec 
2005: Jan | Feb | Mar | Apr | May | Jun | Jul | Aug | Sep | Oct | Nov | Dec 
2004: Jan | Feb | Mar | Apr | May | Jun | Jul | Aug | Sep | Oct | Nov | Dec 

Report for 2018 04
MONTHLY CLIMATOLOGICAL SUMMARY for APR. 2018 NAME: KCASARAT1 CITY: Saratoga STATE: CA ELEV: 375 ft LAT: 37 16' 28" N LONG: 122 01' 23" W TEMPERATURE (F), RAIN (in), WIND SPEED (mph) HEAT COOL AVG MEAN DEG DEG WIND DOM DAY TEMP HIGH TIME LOW TIME DAYS DAYS RAIN SPEED HIGH TIME DIR ------------------------------------------------------------------------------------ 1 59.1 76.0 2:45p 45.2 7:00a 8.5 2.6 0.00 1.5 16.0 5:10p N 2 57.3 72.3 2:45p 46.5 6:50a 8.9 1.2 0.00 1.2 14.0 5:50p N 3 57.2 72.8 3:55p 43.6 6:55a 9.6 1.7 0.00 1.1 14.0 1:50p N 4 57.5 69.6 1:45p 48.8 4:05a 8.1 0.6 0.00 1.0 12.0 3:00p N 5 57.9 66.8 3:30p 49.5 6:30a 7.2 0.2 0.05 0.7 11.0 3:50p NW 6 60.3 65.3 4:40p 55.7 6:15a 4.7 0.0 0.15 3.5 20.0 1:45p ESE 7 61.1 70.3 3:15p 52.9 12:00m 4.6 0.7 0.71 1.9 16.0 2:00a W 8 56.0 66.3 4:00p 46.8 6:00a 9.1 0.1 0.00 2.1 19.0 1:50p NW 9 61.7 79.0 5:05p 45.5 6:35a 7.3 4.1 0.00 0.8 10.0 12:55p N 10 60.8 69.4 3:30p 49.8 12:00m 4.9 0.7 0.00 1.0 12.0 4:35p N 11 53.5 67.9 2:45p 43.5 5:40a 11.6 0.1 0.05 1.5 21.0 2:50p W 12 51.2 61.2 3:20p 42.5 6:30a 13.8 0.0 0.01 2.9 20.0 12:30p NW 13 55.1 69.8 4:50p 42.2 6:45a 10.8 0.8 0.00 1.9 14.0 12:25p NW 14 59.5 75.6 4:25p 45.2 6:50a 8.2 2.6 0.00 1.2 13.0 5:45p N 15 56.8 70.9 3:05p 46.4 6:50a 9.0 0.7 0.02 1.2 20.0 2:40p N 16 50.0 56.6 2:40p 44.5 11:55p 15.0 0.0 0.17 1.4 17.0 1:45p W 17 51.7 64.8 3:50p 40.2 5:55a 13.3 0.0 0.00 1.4 14.0 6:00p N 18 51.8 61.5 2:25p 44.9 2:55a 13.1 0.0 0.00 1.1 16.0 4:25p N 19 53.2 66.6 4:05p 40.6 6:40a 12.0 0.2 0.00 1.5 17.0 2:35p W 20 58.1 76.3 3:35p 43.1 6:40a 9.5 2.5 0.00 1.5 16.0 3:45p N 21 61.4 80.5 4:45p 45.4 6:40a 7.7 4.0 0.00 1.1 13.0 4:05p N 22 64.1 81.4 4:30p 48.5 7:00a 5.7 4.8 0.00 1.1 14.0 2:25p N 23 64.8 83.0 3:35p 49.6 6:45a 5.1 4.9 0.00 1.2 14.0 4:05p N 24 62.1 73.3 2:35p 54.1 7:00a 4.8 1.9 0.00 1.2 12.0 3:25p N 25 60.7 71.6 3:05p 54.5 5:40a 5.6 1.3 0.00 1.4 12.0 1:00p N 26 58.9 67.4 3:10p 51.6 12:00m 6.4 0.3 0.00 1.5 13.0 3:35p N 27 57.1 67.3 2:25p 47.9 3:55a 8.2 0.3 0.00 1.2 16.0 4:50p NW 28 55.4 66.6 4:25p 46.5 4:25a 9.7 0.1 0.00 1.5 14.0 5:30p NW 29 55.7 63.1 5:25p 49.6 12:00m 9.3 0.0 0.00 1.2 16.0 7:45p W 30 53.3 63.7 3:30p 44.9 5:55a 11.7 0.0 0.00 2.0 20.0 12:10p W ------------------------------------------------------------------------------------- 57.4 83.0 23 40.2 17 263.4 36.4 1.16 1.5 21.0 11 N Max >= 90.0: 0 Max <= 32.0: 0 Min <= 32.0: 0 Min <= 0.0: 0 Max Rain: 0.71 ON 04/07/18 Days of Rain: 6 (>.01 in) 3 (>.1 in) 0 (>1 in) Heat Base: 65.0 Cool Base: 65.0 Method: Integration

These reports are produced by WeatherLink V6.0.3.

deformed-offering