deformed-offering

NOAA-style climate reports

2018: Jan | Feb | Mar | Apr | May | Jun | Jul | Aug | Sep | Oct | Nov | Dec 
2017: Jan | Feb | Mar | Apr | May | Jun | Jul | Aug | Sep | Oct | Nov | Dec 
2016: Jan | Feb | Mar | Apr | May | Jun | Jul | Aug | Sep | Oct | Nov | Dec 
2015: Jan | Feb | Mar | Apr | May | Jun | Jul | Aug | Sep | Oct | Nov | Dec 
2014: Jan | Feb | Mar | Apr | May | Jun | Jul | Aug | Sep | Oct | Nov | Dec 
2013: Jan | Feb | Mar | Apr | May | Jun | Jul | Aug | Sep | Oct | Nov | Dec 
2012: Jan | Feb | Mar | Apr | May | Jun | Jul | Aug | Sep | Oct | Nov | Dec 
2011: Jan | Feb | Mar | Apr | May | Jun | Jul | Aug | Sep | Oct | Nov | Dec 
2010: Jan | Feb | Mar | Apr | May | Jun | Jul | Aug | Sep | Oct | Nov | Dec 
2009: Jan | Feb | Mar | Apr | May | Jun | Jul | Aug | Sep | Oct | Nov | Dec 
2008: Jan | Feb | Mar | Apr | May | Jun | Jul | Aug | Sep | Oct | Nov | Dec 
2007: Jan | Feb | Mar | Apr | May | Jun | Jul | Aug | Sep | Oct | Nov | Dec 
2006: Jan | Feb | Mar | Apr | May | Jun | Jul | Aug | Sep | Oct | Nov | Dec 
2005: Jan | Feb | Mar | Apr | May | Jun | Jul | Aug | Sep | Oct | Nov | Dec 
2004: Jan | Feb | Mar | Apr | May | Jun | Jul | Aug | Sep | Oct | Nov | Dec 

Report for 2018 03
MONTHLY CLIMATOLOGICAL SUMMARY for MAR. 2018 NAME: KCASARAT1 CITY: Saratoga STATE: CA ELEV: 375 ft LAT: 37 16' 28" N LONG: 122 01' 23" W TEMPERATURE (F), RAIN (in), WIND SPEED (mph) HEAT COOL AVG MEAN DEG DEG WIND DOM DAY TEMP HIGH TIME LOW TIME DAYS DAYS RAIN SPEED HIGH TIME DIR ------------------------------------------------------------------------------------ 1 52.1 58.1 2:00p 47.1 11:55p 12.9 0.0 1.66 3.4 26.0 4:55p SSW 2 46.9 56.5 12:25p 42.3 5:20a 18.1 0.0 0.39 1.4 19.0 12:00p SSW 3 43.1 52.8 1:30p 36.9 11:55p 21.9 0.0 0.13 0.9 21.0 1:55p SW 4 44.5 56.2 3:30p 35.0 6:40a 20.5 0.0 0.02 1.1 12.0 1:20p WSW 5 46.4 60.5 3:35p 32.9 7:00a 18.6 0.0 0.00 1.3 11.0 11:50a NW 6 51.4 69.4 3:45p 37.9 6:00a 14.1 0.5 0.00 0.8 11.0 4:30p NE 7 56.5 70.3 1:55p 47.0 12:25a 9.2 0.7 0.00 1.7 18.0 2:55p ESE 8 58.9 68.6 1:05p 51.0 12:00m 6.6 0.5 0.00 1.6 16.0 1:55p NW 9 55.1 65.3 3:15p 45.1 7:00a 9.9 0.0 0.00 1.1 12.0 3:30p N 10 53.4 59.5 2:40p 46.7 11:45p 11.6 0.0 0.00 0.2 6.0 11:15a NNW 11 57.2 71.6 4:55p 45.8 7:30a 8.5 1.1 0.00 0.8 10.0 3:25p NNW 12 58.4 74.6 2:20p 47.0 6:45a 7.9 1.3 0.14 2.5 18.0 1:10p ESE 13 58.7 63.4 1:50p 51.7 12:00m 6.3 0.0 0.34 2.3 19.0 3:55a S 14 50.4 57.3 5:05p 42.8 12:00m 14.6 0.0 0.39 0.9 10.0 10:30a S 15 48.1 59.0 3:45p 38.3 5:45a 16.9 0.0 0.22 1.2 12.0 9:45a ESE 16 49.1 54.8 2:50p 42.2 11:35p 15.9 0.0 0.25 1.1 16.0 11:15a W 17 45.4 52.6 4:40p 40.1 3:25a 19.6 0.0 0.18 0.6 13.0 2:05p E 18 47.3 59.0 3:00p 37.3 7:15a 17.7 0.0 0.02 0.8 11.0 3:35p NW 19 51.6 67.6 3:50p 36.6 7:30a 13.6 0.2 0.00 1.3 11.0 2:00p E 20 53.5 55.9 12:05a 51.3 8:45a 11.5 0.0 0.17 1.9 17.0 2:20p E 21 59.4 65.6 1:50p 54.4 2:10a 5.6 0.0 0.14 5.1 26.0 10:15p E 22 54.8 62.4 11:45a 41.3 11:55p 10.2 0.0 1.51 3.6 24.0 6:10a NW 23 48.3 59.9 4:25p 38.0 7:30a 16.7 0.0 0.00 1.3 17.0 5:25p W 24 49.8 58.1 2:50p 45.5 9:35p 15.2 0.0 0.17 1.3 18.0 2:15p W 25 47.7 57.5 3:30p 37.9 6:35a 17.3 0.0 0.01 1.7 19.0 3:15p NW 26 50.6 63.9 4:35p 38.0 7:10a 14.4 0.0 0.00 2.2 20.0 2:10p NW 27 56.4 72.1 4:00p 41.5 7:20a 10.2 1.7 0.00 1.5 16.0 1:45p N 28 61.8 78.6 3:30p 45.4 6:55a 7.3 4.1 0.00 1.5 13.0 4:10p N 29 64.8 82.4 4:20p 48.5 7:05a 5.8 5.5 0.00 1.5 13.0 2:30p NW 30 65.0 82.8 4:15p 49.9 7:20a 5.3 5.3 0.00 1.0 12.0 2:30p NW 31 61.6 77.7 2:00p 48.8 7:10a 6.4 3.0 0.00 0.7 10.0 2:30p N ------------------------------------------------------------------------------------- 53.2 82.8 30 32.9 5 390.3 23.9 5.74 1.6 26.0 1 NW Max >= 90.0: 0 Max <= 32.0: 0 Min <= 32.0: 0 Min <= 0.0: 0 Max Rain: 1.66 ON 03/01/18 Days of Rain: 15 (>.01 in) 13 (>.1 in) 2 (>1 in) Heat Base: 65.0 Cool Base: 65.0 Method: Integration

These reports are produced by WeatherLink V6.0.3.

deformed-offering