deformed-offering

NOAA-style climate reports

2018: Jan | Feb | Mar | Apr | May | Jun | Jul | Aug | Sep | Oct | Nov | Dec 
2017: Jan | Feb | Mar | Apr | May | Jun | Jul | Aug | Sep | Oct | Nov | Dec 
2016: Jan | Feb | Mar | Apr | May | Jun | Jul | Aug | Sep | Oct | Nov | Dec 
2015: Jan | Feb | Mar | Apr | May | Jun | Jul | Aug | Sep | Oct | Nov | Dec 
2014: Jan | Feb | Mar | Apr | May | Jun | Jul | Aug | Sep | Oct | Nov | Dec 
2013: Jan | Feb | Mar | Apr | May | Jun | Jul | Aug | Sep | Oct | Nov | Dec 
2012: Jan | Feb | Mar | Apr | May | Jun | Jul | Aug | Sep | Oct | Nov | Dec 
2011: Jan | Feb | Mar | Apr | May | Jun | Jul | Aug | Sep | Oct | Nov | Dec 
2010: Jan | Feb | Mar | Apr | May | Jun | Jul | Aug | Sep | Oct | Nov | Dec 
2009: Jan | Feb | Mar | Apr | May | Jun | Jul | Aug | Sep | Oct | Nov | Dec 
2008: Jan | Feb | Mar | Apr | May | Jun | Jul | Aug | Sep | Oct | Nov | Dec 
2007: Jan | Feb | Mar | Apr | May | Jun | Jul | Aug | Sep | Oct | Nov | Dec 
2006: Jan | Feb | Mar | Apr | May | Jun | Jul | Aug | Sep | Oct | Nov | Dec 
2005: Jan | Feb | Mar | Apr | May | Jun | Jul | Aug | Sep | Oct | Nov | Dec 
2004: Jan | Feb | Mar | Apr | May | Jun | Jul | Aug | Sep | Oct | Nov | Dec 

Report for 2017 11
MONTHLY CLIMATOLOGICAL SUMMARY for NOV. 2017 NAME: KCASARAT1 CITY: Saratoga STATE: CA ELEV: 375 ft LAT: 37 16' 28" N LONG: 122 01' 23" W TEMPERATURE (F), RAIN (in), WIND SPEED (mph) HEAT COOL AVG MEAN DEG DEG WIND DOM DAY TEMP HIGH TIME LOW TIME DAYS DAYS RAIN SPEED HIGH TIME DIR ------------------------------------------------------------------------------------ 1 55.4 68.1 3:15p 46.8 7:45a 10.0 0.4 0.00 0.7 10.0 3:05p N 2 55.6 66.0 3:15p 47.1 7:55a 9.5 0.1 0.00 0.6 10.0 4:45p ESE 3 58.4 64.0 1:15p 55.6 1:05a 6.6 0.0 0.03 1.5 12.0 1:50p E 4 56.2 58.9 12:30a 44.6 11:55p 8.8 0.0 0.04 1.2 12.0 3:40a NNW 5 48.7 58.3 3:05p 42.1 6:55a 16.3 0.0 0.00 0.7 10.0 4:10p N 6 52.0 62.1 2:00p 44.2 12:05a 13.0 0.0 0.00 0.8 10.0 11:45a N 7 50.6 64.8 3:30p 41.1 6:50a 14.4 0.0 0.00 0.5 6.0 10:55a N 8 55.6 62.7 2:10p 46.5 4:25a 9.4 0.0 0.19 2.2 27.0 8:00p E 9 57.7 62.9 1:55p 50.2 11:35p 7.3 0.0 0.16 0.5 14.0 12:25a E 10 54.8 64.0 2:35p 48.8 2:35a 10.2 0.0 0.01 0.4 11.0 12:30p ESE 11 55.1 63.7 1:50p 48.9 12:35a 9.9 0.0 0.00 0.6 9.0 2:25p NW 12 53.7 64.5 3:15p 46.1 7:35a 11.3 0.0 0.00 0.6 7.0 9:55a N 13 57.2 67.9 2:55p 46.7 3:20a 8.2 0.3 0.07 0.8 11.0 9:55a N 14 56.3 64.2 2:30p 49.1 11:55p 8.7 0.0 0.00 0.7 8.0 1:20p NW 15 56.2 67.3 3:00p 48.2 12:55a 8.9 0.1 0.00 1.9 18.0 8:20p E 16 57.3 59.5 3:20a 55.4 11:20p 7.7 0.0 1.30 1.2 14.0 1:35a NNW 17 52.1 59.2 2:55p 44.5 11:55p 12.9 0.0 0.02 1.4 11.0 11:20a N 18 48.7 61.0 2:25p 39.3 6:50a 16.3 0.0 0.00 0.9 8.0 2:35p WSW 19 50.4 62.1 2:50p 40.6 6:00a 14.6 0.0 0.00 0.3 7.0 2:30p N 20 58.7 69.3 2:55p 53.1 6:40a 6.8 0.4 0.00 0.2 7.0 3:05p N 21 57.8 69.6 3:45p 50.2 6:50a 7.8 0.5 0.00 0.3 6.0 3:35p N 22 59.3 72.5 2:40p 49.8 7:05a 6.8 1.1 0.00 0.4 8.0 2:10p N 23 60.8 70.8 2:10p 52.6 7:10a 5.1 0.9 0.00 0.4 8.0 1:35p NNW 24 61.4 70.9 2:15p 54.2 7:30a 4.7 1.1 0.00 0.6 8.0 1:50p N 25 61.0 73.5 2:20p 49.4 7:25a 5.6 1.6 0.00 1.4 14.0 1:10p E 26 60.9 65.6 11:05a 55.1 11:40p 4.1 0.0 0.08 3.1 24.0 11:25a E 27 51.0 57.8 2:10p 45.2 11:45p 14.0 0.0 0.15 1.4 17.0 12:30a N 28 48.9 60.1 2:40p 41.1 7:05a 16.0 0.0 0.00 0.8 13.0 2:45p NW 29 51.0 62.4 2:20p 44.1 5:45a 14.0 0.0 0.00 1.2 13.0 10:15a WSW 30 50.0 63.9 2:30p 41.8 5:55a 14.8 0.0 0.00 1.0 13.0 12:05p NW ------------------------------------------------------------------------------------- 55.1 73.5 25 39.3 18 303.7 6.5 2.05 0.9 27.0 8 N Max >= 90.0: 0 Max <= 32.0: 0 Min <= 32.0: 0 Min <= 0.0: 0 Max Rain: 1.30 ON 11/16/17 Days of Rain: 9 (>.01 in) 4 (>.1 in) 1 (>1 in) Heat Base: 65.0 Cool Base: 65.0 Method: Integration

These reports are produced by WeatherLink V6.0.3.

deformed-offering