deformed-offering

NOAA-style climate reports

2018: Jan | Feb | Mar | Apr | May | Jun | Jul | Aug | Sep | Oct | Nov | Dec 
2017: Jan | Feb | Mar | Apr | May | Jun | Jul | Aug | Sep | Oct | Nov | Dec 
2016: Jan | Feb | Mar | Apr | May | Jun | Jul | Aug | Sep | Oct | Nov | Dec 
2015: Jan | Feb | Mar | Apr | May | Jun | Jul | Aug | Sep | Oct | Nov | Dec 
2014: Jan | Feb | Mar | Apr | May | Jun | Jul | Aug | Sep | Oct | Nov | Dec 
2013: Jan | Feb | Mar | Apr | May | Jun | Jul | Aug | Sep | Oct | Nov | Dec 
2012: Jan | Feb | Mar | Apr | May | Jun | Jul | Aug | Sep | Oct | Nov | Dec 
2011: Jan | Feb | Mar | Apr | May | Jun | Jul | Aug | Sep | Oct | Nov | Dec 
2010: Jan | Feb | Mar | Apr | May | Jun | Jul | Aug | Sep | Oct | Nov | Dec 
2009: Jan | Feb | Mar | Apr | May | Jun | Jul | Aug | Sep | Oct | Nov | Dec 
2008: Jan | Feb | Mar | Apr | May | Jun | Jul | Aug | Sep | Oct | Nov | Dec 
2007: Jan | Feb | Mar | Apr | May | Jun | Jul | Aug | Sep | Oct | Nov | Dec 
2006: Jan | Feb | Mar | Apr | May | Jun | Jul | Aug | Sep | Oct | Nov | Dec 
2005: Jan | Feb | Mar | Apr | May | Jun | Jul | Aug | Sep | Oct | Nov | Dec 
2004: Jan | Feb | Mar | Apr | May | Jun | Jul | Aug | Sep | Oct | Nov | Dec 

Report for 2017 10
MONTHLY CLIMATOLOGICAL SUMMARY for OCT. 2017 NAME: KCASARAT1 CITY: Saratoga STATE: CA ELEV: 375 ft LAT: 37 16' 28" N LONG: 122 01' 23" W TEMPERATURE (F), RAIN (in), WIND SPEED (mph) HEAT COOL AVG MEAN DEG DEG WIND DOM DAY TEMP HIGH TIME LOW TIME DAYS DAYS RAIN SPEED HIGH TIME DIR ------------------------------------------------------------------------------------ 1 62.4 78.3 3:10p 50.7 7:00a 6.0 3.4 0.00 1.4 14.0 2:50p N 2 61.7 76.7 3:40p 48.3 12:00m 6.0 2.8 0.00 1.7 13.0 9:25a NNW 3 56.3 72.7 4:15p 42.8 6:05a 10.1 1.4 0.00 1.1 11.0 1:40p SSW 4 59.3 77.6 4:05p 43.6 7:15a 8.8 3.0 0.00 1.2 16.0 2:35p NW 5 61.2 80.7 3:45p 45.7 6:45a 7.7 4.0 0.00 1.2 14.0 4:25p N 6 64.1 84.7 3:25p 47.0 7:10a 6.5 5.6 0.00 1.3 13.0 12:00p SW 7 63.9 82.8 3:30p 49.2 7:35a 5.6 4.5 0.00 0.9 10.0 2:00p N 8 62.1 79.2 4:10p 47.4 6:35a 6.8 3.9 0.00 1.6 13.0 12:15p N 9 63.1 79.9 3:55p 50.2 7:20a 5.7 3.9 0.00 1.2 10.0 11:05a WSW 10 62.2 79.4 2:00p 49.2 6:35a 6.4 3.5 0.00 1.1 12.0 3:20p N 11 55.7 68.6 3:45p 45.5 7:20a 9.8 0.5 0.00 1.3 16.0 4:10p NW 12 55.3 71.1 3:05p 42.8 7:20a 10.8 1.1 0.00 1.3 13.0 1:15p WNW 13 56.6 74.9 3:45p 42.5 7:20a 10.5 2.1 0.00 1.3 12.0 10:50a WNW 14 60.2 74.2 3:40p 46.8 2:40a 6.9 2.1 0.00 2.1 14.0 11:55a W 15 61.0 80.5 3:35p 45.4 7:20a 7.7 3.7 0.00 0.9 8.0 1:25p W 16 63.2 83.0 3:20p 48.2 7:10a 6.3 4.5 0.00 0.7 10.0 3:05p SW 17 62.5 79.6 3:10p 51.9 7:30a 5.8 3.4 0.00 0.5 8.0 2:00p SW 18 56.3 73.7 2:55p 45.2 5:15a 9.9 1.2 0.00 0.7 8.0 2:35p N 19 59.5 67.9 4:30p 53.2 12:05a 5.7 0.2 0.02 1.1 12.0 4:15p E 20 54.8 64.2 2:50p 47.6 12:00m 10.2 0.0 0.11 1.8 21.0 12:35a NW 21 54.3 67.1 3:10p 43.3 7:30a 11.0 0.2 0.00 1.5 13.0 1:20p NW 22 58.0 72.0 3:20p 46.8 7:40a 8.3 1.3 0.00 1.2 12.0 1:25p N 23 68.9 84.7 4:10p 54.4 12:05a 2.4 6.3 0.00 1.8 14.0 2:50p SW 24 70.8 87.8 3:20p 57.0 7:50a 2.1 7.9 0.00 1.4 12.0 11:30a SW 25 68.3 86.7 3:50p 55.0 7:50a 3.0 6.3 0.00 0.9 11.0 2:55p W 26 67.5 85.1 3:55p 54.7 7:45a 3.2 5.7 0.00 0.6 8.0 1:05p N 27 66.3 84.1 3:50p 54.1 8:00a 3.8 5.1 0.00 0.6 8.0 2:05p N 28 60.8 76.1 4:05p 51.4 5:45a 6.2 2.0 0.00 0.5 7.0 2:35p N 29 57.9 64.7 4:45p 53.6 10:35p 7.1 0.0 0.00 0.4 6.0 3:10p NNW 30 57.1 64.2 3:00p 51.3 8:25a 7.9 0.0 0.00 1.5 14.0 5:20p W 31 58.3 66.9 3:10p 50.8 12:00m 6.9 0.2 0.00 0.8 12.0 11:40a N ------------------------------------------------------------------------------------- 61.0 87.8 24 42.5 13 215.1 89.8 0.13 1.1 21.0 20 N Max >= 90.0: 0 Max <= 32.0: 0 Min <= 32.0: 0 Min <= 0.0: 0 Max Rain: 0.11 ON 10/20/17 Days of Rain: 2 (>.01 in) 1 (>.1 in) 0 (>1 in) Heat Base: 65.0 Cool Base: 65.0 Method: Integration

These reports are produced by WeatherLink V6.0.3.

deformed-offering