deformed-offering

NOAA-style climate reports

2018: Jan | Feb | Mar | Apr | May | Jun | Jul | Aug | Sep | Oct | Nov | Dec 
2017: Jan | Feb | Mar | Apr | May | Jun | Jul | Aug | Sep | Oct | Nov | Dec 
2016: Jan | Feb | Mar | Apr | May | Jun | Jul | Aug | Sep | Oct | Nov | Dec 
2015: Jan | Feb | Mar | Apr | May | Jun | Jul | Aug | Sep | Oct | Nov | Dec 
2014: Jan | Feb | Mar | Apr | May | Jun | Jul | Aug | Sep | Oct | Nov | Dec 
2013: Jan | Feb | Mar | Apr | May | Jun | Jul | Aug | Sep | Oct | Nov | Dec 
2012: Jan | Feb | Mar | Apr | May | Jun | Jul | Aug | Sep | Oct | Nov | Dec 
2011: Jan | Feb | Mar | Apr | May | Jun | Jul | Aug | Sep | Oct | Nov | Dec 
2010: Jan | Feb | Mar | Apr | May | Jun | Jul | Aug | Sep | Oct | Nov | Dec 
2009: Jan | Feb | Mar | Apr | May | Jun | Jul | Aug | Sep | Oct | Nov | Dec 
2008: Jan | Feb | Mar | Apr | May | Jun | Jul | Aug | Sep | Oct | Nov | Dec 
2007: Jan | Feb | Mar | Apr | May | Jun | Jul | Aug | Sep | Oct | Nov | Dec 
2006: Jan | Feb | Mar | Apr | May | Jun | Jul | Aug | Sep | Oct | Nov | Dec 
2005: Jan | Feb | Mar | Apr | May | Jun | Jul | Aug | Sep | Oct | Nov | Dec 
2004: Jan | Feb | Mar | Apr | May | Jun | Jul | Aug | Sep | Oct | Nov | Dec 

Report for 2017 09
MONTHLY CLIMATOLOGICAL SUMMARY for SEP. 2017 NAME: KCASARAT1 CITY: Saratoga STATE: CA ELEV: 375 ft LAT: 37 16' 28" N LONG: 122 01' 23" W TEMPERATURE (F), RAIN (in), WIND SPEED (mph) HEAT COOL AVG MEAN DEG DEG WIND DOM DAY TEMP HIGH TIME LOW TIME DAYS DAYS RAIN SPEED HIGH TIME DIR ------------------------------------------------------------------------------------ 1 82.9 105.1 3:15p 64.7 6:55a 0.0 17.9 0.00 1.3 13.0 12:00p N 2 86.1 106.2 3:45p 68.9 7:00a 0.0 21.1 0.00 1.1 11.0 4:20p SSW 3 84.0 100.4 2:25p 74.4 5:10a 0.0 19.0 0.00 1.2 10.0 12:25p N 4 77.1 87.2 2:45p 69.3 6:35a 0.0 12.1 0.00 1.4 17.0 2:45p ENE 5 76.0 87.6 1:50p 67.3 12:00m 0.0 11.0 0.00 1.6 13.0 2:20p N 6 72.0 81.6 12:10p 63.9 4:30a 0.0 7.0 0.00 1.6 14.0 5:55p N 7 68.9 77.6 3:25p 60.7 11:55p 0.2 4.1 0.00 1.7 13.0 3:40p ESE 8 66.6 78.6 2:15p 56.5 6:50a 2.4 4.0 0.00 1.5 13.0 2:40p N 9 71.0 84.3 2:40p 63.1 7:00a 0.1 6.1 0.00 1.2 13.0 2:40p N 10 75.3 94.9 3:40p 59.2 6:20a 1.3 11.6 0.00 1.2 11.0 1:35p N 11 76.9 91.0 2:35p 69.1 11:45p 0.0 11.9 0.01 1.2 16.0 3:20a N 12 73.4 89.7 3:15p 62.6 5:50a 0.2 8.6 0.00 1.4 12.0 3:35p N 13 68.9 77.6 1:55p 61.8 12:00m 0.5 4.4 0.00 1.5 13.0 11:40a ESE 14 65.9 79.0 3:55p 56.3 6:45a 2.8 3.7 0.00 1.6 13.0 3:55p W 15 62.4 76.3 2:25p 49.5 6:45a 5.2 2.7 0.00 1.3 13.0 3:50p N 16 64.1 79.2 3:25p 52.8 7:00a 4.5 3.6 0.00 1.1 12.0 1:55p N 17 63.9 80.5 3:00p 51.7 4:15a 4.6 3.5 0.00 1.1 13.0 4:35p N 18 64.1 77.2 3:30p 55.6 2:25a 3.9 3.1 0.00 1.6 17.0 4:25p WNW 19 62.0 74.6 3:30p 49.9 6:45a 5.4 2.4 0.00 1.9 17.0 2:40p N 20 63.2 75.6 3:05p 53.3 2:20a 3.7 1.9 0.00 1.5 13.0 3:45p W 21 59.5 69.4 2:35p 51.4 12:00m 6.0 0.5 0.00 2.6 18.0 11:15a W 22 57.6 71.1 2:55p 46.8 6:40a 8.4 1.0 0.00 1.4 14.0 4:20p N 23 60.8 76.8 4:25p 47.4 6:45a 7.2 3.0 0.00 1.7 17.0 3:35p SW 24 63.2 80.9 4:00p 47.0 6:30a 6.4 4.6 0.00 1.6 13.0 1:10p SW 25 65.8 83.4 4:25p 49.6 7:00a 5.1 5.9 0.00 1.3 13.0 2:55p SSE 26 68.6 86.5 3:35p 52.3 7:00a 3.6 7.2 0.00 1.3 14.0 2:30p NNW 27 70.2 88.8 2:45p 55.3 7:00a 2.6 7.8 0.00 0.9 11.0 2:35p N 28 68.4 87.6 3:30p 54.7 6:30a 3.2 6.6 0.00 1.0 12.0 4:00p N 29 62.5 74.6 1:50p 52.8 3:35a 4.4 1.9 0.00 1.1 12.0 2:45p N 30 63.9 78.3 3:30p 52.6 7:25a 4.4 3.3 0.00 1.2 12.0 2:55p N ------------------------------------------------------------------------------------- 68.8 106.2 2 46.8 22 86.1 201.5 0.01 1.4 18.0 21 N Max >= 90.0: 5 Max <= 32.0: 0 Min <= 32.0: 0 Min <= 0.0: 0 Max Rain: 0.01 ON 09/11/17 Days of Rain: 0 (>.01 in) 0 (>.1 in) 0 (>1 in) Heat Base: 65.0 Cool Base: 65.0 Method: Integration

These reports are produced by WeatherLink V6.0.3.

deformed-offering