deformed-offering

NOAA-style climate reports

2018: Jan | Feb | Mar | Apr | May | Jun | Jul | Aug | Sep | Oct | Nov | Dec 
2017: Jan | Feb | Mar | Apr | May | Jun | Jul | Aug | Sep | Oct | Nov | Dec 
2016: Jan | Feb | Mar | Apr | May | Jun | Jul | Aug | Sep | Oct | Nov | Dec 
2015: Jan | Feb | Mar | Apr | May | Jun | Jul | Aug | Sep | Oct | Nov | Dec 
2014: Jan | Feb | Mar | Apr | May | Jun | Jul | Aug | Sep | Oct | Nov | Dec 
2013: Jan | Feb | Mar | Apr | May | Jun | Jul | Aug | Sep | Oct | Nov | Dec 
2012: Jan | Feb | Mar | Apr | May | Jun | Jul | Aug | Sep | Oct | Nov | Dec 
2011: Jan | Feb | Mar | Apr | May | Jun | Jul | Aug | Sep | Oct | Nov | Dec 
2010: Jan | Feb | Mar | Apr | May | Jun | Jul | Aug | Sep | Oct | Nov | Dec 
2009: Jan | Feb | Mar | Apr | May | Jun | Jul | Aug | Sep | Oct | Nov | Dec 
2008: Jan | Feb | Mar | Apr | May | Jun | Jul | Aug | Sep | Oct | Nov | Dec 
2007: Jan | Feb | Mar | Apr | May | Jun | Jul | Aug | Sep | Oct | Nov | Dec 
2006: Jan | Feb | Mar | Apr | May | Jun | Jul | Aug | Sep | Oct | Nov | Dec 
2005: Jan | Feb | Mar | Apr | May | Jun | Jul | Aug | Sep | Oct | Nov | Dec 
2004: Jan | Feb | Mar | Apr | May | Jun | Jul | Aug | Sep | Oct | Nov | Dec 

Report for 2017 05
MONTHLY CLIMATOLOGICAL SUMMARY for MAY. 2017 NAME: KCASARAT1 CITY: Saratoga STATE: CA ELEV: 375 ft LAT: 37 16' 28" N LONG: 122 01' 23" W TEMPERATURE (F), RAIN (in), WIND SPEED (mph) HEAT COOL AVG MEAN DEG DEG WIND DOM DAY TEMP HIGH TIME LOW TIME DAYS DAYS RAIN SPEED HIGH TIME DIR ------------------------------------------------------------------------------------ 1 69.3 87.4 3:35p 50.8 6:10a 4.0 8.2 0.00 2.1 19.0 4:50p N 2 72.5 89.0 3:50p 55.3 6:05a 2.1 9.6 0.00 1.8 16.0 1:05p N 3 74.2 92.1 3:35p 58.1 6:15a 1.5 10.7 0.00 1.6 13.0 5:45p N 4 68.1 85.1 1:20p 57.3 6:15a 2.2 5.2 0.00 2.0 13.0 1:50p N 5 60.0 71.6 1:30p 50.8 11:35p 5.9 0.9 0.00 2.9 21.0 5:40p N 6 54.5 63.1 4:35p 48.6 11:15p 10.5 0.0 0.00 2.3 16.0 1:45a WNW 7 60.2 75.6 4:30p 46.4 6:15a 7.0 2.2 0.00 1.5 13.0 5:40p W 8 62.1 79.9 4:10p 46.5 6:05a 6.7 3.8 0.00 1.5 13.0 3:50p N 9 65.0 85.5 2:50p 49.5 6:30a 5.5 5.6 0.00 1.6 13.0 3:15p N 10 60.6 72.1 3:05p 50.7 3:45a 5.8 1.4 0.00 1.7 14.0 1:00p S 11 59.8 72.3 2:15p 49.4 5:10a 6.6 1.3 0.00 2.0 14.0 6:30p N 12 56.2 66.1 2:35p 47.0 4:50a 8.8 0.0 0.00 3.9 24.0 11:10a WNW 13 55.9 67.4 3:00p 47.3 6:10a 9.2 0.1 0.00 3.7 18.0 3:00a NW 14 55.7 68.3 1:55p 46.4 2:55a 9.4 0.2 0.00 2.0 13.0 1:35p W 15 55.8 71.8 3:20p 43.6 5:35a 10.0 0.8 0.00 2.5 19.0 5:15p WNW 16 56.5 65.0 4:05p 47.3 2:40a 8.5 0.0 0.00 1.7 13.0 10:20a WNW 17 59.9 73.2 3:10p 47.6 6:25a 6.8 1.7 0.00 2.2 14.0 2:20p N 18 62.5 81.6 4:25p 44.3 5:55a 7.3 4.8 0.00 2.0 18.0 4:30p N 19 68.0 88.0 3:25p 50.1 5:45a 4.5 7.5 0.00 1.6 14.0 3:25p N 20 70.1 89.7 3:20p 51.0 6:05a 3.6 8.7 0.00 1.5 13.0 2:15p N 21 71.3 90.7 3:05p 54.4 5:55a 2.4 8.8 0.00 1.6 13.0 4:05p N 22 68.6 86.7 3:50p 52.6 5:25a 3.4 7.0 0.00 1.3 16.0 2:55p N 23 66.9 82.2 2:05p 55.3 5:20a 3.0 4.9 0.00 1.6 12.0 1:55p N 24 64.2 77.7 4:10p 54.1 11:55p 4.0 3.1 0.00 1.5 12.0 1:35p N 25 59.5 68.1 3:35p 52.3 2:40a 5.8 0.3 0.00 2.7 20.0 2:05p S 26 59.8 68.3 3:40p 51.6 4:30a 5.6 0.4 0.00 2.2 13.0 10:35a S 27 61.5 71.1 2:45p 54.4 4:35a 4.8 1.3 0.00 2.1 13.0 3:20p N 28 61.6 70.4 1:30p 55.9 5:50a 4.6 1.2 0.00 2.0 12.0 12:55p N 29 60.2 69.1 1:35p 52.5 12:00m 5.5 0.7 0.00 1.9 12.0 2:00p N 30 60.3 70.3 1:50p 51.4 12:40a 5.5 0.8 0.00 1.8 12.0 2:05p N 31 64.5 76.5 1:50p 54.1 6:10a 3.7 3.1 0.00 2.3 16.0 1:50p N ------------------------------------------------------------------------------------- 62.8 92.1 3 43.6 15 174.2 104.3 0.00 2.0 24.0 12 N Max >= 90.0: 2 Max <= 32.0: 0 Min <= 32.0: 0 Min <= 0.0: 0 Max Rain: 0.00 ON 05/01/17 Days of Rain: 0 (>.01 in) 0 (>.1 in) 0 (>1 in) Heat Base: 65.0 Cool Base: 65.0 Method: Integration

These reports are produced by WeatherLink V6.0.3.

deformed-offering