deformed-offering

NOAA-style climate reports

2018: Jan | Feb | Mar | Apr | May | Jun | Jul | Aug | Sep | Oct | Nov | Dec 
2017: Jan | Feb | Mar | Apr | May | Jun | Jul | Aug | Sep | Oct | Nov | Dec 
2016: Jan | Feb | Mar | Apr | May | Jun | Jul | Aug | Sep | Oct | Nov | Dec 
2015: Jan | Feb | Mar | Apr | May | Jun | Jul | Aug | Sep | Oct | Nov | Dec 
2014: Jan | Feb | Mar | Apr | May | Jun | Jul | Aug | Sep | Oct | Nov | Dec 
2013: Jan | Feb | Mar | Apr | May | Jun | Jul | Aug | Sep | Oct | Nov | Dec 
2012: Jan | Feb | Mar | Apr | May | Jun | Jul | Aug | Sep | Oct | Nov | Dec 
2011: Jan | Feb | Mar | Apr | May | Jun | Jul | Aug | Sep | Oct | Nov | Dec 
2010: Jan | Feb | Mar | Apr | May | Jun | Jul | Aug | Sep | Oct | Nov | Dec 
2009: Jan | Feb | Mar | Apr | May | Jun | Jul | Aug | Sep | Oct | Nov | Dec 
2008: Jan | Feb | Mar | Apr | May | Jun | Jul | Aug | Sep | Oct | Nov | Dec 
2007: Jan | Feb | Mar | Apr | May | Jun | Jul | Aug | Sep | Oct | Nov | Dec 
2006: Jan | Feb | Mar | Apr | May | Jun | Jul | Aug | Sep | Oct | Nov | Dec 
2005: Jan | Feb | Mar | Apr | May | Jun | Jul | Aug | Sep | Oct | Nov | Dec 
2004: Jan | Feb | Mar | Apr | May | Jun | Jul | Aug | Sep | Oct | Nov | Dec 

Report for 2017
ANNUAL CLIMATOLOGICAL SUMMARY NAME: KCASARAT1 CITY: Saratoga STATE: CA ELEV: 375 ft LAT: 37 16' 28" N LONG: 122 01' 23" W TEMPERATURE (F), HEAT BASE 65.0, COOL BASE 65.0 DEP. HEAT COOL MEAN MEAN FROM DEG DEG MAX MAX MIN MIN YR MO MAX MIN MEAN NORM DAYS DAYS HI DATE LOW DATE >=90 <=32 <=32 <=0 ------------------------------------------------------------------------------------ 17 1 55.9 39.8 47.0 -2.5 559 0 63.5 30 29.2 6 0 0 1 0 17 2 60.6 44.8 52.2 1.1 358 1 70.6 15 33.1 24 0 0 0 0 17 3 68.3 45.0 55.4 -0.0 324 27 81.4 14 35.8 1 0 0 0 0 17 4 70.1 46.2 57.4 1.4 264 35 82.0 30 38.3 9 0 0 0 0 17 5 76.6 50.9 62.8 2.7 174 104 92.1 3 43.6 15 2 0 0 0 17 6 81.3 54.9 67.1 2.1 101 165 102.0 18 44.6 5 6 0 0 0 17 7 86.9 56.0 69.9 2.6 75 225 99.9 16 50.5 1 8 0 0 0 17 8 83.5 59.3 69.5 2.2 49 189 97.5 27 51.0 31 6 0 0 0 17 9 83.4 57.4 68.8 2.3 86 201 106.2 2 46.8 22 5 0 0 0 17 10 76.4 48.9 61.0 0.5 215 90 87.8 24 42.5 13 0 0 0 0 17 11 64.6 47.4 55.1 1.1 304 7 73.5 25 39.3 18 0 0 0 0 17 12 60.3 38.0 47.2 -3.1 551 0 68.4 14 31.6 22 0 0 1 0 ------------------------------------------------------------------------------------ 72.4 49.0 59.5 0.9 3061 1044 106.2 SEP 29.2 JAN 27 0 2 0 PRECIPITATION (in) DEP. MAX DAYS OF RAIN FROM OBS. OVER YR MO TOTAL NORM DAY DATE .01 .1 1 --------------------------------------------- 17 1 14.96 13.36 2.83 8 15 14 7 17 2 11.16 7.86 3.06 20 15 13 5 17 3 2.45 1.15 0.68 24 8 6 0 17 4 2.91 1.21 1.10 7 9 6 1 17 5 0.00 -0.50 0.00 1 0 0 0 17 6 0.12 0.12 0.11 9 1 1 0 17 7 0.00 0.00 0.00 1 0 0 0 17 8 0.00 0.00 0.00 1 0 0 0 17 9 0.01 0.01 0.01 11 0 0 0 17 10 0.13 0.13 0.11 20 2 1 0 17 11 2.05 -0.45 1.30 16 9 4 1 17 12 0.09 -9.31 0.05 20 2 0 0 --------------------------------------------- 33.88 13.58 3.06 FEB 61 45 14 WIND SPEED (mph) DOM YR MO AVG. HI DATE DIR --------------------------------- 17 1 1.8 33.0 7 SW 17 2 2.4 36.0 20 ESE 17 3 1.8 26.0 31 N 17 4 2.1 39.0 6 N 17 5 2.0 24.0 12 N 17 6 1.8 21.0 11 N 17 7 1.5 18.0 8 N 17 8 1.5 14.0 5 N 17 9 1.4 18.0 21 N 17 10 1.1 21.0 20 N 17 11 0.9 27.0 8 N 17 12 1.0 31.0 16 N --------------------------------- 1.6 39.0 APR N

These reports are produced by WeatherLink V6.0.3.

deformed-offering