deformed-offering

NOAA-style climate reports

2018: Jan | Feb | Mar | Apr | May | Jun | Jul | Aug | Sep | Oct | Nov | Dec 
2017: Jan | Feb | Mar | Apr | May | Jun | Jul | Aug | Sep | Oct | Nov | Dec 
2016: Jan | Feb | Mar | Apr | May | Jun | Jul | Aug | Sep | Oct | Nov | Dec 
2015: Jan | Feb | Mar | Apr | May | Jun | Jul | Aug | Sep | Oct | Nov | Dec 
2014: Jan | Feb | Mar | Apr | May | Jun | Jul | Aug | Sep | Oct | Nov | Dec 
2013: Jan | Feb | Mar | Apr | May | Jun | Jul | Aug | Sep | Oct | Nov | Dec 
2012: Jan | Feb | Mar | Apr | May | Jun | Jul | Aug | Sep | Oct | Nov | Dec 
2011: Jan | Feb | Mar | Apr | May | Jun | Jul | Aug | Sep | Oct | Nov | Dec 
2010: Jan | Feb | Mar | Apr | May | Jun | Jul | Aug | Sep | Oct | Nov | Dec 
2009: Jan | Feb | Mar | Apr | May | Jun | Jul | Aug | Sep | Oct | Nov | Dec 
2008: Jan | Feb | Mar | Apr | May | Jun | Jul | Aug | Sep | Oct | Nov | Dec 
2007: Jan | Feb | Mar | Apr | May | Jun | Jul | Aug | Sep | Oct | Nov | Dec 
2006: Jan | Feb | Mar | Apr | May | Jun | Jul | Aug | Sep | Oct | Nov | Dec 
2005: Jan | Feb | Mar | Apr | May | Jun | Jul | Aug | Sep | Oct | Nov | Dec 
2004: Jan | Feb | Mar | Apr | May | Jun | Jul | Aug | Sep | Oct | Nov | Dec 

Report for 2016 10
MONTHLY CLIMATOLOGICAL SUMMARY for OCT. 2016 NAME: KCASARAT1 CITY: Saratoga STATE: CA ELEV: 375 ft LAT: 37 16' 28" N LONG: 122 01' 23" W TEMPERATURE (F), RAIN (in), WIND SPEED (mph) HEAT COOL AVG MEAN DEG DEG WIND DOM DAY TEMP HIGH TIME LOW TIME DAYS DAYS RAIN SPEED HIGH TIME DIR ------------------------------------------------------------------------------------ 1 57.8 72.9 3:50p 45.7 6:35a 8.8 1.6 0.00 2.1 17.0 12:45p N 2 56.9 70.5 1:45p 45.7 6:55a 8.8 0.7 0.00 1.7 14.0 3:45p SSW 3 57.0 67.1 1:45p 46.9 7:20a 8.1 0.1 0.00 1.4 13.0 3:45p SW 4 60.7 70.8 2:45p 50.7 12:00m 5.2 0.9 0.00 2.1 16.0 3:30p NW 5 57.8 72.7 3:30p 45.6 6:50a 8.7 1.5 0.00 1.8 16.0 4:20p SSW 6 60.7 77.6 4:25p 46.3 7:15a 7.6 3.3 0.00 1.6 12.0 11:40a SW 7 63.2 82.2 4:15p 48.5 6:50a 6.2 4.5 0.00 1.3 11.0 12:25p WSW 8 66.4 87.2 4:15p 50.1 7:20a 5.0 6.3 0.00 1.3 11.0 2:55p N 9 66.0 85.1 2:40p 51.5 7:00a 4.8 5.9 0.00 1.2 10.0 2:45p WSW 10 60.4 73.9 2:15p 50.1 7:15a 6.4 1.8 0.00 1.4 12.0 2:00p N 11 60.1 69.1 2:45p 54.6 11:45p 5.4 0.6 0.00 1.2 11.0 2:25p ESE 12 59.0 71.8 2:05p 51.2 12:00m 6.7 0.7 0.00 1.2 14.0 3:55p NE 13 58.7 72.9 3:20p 47.2 4:50a 7.7 1.4 0.00 0.8 8.0 2:35p WSW 14 63.3 73.0 2:55p 56.2 12:15a 2.8 1.1 0.02 3.1 19.0 9:15a E 15 63.7 73.7 1:45p 55.5 7:25a 2.6 1.3 0.30 2.3 24.0 4:05p SSW 16 62.4 66.6 4:10p 58.6 10:55p 2.7 0.1 1.13 2.3 29.0 12:35p E 17 57.9 68.3 2:40p 49.4 11:40p 7.4 0.3 0.01 1.4 17.0 2:45p SSW 18 57.9 69.3 3:20p 47.8 3:25a 7.7 0.6 0.00 2.1 16.0 1:10p SW 19 59.5 74.8 3:20p 47.5 6:10a 7.5 2.1 0.00 1.9 13.0 12:00p SW 20 61.4 79.4 4:15p 48.1 7:20a 7.0 3.3 0.00 1.4 10.0 12:40p SW 21 61.9 78.3 2:55p 50.4 7:25a 6.2 3.1 0.00 1.1 8.0 1:45p SW 22 59.0 73.0 2:55p 49.0 7:25a 7.5 1.5 0.00 0.9 11.0 3:35p NNE 23 58.3 73.5 1:45p 46.6 7:15a 7.8 1.1 0.00 1.7 17.0 5:40p WNW 24 61.8 69.6 2:15p 58.6 7:20a 3.5 0.2 0.00 3.6 19.0 5:25a ESE 25 63.3 70.1 3:25p 59.5 11:00p 2.5 0.8 0.00 2.9 20.0 9:55a ESE 26 62.1 76.2 2:35p 50.7 7:25a 5.4 2.5 0.00 1.6 16.0 1:40p SSW 27 61.1 67.8 2:00p 55.0 12:30a 4.1 0.2 0.25 1.3 14.0 10:15a ESE 28 63.0 69.1 1:30p 59.8 12:10a 2.6 0.5 0.59 0.9 12.0 5:25p ESE 29 63.2 70.0 2:00p 57.4 11:10p 2.8 1.0 0.00 2.0 17.0 11:10a S 30 59.0 64.9 2:30p 54.3 12:00m 6.0 0.0 0.54 2.5 22.0 8:45a S 31 56.3 66.6 1:55p 46.7 7:30a 8.7 0.0 0.00 1.3 14.0 6:20p S ------------------------------------------------------------------------------------- 60.6 87.2 8 45.6 5 184.2 49.0 2.84 1.7 29.0 16 N Max >= 90.0: 0 Max <= 32.0: 0 Min <= 32.0: 0 Min <= 0.0: 0 Max Rain: 1.13 ON 10/16/16 Days of Rain: 6 (>.01 in) 5 (>.1 in) 1 (>1 in) Heat Base: 65.0 Cool Base: 65.0 Method: Integration

These reports are produced by WeatherLink V6.0.3.

deformed-offering