deformed-offering

NOAA-style climate reports

2018: Jan | Feb | Mar | Apr | May | Jun | Jul | Aug | Sep | Oct | Nov | Dec 
2017: Jan | Feb | Mar | Apr | May | Jun | Jul | Aug | Sep | Oct | Nov | Dec 
2016: Jan | Feb | Mar | Apr | May | Jun | Jul | Aug | Sep | Oct | Nov | Dec 
2015: Jan | Feb | Mar | Apr | May | Jun | Jul | Aug | Sep | Oct | Nov | Dec 
2014: Jan | Feb | Mar | Apr | May | Jun | Jul | Aug | Sep | Oct | Nov | Dec 
2013: Jan | Feb | Mar | Apr | May | Jun | Jul | Aug | Sep | Oct | Nov | Dec 
2012: Jan | Feb | Mar | Apr | May | Jun | Jul | Aug | Sep | Oct | Nov | Dec 
2011: Jan | Feb | Mar | Apr | May | Jun | Jul | Aug | Sep | Oct | Nov | Dec 
2010: Jan | Feb | Mar | Apr | May | Jun | Jul | Aug | Sep | Oct | Nov | Dec 
2009: Jan | Feb | Mar | Apr | May | Jun | Jul | Aug | Sep | Oct | Nov | Dec 
2008: Jan | Feb | Mar | Apr | May | Jun | Jul | Aug | Sep | Oct | Nov | Dec 
2007: Jan | Feb | Mar | Apr | May | Jun | Jul | Aug | Sep | Oct | Nov | Dec 
2006: Jan | Feb | Mar | Apr | May | Jun | Jul | Aug | Sep | Oct | Nov | Dec 
2005: Jan | Feb | Mar | Apr | May | Jun | Jul | Aug | Sep | Oct | Nov | Dec 
2004: Jan | Feb | Mar | Apr | May | Jun | Jul | Aug | Sep | Oct | Nov | Dec 

Report for 2016 07
MONTHLY CLIMATOLOGICAL SUMMARY for JUL. 2016 NAME: KCASARAT1 CITY: Saratoga STATE: CA ELEV: 375 ft LAT: 37 16' 28" N LONG: 122 01' 23" W TEMPERATURE (F), RAIN (in), WIND SPEED (mph) HEAT COOL AVG MEAN DEG DEG WIND DOM DAY TEMP HIGH TIME LOW TIME DAYS DAYS RAIN SPEED HIGH TIME DIR ------------------------------------------------------------------------------------ 1 69.8 86.1 3:30p 55.4 6:20a 2.3 7.1 0.00 0.8 11.0 5:30p N 2 69.2 87.6 12:30p 54.8 6:00a 2.8 7.0 0.00 1.1 16.0 12:35p N 3 68.8 86.3 1:00p 54.5 6:10a 3.0 6.8 0.00 1.1 12.0 4:05p N 4 67.6 84.7 1:00p 55.7 3:05a 3.4 5.9 0.00 1.1 13.0 2:45p N 5 66.4 79.8 3:45p 56.5 5:35a 3.1 4.4 0.00 1.3 12.0 1:20p NNW 6 64.3 77.6 12:15p 51.3 6:10a 4.2 3.6 0.00 1.1 14.0 3:05p N 7 63.9 76.3 2:05p 54.2 4:00a 3.9 2.8 0.00 1.1 13.0 12:55p N 8 66.6 79.6 1:50p 54.1 5:50a 3.2 4.8 0.00 1.1 12.0 2:45p N 9 68.7 81.8 4:40p 56.7 12:00m 2.1 5.8 0.00 1.5 16.0 3:35p NW 10 66.7 81.8 5:05p 51.0 6:05a 3.9 5.6 0.00 1.5 18.0 1:05p N 11 69.5 87.8 2:45p 53.6 5:55a 3.3 7.7 0.00 1.1 13.0 2:20p N 12 66.8 81.4 12:20p 50.8 6:15a 3.9 5.7 0.00 1.0 13.0 1:40p NNE 13 72.5 94.0 4:05p 51.9 5:50a 3.4 10.9 0.00 0.8 12.0 4:10p N 14 73.7 91.6 3:10p 56.2 6:15a 1.6 10.2 0.00 0.8 11.0 1:20p N 15 68.8 85.9 2:25p 53.6 4:50a 3.1 7.0 0.00 1.0 11.0 1:20p N 16 69.3 89.0 2:05p 56.3 6:05a 2.7 7.0 0.00 1.0 13.0 2:30p N 17 65.2 84.0 1:15p 52.2 5:15a 4.3 4.5 0.00 1.2 13.0 3:35p N 18 64.1 74.6 3:10p 52.6 6:25a 3.9 3.0 0.00 1.4 13.0 2:15p N 19 64.7 76.3 4:25p 53.6 3:35a 3.9 3.5 0.00 1.1 13.0 1:05p N 20 66.5 83.0 2:25p 50.5 6:20a 4.1 5.6 0.00 1.0 12.0 4:35p NNE 21 65.3 79.4 3:25p 54.4 2:55a 3.7 4.0 0.00 1.0 12.0 1:05p N 22 69.2 88.0 2:35p 50.1 6:00a 4.0 8.2 0.00 0.9 12.0 3:55p N 23 72.7 94.7 3:30p 53.6 6:20a 2.8 10.5 0.00 0.8 12.0 3:50p NNW 24 71.8 92.1 2:25p 53.9 6:00a 2.7 9.6 0.00 0.9 10.0 2:25p N 25 72.3 90.1 2:05p 55.4 4:20a 2.5 9.8 0.00 0.8 11.0 3:15p N 26 76.9 98.2 3:20p 56.2 6:00a 1.9 13.8 0.00 0.5 9.0 3:20p N 27 77.5 97.1 3:40p 60.4 6:35a 0.6 13.1 0.00 0.5 10.0 2:10p N 28 74.5 94.3 4:05p 60.1 6:50a 0.9 10.4 0.00 0.6 8.0 3:10p N 29 74.8 97.2 2:15p 59.3 5:25a 1.2 10.9 0.00 0.2 4.0 11:50a N 30 72.7 94.7 2:35p 58.9 5:15a 1.4 9.1 0.00 0.2 4.0 1:05p N 31 70.6 89.7 2:45p 60.3 2:25a 1.6 7.1 0.00 0.2 5.0 3:40p NNW ------------------------------------------------------------------------------------- 69.4 98.2 26 50.1 22 89.4 225.4 0.00 0.9 18.0 10 N Max >= 90.0: 10 Max <= 32.0: 0 Min <= 32.0: 0 Min <= 0.0: 0 Max Rain: 0.00 ON 07/01/16 Days of Rain: 0 (>.01 in) 0 (>.1 in) 0 (>1 in) Heat Base: 65.0 Cool Base: 65.0 Method: Integration

These reports are produced by WeatherLink V6.0.3.

deformed-offering