deformed-offering

NOAA-style climate reports

2018: Jan | Feb | Mar | Apr | May | Jun | Jul | Aug | Sep | Oct | Nov | Dec 
2017: Jan | Feb | Mar | Apr | May | Jun | Jul | Aug | Sep | Oct | Nov | Dec 
2016: Jan | Feb | Mar | Apr | May | Jun | Jul | Aug | Sep | Oct | Nov | Dec 
2015: Jan | Feb | Mar | Apr | May | Jun | Jul | Aug | Sep | Oct | Nov | Dec 
2014: Jan | Feb | Mar | Apr | May | Jun | Jul | Aug | Sep | Oct | Nov | Dec 
2013: Jan | Feb | Mar | Apr | May | Jun | Jul | Aug | Sep | Oct | Nov | Dec 
2012: Jan | Feb | Mar | Apr | May | Jun | Jul | Aug | Sep | Oct | Nov | Dec 
2011: Jan | Feb | Mar | Apr | May | Jun | Jul | Aug | Sep | Oct | Nov | Dec 
2010: Jan | Feb | Mar | Apr | May | Jun | Jul | Aug | Sep | Oct | Nov | Dec 
2009: Jan | Feb | Mar | Apr | May | Jun | Jul | Aug | Sep | Oct | Nov | Dec 
2008: Jan | Feb | Mar | Apr | May | Jun | Jul | Aug | Sep | Oct | Nov | Dec 
2007: Jan | Feb | Mar | Apr | May | Jun | Jul | Aug | Sep | Oct | Nov | Dec 
2006: Jan | Feb | Mar | Apr | May | Jun | Jul | Aug | Sep | Oct | Nov | Dec 
2005: Jan | Feb | Mar | Apr | May | Jun | Jul | Aug | Sep | Oct | Nov | Dec 
2004: Jan | Feb | Mar | Apr | May | Jun | Jul | Aug | Sep | Oct | Nov | Dec 

Report for 2016 06
MONTHLY CLIMATOLOGICAL SUMMARY for JUN. 2016 NAME: KCASARAT1 CITY: Saratoga STATE: CA ELEV: 375 ft LAT: 37 16' 28" N LONG: 122 01' 23" W TEMPERATURE (F), RAIN (in), WIND SPEED (mph) HEAT COOL AVG MEAN DEG DEG WIND DOM DAY TEMP HIGH TIME LOW TIME DAYS DAYS RAIN SPEED HIGH TIME DIR ------------------------------------------------------------------------------------ 1 70.6 87.8 1:05p 54.5 6:20a 2.4 8.0 0.00 1.0 12.0 3:40p N 2 71.9 90.3 5:40p 54.2 3:05a 2.8 9.7 0.00 0.7 12.0 11:55a N 3 77.7 100.7 4:35p 54.1 6:00a 2.4 15.1 0.00 0.8 13.0 5:20p N 4 75.5 96.8 4:25p 63.1 12:00m 0.3 10.7 0.00 0.4 10.0 5:10p N 5 70.3 92.5 5:20p 57.2 3:05a 2.2 7.5 0.00 1.0 13.0 6:35p N 6 67.5 81.6 12:35p 58.1 1:40a 2.4 4.9 0.00 1.1 12.0 1:45p N 7 67.3 84.0 1:55p 59.0 6:35a 2.3 4.6 0.00 1.3 13.0 3:15p N 8 65.5 77.6 2:35p 58.3 11:55p 2.6 3.1 0.00 1.3 13.0 11:20a N 9 63.8 73.7 2:40p 55.4 5:00a 3.7 2.5 0.00 1.3 14.0 3:25p N 10 63.7 76.5 4:35p 49.8 6:00a 4.8 3.5 0.00 1.3 13.0 4:20p N 11 68.9 90.7 5:15p 48.6 5:50a 4.7 8.7 0.00 1.0 16.0 4:35p NW 12 70.2 89.0 3:00p 55.0 4:40a 2.6 7.8 0.00 1.0 14.0 4:05p ESE 13 65.7 79.2 1:05p 54.4 4:40a 3.5 4.2 0.00 1.1 14.0 1:55p N 14 62.1 76.5 1:10p 52.0 6:20a 5.4 2.5 0.00 1.0 16.0 4:50p W 15 60.7 72.8 3:55p 49.2 5:05a 6.1 1.8 0.00 1.0 16.0 1:45p NW 16 64.1 80.7 12:20p 48.6 6:20a 5.1 4.2 0.00 1.0 14.0 3:20p NW 17 65.9 79.0 3:10p 53.1 6:00a 3.4 4.3 0.00 0.9 13.0 10:10a ESE 18 67.7 80.9 4:05p 52.9 6:15a 2.7 5.4 0.00 1.2 13.0 2:35p NNW 19 72.4 89.3 3:05p 54.1 5:55a 2.4 9.8 0.00 1.4 16.0 3:40p N 20 70.8 88.0 2:20p 52.5 6:10a 2.7 8.5 0.00 0.8 12.0 1:50p N 21 73.4 94.3 1:30p 53.8 6:15a 2.6 11.0 0.00 0.8 12.0 3:00p N 22 67.3 81.1 2:25p 52.6 6:10a 3.2 5.5 0.00 1.2 11.0 11:35a NNW 23 68.1 85.9 1:35p 50.4 6:15a 4.0 7.1 0.00 0.9 14.0 1:45p N 24 69.3 86.3 3:40p 52.6 6:10a 2.9 7.1 0.00 1.1 14.0 3:50p N 25 73.9 96.6 1:45p 55.3 5:15a 2.3 11.3 0.00 0.8 16.0 3:25p NNW 26 73.3 93.4 3:00p 54.1 6:20a 2.5 10.7 0.00 0.7 11.0 2:10p N 27 74.9 95.1 2:00p 56.5 6:05a 1.7 11.6 0.00 0.7 11.0 12:20p N 28 72.6 90.7 2:25p 57.6 6:10a 1.4 9.0 0.00 0.7 11.0 3:20p NNW 29 64.8 77.9 3:05p 53.9 6:15a 3.9 3.8 0.00 1.1 11.0 2:05p N 30 69.5 91.0 3:10p 52.2 5:45a 3.9 8.4 0.00 0.7 12.0 4:20p N ------------------------------------------------------------------------------------- 69.0 100.7 3 48.6 11 92.9 212.3 0.00 1.0 16.0 11 N Max >= 90.0: 11 Max <= 32.0: 0 Min <= 32.0: 0 Min <= 0.0: 0 Max Rain: 0.00 ON 06/01/16 Days of Rain: 0 (>.01 in) 0 (>.1 in) 0 (>1 in) Heat Base: 65.0 Cool Base: 65.0 Method: Integration

These reports are produced by WeatherLink V6.0.3.

deformed-offering