deformed-offering

NOAA-style climate reports

2018: Jan | Feb | Mar | Apr | May | Jun | Jul | Aug | Sep | Oct | Nov | Dec 
2017: Jan | Feb | Mar | Apr | May | Jun | Jul | Aug | Sep | Oct | Nov | Dec 
2016: Jan | Feb | Mar | Apr | May | Jun | Jul | Aug | Sep | Oct | Nov | Dec 
2015: Jan | Feb | Mar | Apr | May | Jun | Jul | Aug | Sep | Oct | Nov | Dec 
2014: Jan | Feb | Mar | Apr | May | Jun | Jul | Aug | Sep | Oct | Nov | Dec 
2013: Jan | Feb | Mar | Apr | May | Jun | Jul | Aug | Sep | Oct | Nov | Dec 
2012: Jan | Feb | Mar | Apr | May | Jun | Jul | Aug | Sep | Oct | Nov | Dec 
2011: Jan | Feb | Mar | Apr | May | Jun | Jul | Aug | Sep | Oct | Nov | Dec 
2010: Jan | Feb | Mar | Apr | May | Jun | Jul | Aug | Sep | Oct | Nov | Dec 
2009: Jan | Feb | Mar | Apr | May | Jun | Jul | Aug | Sep | Oct | Nov | Dec 
2008: Jan | Feb | Mar | Apr | May | Jun | Jul | Aug | Sep | Oct | Nov | Dec 
2007: Jan | Feb | Mar | Apr | May | Jun | Jul | Aug | Sep | Oct | Nov | Dec 
2006: Jan | Feb | Mar | Apr | May | Jun | Jul | Aug | Sep | Oct | Nov | Dec 
2005: Jan | Feb | Mar | Apr | May | Jun | Jul | Aug | Sep | Oct | Nov | Dec 
2004: Jan | Feb | Mar | Apr | May | Jun | Jul | Aug | Sep | Oct | Nov | Dec 

Report for 2016 05
MONTHLY CLIMATOLOGICAL SUMMARY for MAY. 2016 NAME: KCASARAT1 CITY: Saratoga STATE: CA ELEV: 375 ft LAT: 37 16' 28" N LONG: 122 01' 23" W TEMPERATURE (F), RAIN (in), WIND SPEED (mph) HEAT COOL AVG MEAN DEG DEG WIND DOM DAY TEMP HIGH TIME LOW TIME DAYS DAYS RAIN SPEED HIGH TIME DIR ------------------------------------------------------------------------------------ 1 69.1 88.4 1:10p 51.6 6:30a 3.5 7.6 0.00 0.5 13.0 5:50p SSW 2 62.6 78.6 1:05p 47.6 6:20a 6.0 3.6 0.00 0.7 12.0 3:05p N 3 64.1 78.6 4:15p 53.6 2:10a 4.2 3.3 0.00 0.4 11.0 1:45p N 4 63.0 75.6 3:45p 55.7 4:30a 4.4 2.4 0.00 0.5 11.0 3:45p N 5 60.8 70.9 3:00p 54.5 4:45a 4.8 0.6 0.00 0.6 13.0 2:50p S 6 56.3 62.9 11:00a 50.7 11:40p 8.7 0.0 0.15 0.2 11.0 2:30p NW 7 56.7 63.9 3:40p 50.2 4:10a 8.3 0.0 0.06 0.5 11.0 2:40p ESE 8 61.5 74.6 3:15p 53.3 3:25a 5.1 1.5 0.00 0.5 11.0 5:10p N 9 62.3 76.5 2:25p 55.1 4:35a 5.0 2.4 0.00 0.8 12.0 3:45p N 10 63.7 81.1 2:55p 54.8 7:05a 4.9 3.6 0.00 0.6 11.0 3:20p N 11 62.7 78.5 2:35p 51.3 4:45a 5.7 3.4 0.00 0.5 11.0 2:55p N 12 63.1 76.0 12:35p 54.2 1:20a 4.9 3.0 0.00 0.6 11.0 3:40p N 13 60.5 73.5 2:45p 52.0 12:00m 5.7 1.2 0.00 0.5 13.0 3:55p N 14 62.3 79.2 3:00p 48.3 2:45a 6.0 3.3 0.00 0.6 16.0 5:30p N 15 63.6 77.4 4:30p 54.5 6:50a 4.3 2.9 0.00 1.0 14.0 4:40p NW 16 64.9 81.2 4:05p 49.5 6:15a 5.0 4.9 0.00 1.1 13.0 3:05p N 17 71.0 90.7 4:25p 52.0 5:55a 3.7 9.7 0.00 1.3 14.0 11:55a NW 18 73.1 91.6 2:05p 56.2 6:15a 1.8 9.9 0.00 0.9 13.0 2:25p N 19 62.2 78.3 12:55p 52.8 12:00m 5.4 2.6 0.00 1.2 17.0 4:30p W 20 57.2 67.8 2:10p 51.1 5:55a 7.8 0.0 0.00 1.8 17.0 10:55a NW 21 57.1 65.6 6:05p 48.9 12:00m 7.9 0.0 0.02 0.6 13.0 1:20p WNW 22 56.2 70.9 1:30p 45.1 5:45a 9.2 0.4 0.00 0.8 16.0 3:20p NW 23 59.2 74.0 4:50p 46.5 3:30a 7.6 1.8 0.00 1.1 16.0 4:10p NW 24 59.9 73.7 4:45p 49.8 2:55a 6.3 1.1 0.00 0.6 16.0 3:45p NW 25 62.3 77.6 4:30p 54.2 2:45a 5.4 2.7 0.00 1.0 16.0 2:35p N 26 62.7 80.3 2:25p 48.2 6:05a 6.0 3.7 0.00 1.1 12.0 3:25p N 27 65.6 83.0 3:30p 47.0 5:45a 5.4 6.1 0.00 0.9 13.0 1:30p N 28 71.8 89.7 3:00p 55.0 4:05a 2.5 9.3 0.00 1.0 16.0 3:50p N 29 67.3 86.1 1:50p 51.7 6:10a 3.6 5.9 0.00 1.0 13.0 4:35p NW 30 68.9 88.4 4:15p 50.8 6:05a 3.9 7.9 0.00 0.7 12.0 2:25p N 31 73.9 95.1 2:55p 53.1 6:15a 2.7 11.6 0.00 0.6 11.0 3:55p N ------------------------------------------------------------------------------------- 63.4 95.1 31 45.1 22 165.7 116.4 0.23 0.8 17.0 19 N Max >= 90.0: 3 Max <= 32.0: 0 Min <= 32.0: 0 Min <= 0.0: 0 Max Rain: 0.15 ON 05/06/16 Days of Rain: 3 (>.01 in) 1 (>.1 in) 0 (>1 in) Heat Base: 65.0 Cool Base: 65.0 Method: Integration

These reports are produced by WeatherLink V6.0.3.

deformed-offering