deformed-offering

NOAA-style climate reports

2018: Jan | Feb | Mar | Apr | May | Jun | Jul | Aug | Sep | Oct | Nov | Dec 
2017: Jan | Feb | Mar | Apr | May | Jun | Jul | Aug | Sep | Oct | Nov | Dec 
2016: Jan | Feb | Mar | Apr | May | Jun | Jul | Aug | Sep | Oct | Nov | Dec 
2015: Jan | Feb | Mar | Apr | May | Jun | Jul | Aug | Sep | Oct | Nov | Dec 
2014: Jan | Feb | Mar | Apr | May | Jun | Jul | Aug | Sep | Oct | Nov | Dec 
2013: Jan | Feb | Mar | Apr | May | Jun | Jul | Aug | Sep | Oct | Nov | Dec 
2012: Jan | Feb | Mar | Apr | May | Jun | Jul | Aug | Sep | Oct | Nov | Dec 
2011: Jan | Feb | Mar | Apr | May | Jun | Jul | Aug | Sep | Oct | Nov | Dec 
2010: Jan | Feb | Mar | Apr | May | Jun | Jul | Aug | Sep | Oct | Nov | Dec 
2009: Jan | Feb | Mar | Apr | May | Jun | Jul | Aug | Sep | Oct | Nov | Dec 
2008: Jan | Feb | Mar | Apr | May | Jun | Jul | Aug | Sep | Oct | Nov | Dec 
2007: Jan | Feb | Mar | Apr | May | Jun | Jul | Aug | Sep | Oct | Nov | Dec 
2006: Jan | Feb | Mar | Apr | May | Jun | Jul | Aug | Sep | Oct | Nov | Dec 
2005: Jan | Feb | Mar | Apr | May | Jun | Jul | Aug | Sep | Oct | Nov | Dec 
2004: Jan | Feb | Mar | Apr | May | Jun | Jul | Aug | Sep | Oct | Nov | Dec 

Report for 2016 04
MONTHLY CLIMATOLOGICAL SUMMARY for APR. 2016 NAME: KCASARAT1 CITY: Saratoga STATE: CA ELEV: 375 ft LAT: 37 16' 28" N LONG: 122 01' 23" W TEMPERATURE (F), RAIN (in), WIND SPEED (mph) HEAT COOL AVG MEAN DEG DEG WIND DOM DAY TEMP HIGH TIME LOW TIME DAYS DAYS RAIN SPEED HIGH TIME DIR ------------------------------------------------------------------------------------ 1 56.0 72.7 1:40p 42.6 6:25a 10.1 1.1 0.00 0.6 11.0 4:05p N 2 61.2 77.4 4:00p 51.7 7:20a 6.6 2.9 0.00 0.4 10.0 3:30p N 3 58.7 72.7 2:25p 50.1 12:00m 7.6 1.2 0.00 0.4 10.0 3:55p N 4 60.1 75.3 1:45p 47.4 2:35a 7.6 2.7 0.00 0.6 11.0 2:45p N 5 64.6 85.1 2:30p 45.7 6:45a 6.8 6.4 0.00 0.6 11.0 9:35a NNW 6 71.6 92.3 3:15p 51.9 7:20a 3.9 10.5 0.00 0.2 7.0 11:30a N 7 66.9 80.1 11:55a 57.0 7:20a 2.3 4.2 0.00 0.5 14.0 4:50p S 8 60.2 66.8 2:00p 57.0 6:35a 4.8 0.0 0.41 0.0 6.0 3:35p NNE 9 58.7 62.4 4:40p 56.3 7:05a 6.3 0.0 0.18 0.2 8.0 6:10p NNW 10 55.2 57.8 4:00p 53.3 10:45p 9.8 0.0 0.27 0.0 8.0 7:40p NNW 11 59.7 73.3 3:40p 50.2 3:40a 6.6 1.3 0.00 0.4 12.0 12:30p ESE 12 55.2 60.7 2:00p 47.4 11:50p 9.8 0.0 0.00 0.2 10.0 4:40p W 13 56.7 73.3 1:20p 45.2 5:00a 9.4 1.1 0.00 0.7 14.0 2:45p N 14 56.7 68.3 2:50p 47.3 7:15a 8.5 0.2 0.03 1.5 18.0 6:45p N 15 58.5 73.5 4:10p 44.9 7:05a 8.1 1.6 0.00 1.2 17.0 5:40p NNW 16 65.6 83.2 5:10p 47.0 4:30a 5.8 6.4 0.00 0.7 12.0 12:05p N 17 69.8 94.0 3:10p 49.5 6:55a 4.6 9.3 0.00 0.3 17.0 3:15p S 18 70.5 96.6 2:40p 50.5 6:25a 4.2 9.7 0.00 0.3 12.0 2:30p N 19 68.4 88.0 1:15p 51.4 7:00a 4.5 7.9 0.00 0.3 10.0 2:05p N 20 65.7 84.5 2:15p 45.7 6:50a 5.7 6.4 0.00 0.6 13.0 1:55p S 21 63.2 77.0 2:30p 52.6 6:40a 4.4 2.6 0.00 0.9 16.0 4:40p SSW 22 58.7 65.6 5:05p 52.0 11:55p 6.4 0.0 0.41 0.9 17.0 11:55a ESE 23 57.5 70.3 1:15p 46.4 6:40a 8.3 0.8 0.01 0.7 12.0 4:20p N 24 57.4 71.5 3:35p 49.2 12:00m 8.5 0.8 0.00 0.8 13.0 2:40p N 25 54.9 69.9 4:50p 42.3 6:25a 10.6 0.5 0.00 1.3 24.0 12:50p N 26 56.8 75.1 1:00p 41.9 6:20a 10.1 1.9 0.00 0.5 14.0 2:15p W 27 55.5 67.9 3:30p 45.2 4:35a 9.6 0.2 0.00 0.6 19.0 1:20p W 28 60.2 79.4 3:35p 44.5 6:20a 8.0 3.2 0.00 0.7 13.0 12:30p N 29 58.9 76.8 2:05p 45.8 5:35a 8.5 2.5 0.00 0.6 16.0 6:20p N 30 65.0 80.1 4:35p 47.0 4:00a 5.1 5.1 0.00 1.6 16.0 11:50a N ------------------------------------------------------------------------------------- 60.9 96.6 18 41.9 26 212.5 90.5 1.31 0.6 24.0 25 N Max >= 90.0: 3 Max <= 32.0: 0 Min <= 32.0: 0 Min <= 0.0: 0 Max Rain: 0.41 ON 04/08/16 Days of Rain: 5 (>.01 in) 4 (>.1 in) 0 (>1 in) Heat Base: 65.0 Cool Base: 65.0 Method: Integration

These reports are produced by WeatherLink V6.0.3.

deformed-offering