deformed-offering

NOAA-style climate reports

2018: Jan | Feb | Mar | Apr | May | Jun | Jul | Aug | Sep | Oct | Nov | Dec 
2017: Jan | Feb | Mar | Apr | May | Jun | Jul | Aug | Sep | Oct | Nov | Dec 
2016: Jan | Feb | Mar | Apr | May | Jun | Jul | Aug | Sep | Oct | Nov | Dec 
2015: Jan | Feb | Mar | Apr | May | Jun | Jul | Aug | Sep | Oct | Nov | Dec 
2014: Jan | Feb | Mar | Apr | May | Jun | Jul | Aug | Sep | Oct | Nov | Dec 
2013: Jan | Feb | Mar | Apr | May | Jun | Jul | Aug | Sep | Oct | Nov | Dec 
2012: Jan | Feb | Mar | Apr | May | Jun | Jul | Aug | Sep | Oct | Nov | Dec 
2011: Jan | Feb | Mar | Apr | May | Jun | Jul | Aug | Sep | Oct | Nov | Dec 
2010: Jan | Feb | Mar | Apr | May | Jun | Jul | Aug | Sep | Oct | Nov | Dec 
2009: Jan | Feb | Mar | Apr | May | Jun | Jul | Aug | Sep | Oct | Nov | Dec 
2008: Jan | Feb | Mar | Apr | May | Jun | Jul | Aug | Sep | Oct | Nov | Dec 
2007: Jan | Feb | Mar | Apr | May | Jun | Jul | Aug | Sep | Oct | Nov | Dec 
2006: Jan | Feb | Mar | Apr | May | Jun | Jul | Aug | Sep | Oct | Nov | Dec 
2005: Jan | Feb | Mar | Apr | May | Jun | Jul | Aug | Sep | Oct | Nov | Dec 
2004: Jan | Feb | Mar | Apr | May | Jun | Jul | Aug | Sep | Oct | Nov | Dec 

Report for 2016 02
MONTHLY CLIMATOLOGICAL SUMMARY for FEB. 2016 NAME: KCASARAT1 CITY: Saratoga STATE: CA ELEV: 375 ft LAT: 37 16' 28" N LONG: 122 01' 23" W TEMPERATURE (F), RAIN (in), WIND SPEED (mph) HEAT COOL AVG MEAN DEG DEG WIND DOM DAY TEMP HIGH TIME LOW TIME DAYS DAYS RAIN SPEED HIGH TIME DIR ------------------------------------------------------------------------------------ 1 48.0 56.7 3:15p 39.3 12:00m 16.9 0.0 0.00 2.6 19.0 10:05a NW 2 46.8 56.9 2:00p 39.2 1:50a 18.2 0.0 0.05 0.9 12.0 10:30a ESE 3 47.1 60.9 1:50p 35.5 5:45a 17.9 0.0 0.00 0.3 8.0 2:50p N 4 49.5 61.0 3:20p 42.2 5:10a 15.5 0.0 0.00 0.9 10.0 8:25a NW 5 50.5 66.8 3:10p 38.2 7:25a 14.6 0.1 0.01 0.2 7.0 1:00p N 6 52.0 68.1 3:15p 38.8 6:55a 13.2 0.3 0.00 0.6 10.0 12:45p N 7 59.2 73.5 2:55p 45.4 4:05a 7.7 1.9 0.00 1.6 17.0 10:00a NW 8 59.0 79.6 3:25p 43.9 7:25a 9.0 3.1 0.00 0.2 10.0 2:35p NW 9 59.5 78.8 1:45p 45.2 7:25a 8.2 2.8 0.00 0.2 8.0 4:10p NW 10 58.2 75.8 2:45p 43.5 7:25a 8.9 2.1 0.00 0.3 8.0 12:30p NNW 11 58.9 74.6 4:40p 46.5 5:05a 8.3 2.3 0.00 0.2 8.0 11:15a NNE 12 57.6 71.5 2:40p 46.7 6:50a 8.5 1.1 0.00 0.5 11.0 12:15p NNW 13 56.8 72.7 2:55p 48.0 12:00m 9.4 1.2 0.01 0.4 8.0 1:10p NNW 14 58.4 74.9 3:45p 44.1 5:35a 8.6 2.0 0.00 1.2 16.0 4:50p NNW 15 65.0 79.4 3:30p 52.9 3:05a 3.9 4.0 0.00 0.9 14.0 11:50a W 16 64.0 83.8 3:30p 49.5 7:20a 5.7 4.7 0.00 0.2 7.0 11:10a N 17 60.3 66.3 1:05p 48.8 9:25p 4.8 0.0 0.80 4.4 39.0 4:40p S 18 52.9 63.9 2:10p 46.1 11:55p 12.1 0.0 0.14 0.9 18.0 5:05a S 19 52.6 64.8 1:30p 42.8 4:40a 12.4 0.0 0.02 1.7 20.0 1:40p S 20 52.2 64.0 3:10p 43.3 7:00a 12.7 0.0 0.00 0.4 8.0 10:05a N 21 52.4 68.3 4:15p 41.6 7:05a 12.8 0.2 0.01 0.6 11.0 5:00p N 22 55.5 71.8 3:15p 42.2 6:20a 10.5 1.0 0.00 0.8 12.0 12:05p NNW 23 58.1 76.1 3:25p 44.2 7:20a 9.2 2.3 0.00 0.3 8.0 10:50a N 24 58.2 76.8 2:45p 42.5 6:45a 9.4 2.6 0.00 0.2 8.0 5:10p N 25 60.0 78.5 3:50p 44.6 6:50a 8.0 3.0 0.00 0.2 6.0 10:45a N 26 59.9 73.3 1:50p 48.3 4:20a 6.8 1.6 0.00 0.4 10.0 2:45p N 27 60.0 72.1 1:25p 48.9 12:00m 6.3 1.3 0.00 0.5 10.0 3:55p NNW 28 55.9 69.8 2:20p 44.2 6:40a 9.7 0.6 0.00 0.4 11.0 3:15p N 29 58.9 79.2 4:10p 45.7 5:15a 8.7 2.6 0.01 0.3 8.0 1:05p NNW ------------------------------------------------------------------------------------- 56.1 83.8 16 35.5 3 297.9 40.8 1.05 0.8 39.0 17 N Max >= 90.0: 0 Max <= 32.0: 0 Min <= 32.0: 0 Min <= 0.0: 0 Max Rain: 0.80 ON 02/17/16 Days of Rain: 4 (>.01 in) 2 (>.1 in) 0 (>1 in) Heat Base: 65.0 Cool Base: 65.0 Method: Integration

These reports are produced by WeatherLink V6.0.3.

deformed-offering