deformed-offering

NOAA-style climate reports

2018: Jan | Feb | Mar | Apr | May | Jun | Jul | Aug | Sep | Oct | Nov | Dec 
2017: Jan | Feb | Mar | Apr | May | Jun | Jul | Aug | Sep | Oct | Nov | Dec 
2016: Jan | Feb | Mar | Apr | May | Jun | Jul | Aug | Sep | Oct | Nov | Dec 
2015: Jan | Feb | Mar | Apr | May | Jun | Jul | Aug | Sep | Oct | Nov | Dec 
2014: Jan | Feb | Mar | Apr | May | Jun | Jul | Aug | Sep | Oct | Nov | Dec 
2013: Jan | Feb | Mar | Apr | May | Jun | Jul | Aug | Sep | Oct | Nov | Dec 
2012: Jan | Feb | Mar | Apr | May | Jun | Jul | Aug | Sep | Oct | Nov | Dec 
2011: Jan | Feb | Mar | Apr | May | Jun | Jul | Aug | Sep | Oct | Nov | Dec 
2010: Jan | Feb | Mar | Apr | May | Jun | Jul | Aug | Sep | Oct | Nov | Dec 
2009: Jan | Feb | Mar | Apr | May | Jun | Jul | Aug | Sep | Oct | Nov | Dec 
2008: Jan | Feb | Mar | Apr | May | Jun | Jul | Aug | Sep | Oct | Nov | Dec 
2007: Jan | Feb | Mar | Apr | May | Jun | Jul | Aug | Sep | Oct | Nov | Dec 
2006: Jan | Feb | Mar | Apr | May | Jun | Jul | Aug | Sep | Oct | Nov | Dec 
2005: Jan | Feb | Mar | Apr | May | Jun | Jul | Aug | Sep | Oct | Nov | Dec 
2004: Jan | Feb | Mar | Apr | May | Jun | Jul | Aug | Sep | Oct | Nov | Dec 

Report for 2016
ANNUAL CLIMATOLOGICAL SUMMARY NAME: KCASARAT1 CITY: Saratoga STATE: CA ELEV: 375 ft LAT: 37 16' 28" N LONG: 122 01' 23" W TEMPERATURE (F), HEAT BASE 65.0, COOL BASE 65.0 DEP. HEAT COOL MEAN MEAN FROM DEG DEG MAX MAX MIN MIN YR MO MAX MIN MEAN NORM DAYS DAYS HI DATE LOW DATE >=90 <=32 <=32 <=0 ------------------------------------------------------------------------------------ 16 1 60.5 44.9 51.9 2.4 408 1 69.6 21 30.1 1 0 0 1 0 16 2 71.0 44.2 56.1 5.0 298 41 83.8 16 35.5 3 0 0 0 0 16 3 69.1 46.4 56.4 1.0 297 31 82.0 17 39.2 30 0 0 0 0 16 4 75.7 48.6 60.9 4.9 213 91 96.6 18 41.9 26 3 0 0 0 16 5 78.4 51.6 63.4 3.3 166 116 95.1 31 45.1 22 3 0 0 0 16 6 86.0 54.1 69.0 4.0 93 212 100.7 3 48.6 11 11 0 0 0 16 7 86.6 54.8 69.4 2.1 89 225 98.2 26 50.1 22 10 0 0 0 16 8 85.4 50.8 68.1 0.8 78 175 94.9 13 -79.5 11 10 0 3 1 16 9 81.5 52.5 65.4 -1.1 129 140 98.0 26 35.4 7 6 0 0 0 16 10 72.8 51.1 60.6 0.1 184 49 87.2 8 45.6 5 0 0 0 0 16 11 65.8 45.9 54.6 0.6 329 17 76.3 11 37.5 30 0 0 0 0 16 12 57.5 39.3 47.4 -2.9 545 0 64.7 9 29.5 19 0 0 3 0 ------------------------------------------------------------------------------------ 74.2 48.7 60.3 1.7 2829 1100 100.7 JUN -79.5 AUG 43 0 7 1 PRECIPITATION (in) DEP. MAX DAYS OF RAIN FROM OBS. OVER YR MO TOTAL NORM DAY DATE .01 .1 1 --------------------------------------------- 16 1 6.52 4.92 1.30 5 15 11 3 16 2 1.05 -2.25 0.80 17 4 2 0 16 3 7.73 6.43 2.72 5 13 8 3 16 4 1.31 -0.39 0.41 8 5 4 0 16 5 0.23 -0.27 0.15 6 3 1 0 16 6 0.00 0.00 0.00 1 0 0 0 16 7 0.00 0.00 0.00 1 0 0 0 16 8 0.00 0.00 0.00 1 0 0 0 16 9 0.00 0.00 0.00 1 0 0 0 16 10 2.84 2.84 1.13 16 6 5 1 16 11 1.71 -0.79 0.53 20 7 4 0 16 12 2.66 -6.74 1.63 15 5 4 1 --------------------------------------------- 24.05 3.75 2.72 MAR 58 39 8 WIND SPEED (mph) DOM YR MO AVG. HI DATE DIR --------------------------------- 16 1 0.6 26.0 31 ESE 16 2 0.8 39.0 17 N 16 3 0.8 32.0 5 N 16 4 0.6 24.0 25 N 16 5 0.8 17.0 19 N 16 6 1.0 16.0 11 N 16 7 0.9 18.0 10 N 16 8 1.0 13.0 9 N 16 9 1.5 18.0 30 N 16 10 1.7 29.0 16 N 16 11 1.4 22.0 19 SW 16 12 1.7 34.0 15 SW --------------------------------- 1.1 39.0 FEB N

These reports are produced by WeatherLink V6.0.3.

deformed-offering