deformed-offering

NOAA-style climate reports

2018: Jan | Feb | Mar | Apr | May | Jun | Jul | Aug | Sep | Oct | Nov | Dec 
2017: Jan | Feb | Mar | Apr | May | Jun | Jul | Aug | Sep | Oct | Nov | Dec 
2016: Jan | Feb | Mar | Apr | May | Jun | Jul | Aug | Sep | Oct | Nov | Dec 
2015: Jan | Feb | Mar | Apr | May | Jun | Jul | Aug | Sep | Oct | Nov | Dec 
2014: Jan | Feb | Mar | Apr | May | Jun | Jul | Aug | Sep | Oct | Nov | Dec 
2013: Jan | Feb | Mar | Apr | May | Jun | Jul | Aug | Sep | Oct | Nov | Dec 
2012: Jan | Feb | Mar | Apr | May | Jun | Jul | Aug | Sep | Oct | Nov | Dec 
2011: Jan | Feb | Mar | Apr | May | Jun | Jul | Aug | Sep | Oct | Nov | Dec 
2010: Jan | Feb | Mar | Apr | May | Jun | Jul | Aug | Sep | Oct | Nov | Dec 
2009: Jan | Feb | Mar | Apr | May | Jun | Jul | Aug | Sep | Oct | Nov | Dec 
2008: Jan | Feb | Mar | Apr | May | Jun | Jul | Aug | Sep | Oct | Nov | Dec 
2007: Jan | Feb | Mar | Apr | May | Jun | Jul | Aug | Sep | Oct | Nov | Dec 
2006: Jan | Feb | Mar | Apr | May | Jun | Jul | Aug | Sep | Oct | Nov | Dec 
2005: Jan | Feb | Mar | Apr | May | Jun | Jul | Aug | Sep | Oct | Nov | Dec 
2004: Jan | Feb | Mar | Apr | May | Jun | Jul | Aug | Sep | Oct | Nov | Dec 

Report for 2015 08
MONTHLY CLIMATOLOGICAL SUMMARY for JUL. 2015 NAME: KCASARAT1 CITY: Saratoga STATE: CA ELEV: 375 ft LAT: 37 16' 28" N LONG: 122 01' 23" W TEMPERATURE (F), RAIN (in), WIND SPEED (mph) HEAT COOL AVG MEAN DEG DEG WIND DOM DAY TEMP HIGH TIME LOW TIME DAYS DAYS RAIN SPEED HIGH TIME DIR ------------------------------------------------------------------------------------ 1 78.1 99.9 12:25p 63.1 6:05a 0.2 13.3 0.00 0.4 12.0 1:25p N 2 74.5 90.1 4:00p 64.5 12:00m 0.0 9.5 0.00 0.5 10.0 4:30p N 3 72.6 88.6 12:55p 61.6 5:10a 0.8 8.3 0.00 0.9 12.0 5:55p N 4 72.6 89.7 12:15p 62.3 2:25a 0.7 8.3 0.00 0.7 13.0 2:20p N 5 71.4 88.2 1:05p 60.1 4:10a 1.1 7.5 0.00 1.0 13.0 2:10p N 6 71.3 84.0 1:45p 63.1 6:15a 0.4 6.7 0.00 0.9 12.0 2:40p N 7 69.7 86.5 1:55p 59.9 6:30a 1.2 5.9 0.00 0.7 12.0 2:45p N 8 65.8 78.8 5:50p 56.7 5:05a 2.7 3.5 0.00 0.5 11.0 4:35p N 9 66.2 76.5 2:20p 59.5 5:25a 1.8 3.0 0.00 0.5 11.0 2:40p N 10 67.0 77.9 3:35p 60.4 12:00m 1.4 3.4 0.00 0.5 11.0 5:45p NW 11 67.3 80.3 4:30p 55.4 5:45a 2.8 5.1 0.00 0.8 13.0 5:05p N 12 69.1 81.8 12:45p 58.4 6:35a 1.7 5.8 0.00 1.0 16.0 5:00p N 13 69.9 83.2 1:45p 56.0 6:10a 2.0 6.9 0.00 0.8 12.0 2:35p N 14 68.0 79.9 1:30p 56.7 5:45a 2.4 5.4 0.00 0.9 14.0 2:00p N 15 71.5 92.1 2:45p 53.3 6:30a 2.7 9.1 0.00 0.7 13.0 3:45p NNE 16 71.5 93.4 2:15p 55.9 5:15a 2.2 8.7 0.00 0.7 13.0 4:15p NNE 17 71.1 89.5 2:50p 58.4 4:35a 1.8 7.9 0.00 0.8 11.0 3:20p N 18 71.0 87.6 3:10p 58.1 6:20a 1.7 7.6 0.00 0.8 14.0 3:30p N 19 74.0 94.0 3:25p 61.3 5:25a 0.8 9.9 0.00 0.3 8.0 3:25p N 20 77.6 94.7 11:55a 66.3 5:05a 0.0 12.6 0.00 0.8 13.0 2:05p N 21 71.1 85.3 12:10p 62.7 11:50p 0.6 6.6 0.00 0.8 12.0 1:35p N 22 68.3 84.7 12:25p 57.2 6:50a 2.2 5.5 0.00 0.8 13.0 1:45p N 23 66.0 80.3 12:15p 53.5 6:30a 3.6 4.6 0.00 0.9 14.0 1:15p NNE 24 67.4 84.5 2:35p 50.7 6:20a 4.0 6.4 0.00 0.7 12.0 2:45p N 25 67.1 82.6 1:10p 53.9 6:20a 3.2 5.3 0.00 0.9 13.0 2:05p N 26 70.9 86.3 12:35p 58.1 6:55a 1.5 7.4 0.00 0.8 13.0 2:40p NNE 27 73.6 95.1 2:45p 54.1 6:15a 2.7 11.2 0.00 0.8 14.0 4:45p N 28 78.0 99.9 2:10p 55.9 6:40a 2.0 15.0 0.00 0.7 12.0 2:20p NNE 29 76.9 98.0 3:40p 59.6 6:30a 0.8 12.7 0.00 0.6 11.0 2:25p N 30 73.8 89.5 3:35p 61.8 4:45a 0.5 9.3 0.00 0.7 11.0 1:55p N 31 70.5 83.6 2:45p 62.6 3:40a 0.4 6.0 0.00 0.8 12.0 3:45p N ------------------------------------------------------------------------------------- 71.1 99.9 1 50.7 24 49.9 238.4 0.00 0.7 16.0 12 N Max >= 90.0: 9 Max <= 32.0: 0 Min <= 32.0: 0 Min <= 0.0: 0 Max Rain: 0.00 ON 07/01/15 Days of Rain: 0 (>.01 in) 0 (>.1 in) 0 (>1 in) Heat Base: 65.0 Cool Base: 65.0 Method: Integration

These reports are produced by WeatherLink V6.0.3.

deformed-offering